{"id":82149,"date":"2023-12-14T02:13:09","date_gmt":"2023-12-14T01:13:09","guid":{"rendered":"https:\/\/www.soanam.de\/?post_type=product&#038;p=82149"},"modified":"2023-12-14T02:15:48","modified_gmt":"2023-12-14T01:15:48","slug":"gipsy-ledermantel-seneka-in-cognac-groesse-3xl","status":"publish","type":"product","link":"https:\/\/www.soanam.de\/ru\/produkt\/gipsy-ledermantel-seneka-in-cognac-groesse-3xl\/","title":{"rendered":"\u0426\u044b\u0433\u0430\u043d\u0441\u043a\u043e\u0435 \u043a\u043e\u0436\u0430\u043d\u043e\u0435 \u043f\u0430\u043b\u044c\u0442\u043e Seneka, \u0446\u0432\u0435\u0442 \u043a\u043e\u043d\u044c\u044f\u0447\u043d\u044b\u0439, \u0440\u0430\u0437\u043c\u0435\u0440 3XL"},"content":{"rendered":"<p>Leicht taillierte Lederjacke in angesagter Longform von Gipsy<br \/>\nHochwertiges Lammnappa mit glatter Optik, mit Baumwoll-Innenfutter<br \/>\nFigurbetonender Ledermantel in Biker-Optik mit abnehmbarer Kapuze aus weichem Jersey<br \/>\nKlassischer Reverskragen mit asymmetrischem Rei\u00dfverschluss<\/p>\n<p>Bikerjacke und Ledermantel in einem - das ist Seneka von Gipsy.<br \/>\nDie coolen Features einer Bikerjacke werden um eine smarte Long-Passform erg\u00e4nzt.<br \/>\nDazu z\u00e4hlen der Reverskragen mit Logo verzierten Druckkn\u00f6pfen, der asymmetrische Rei\u00dfverschluss, die Zipper-Taschen sowie die Zipper an den \u00c4rmels\u00e4umen.<br \/>\nInnen ist der Mantel aus Lammnappe aufwendig bedruckt, mit einer Kapuze im Lagen-Look und modischen Steppungen versehen.<\/p>\n<p>Material: Obermaterial: 100% Lammleder. Futter: 100% Baumwolle. \u00c4rmelfutter: 100% Polyester. Kapuze: 55% Polyester, 45% Baumwolle<br \/>\n\u0420\u0435\u043a\u043e\u043c\u0435\u043d\u0434\u0430\u0446\u0438\u0438 \u043f\u043e \u0443\u0445\u043e\u0434\u0443: \u0427\u0438\u0441\u0442\u043a\u0430 \u043a\u043e\u0436\u0438<\/p>\n<p>\u0426\u0432\u0435\u0442: \u043a\u043e\u043d\u044c\u044f\u043a<br \/>\n\u0423\u0437\u043e\u0440: \u0431\u0435\u0437<br \/>\n\u0420\u0430\u0437\u043c\u0435\u0440: 3XL<\/p>\n<p>Schulterbreite: 43 cm<br \/>\n\u0428\u0438\u0440\u0438\u043d\u0430 \u0433\u0440\u0443\u0434\u0438: 120 \u0441\u043c<br \/>\n\u0414\u043b\u0438\u043d\u0430 \u0440\u0443\u043a\u0430\u0432\u0430: 67 \u0441\u043c<br \/>\n\u041e\u0431\u0449\u0430\u044f \u0434\u043b\u0438\u043d\u0430: 93 \u0441\u043c<\/p>","protected":false},"excerpt":{"rendered":"<table class=\"dv_characteristicsTable\">\n<tbody>\n<tr>\n<td class=\"left\">\u0420\u0430\u0437\u043c\u0435\u0440<\/td>\n<td>3XL<\/td>\n<\/tr>\n<tr>\n<td class=\"left\">Gr\u00f6\u00dfentyp<\/td>\n<td>Normalgr\u00f6\u00dfen<\/td>\n<\/tr>\n<tr>\n<td class=\"left\">\u0421\u043e\u0441\u0442\u0430\u0432 \u043c\u0430\u0442\u0435\u0440\u0438\u0430\u043b\u0430<\/td>\n<td>Obermaterial: 100% Lammleder. Futter: 100% Baumwolle. \u00c4rmelfutter: 100% Polyester. Kapuze: 55% Polyester, 45% Baumwolle<\/td>\n<\/tr>\n<tr>\n<td class=\"left\">Materialhinweis<\/td>\n<td>enth\u00e4lt nichttextile Teile tierischen Ursprungs<\/td>\n<\/tr>\n<tr>\n<td class=\"left\">\u0420\u0435\u043a\u043e\u043c\u0435\u043d\u0434\u0430\u0446\u0438\u0438 \u043f\u043e \u0443\u0445\u043e\u0434\u0443<\/td>\n<td>Lederreinigung<\/td>\n<\/tr>\n<tr>\n<td class=\"left\">Stil<\/td>\n<td>modisch<\/td>\n<\/tr>\n<tr>\n<td class=\"left\">\u0426\u0432\u0435\u0442<\/td>\n<td>cognac<\/td>\n<\/tr>\n<tr>\n<td class=\"left\">Kragen<\/td>\n<td>\u0412\u043e\u0440\u043e\u0442\u043d\u0438\u043a \u0441 \u043e\u0442\u0432\u043e\u0440\u043e\u0442\u043e\u043c<\/td>\n<\/tr>\n<tr>\n<td class=\"left\">\u00c4rmel<\/td>\n<td>\u0414\u043b\u0438\u043d\u043d\u044b\u0439 \u0440\u0443\u043a\u0430\u0432<\/td>\n<\/tr>\n<tr>\n<td class=\"left\">\u00c4rmeldetails<\/td>\n<td>\u00c4rmel mit \u00c4rmelschlitz<\/td>\n<\/tr>\n<tr>\n<td class=\"left\">\u00c4rmelabschlussdetails<\/td>\n<td>mit Rei\u00dfverschluss<\/td>\n<\/tr>\n<tr>\n<td class=\"left\">Fit<\/td>\n<td>figurbetont<\/td>\n<\/tr>\n<tr>\n<td class=\"left\">Schnittdetails<\/td>\n<td>Teilungsn\u00e4hte<\/td>\n<\/tr>\n<tr>\n<td class=\"left\">Schnittform L\u00e4nge<\/td>\n<td>lang<\/td>\n<\/tr>\n<tr>\n<td class=\"left\">\u041a\u0430\u043f\u044e\u0448\u043e\u043d<\/td>\n<td>mit Kapuze<\/td>\n<\/tr>\n<tr>\n<td class=\"left\">Kapuzendetails<\/td>\n<td>abnehmbar<\/td>\n<\/tr>\n<tr>\n<td class=\"left\">Kapuzenf\u00fctterung<\/td>\n<td>gef\u00fcttert<\/td>\n<\/tr>\n<tr>\n<td class=\"left\">\u0421\u0443\u043c\u043a\u0438<\/td>\n<td>\u041a\u0430\u0440\u043c\u0430\u043d\u044b \u043d\u0430 \u043c\u043e\u043b\u043d\u0438\u0438<\/td>\n<\/tr>\n<tr>\n<td class=\"left\">Verschluss<\/td>\n<td>\u0417\u0430\u0441\u0442\u0435\u0436\u043a\u0430 \u043d\u0430 \u043c\u043e\u043b\u043d\u0438\u0438<\/td>\n<\/tr>\n<tr>\n<td class=\"left\">Besondere Merkmale<\/td>\n<td>lange Lederjacke mit abzippbarem Kapuzen-Einsatz<\/td>\n<\/tr>\n<\/tbody>\n<\/table>","protected":false},"featured_media":82269,"comment_status":"open","ping_status":"closed","template":"","meta":{"_seopress_robots_primary_cat":"","_seopress_titles_title":"","_seopress_titles_desc":"","_seopress_robots_index":""},"product_brand":[],"product_cat":[1348,1354,1405],"product_tag":[],"class_list":{"0":"post-82149","1":"product","2":"type-product","3":"status-publish","4":"has-post-thumbnail","6":"product_cat-damen-mode","7":"product_cat-jacken-maentel","8":"product_cat-lederjacken-jacken-maentel","9":"product_shipping_class-standard-versand","11":"first","12":"instock","13":"taxable","14":"shipping-taxable","15":"purchasable","16":"product-type-simple"},"_links":{"self":[{"href":"https:\/\/www.soanam.de\/ru\/wp-json\/wp\/v2\/product\/82149","targetHints":{"allow":["GET"]}}],"collection":[{"href":"https:\/\/www.soanam.de\/ru\/wp-json\/wp\/v2\/product"}],"about":[{"href":"https:\/\/www.soanam.de\/ru\/wp-json\/wp\/v2\/types\/product"}],"replies":[{"embeddable":true,"href":"https:\/\/www.soanam.de\/ru\/wp-json\/wp\/v2\/comments?post=82149"}],"wp:featuredmedia":[{"embeddable":true,"href":"https:\/\/www.soanam.de\/ru\/wp-json\/wp\/v2\/media\/82269"}],"wp:attachment":[{"href":"https:\/\/www.soanam.de\/ru\/wp-json\/wp\/v2\/media?parent=82149"}],"wp:term":[{"taxonomy":"product_brand","embeddable":true,"href":"https:\/\/www.soanam.de\/ru\/wp-json\/wp\/v2\/product_brand?post=82149"},{"taxonomy":"product_cat","embeddable":true,"href":"https:\/\/www.soanam.de\/ru\/wp-json\/wp\/v2\/product_cat?post=82149"},{"taxonomy":"product_tag","embeddable":true,"href":"https:\/\/www.soanam.de\/ru\/wp-json\/wp\/v2\/product_tag?post=82149"}],"curies":[{"name":"wp","href":"https:\/\/api.w.org\/{rel}","templated":true}]}}

Цыганское кожаное пальто Seneka, цвет коньячный, размер 3XL

<p>Leicht taillierte Lederjacke in angesagter Longform von Gipsy<br />
Hochwertiges Lammnappa mit glatter Optik, mit Baumwoll-Innenfutter<br />
Figurbetonender Ledermantel in Biker-Optik mit abnehmbarer Kapuze aus weichem Jersey<br />
Klassischer Reverskragen mit asymmetrischem Reißverschluss</p>
<p>Bikerjacke und Ledermantel in einem - das ist Seneka von Gipsy.<br />
Die coolen Features einer Bikerjacke werden um eine smarte Long-Passform ergänzt.<br />
Dazu zählen der Reverskragen mit Logo verzierten Druckknöpfen, der asymmetrische Reißverschluss, die Zipper-Taschen sowie die Zipper an den Ärmelsäumen.<br />
Innen ist der Mantel aus Lammnappe aufwendig bedruckt, mit einer Kapuze im Lagen-Look und modischen Steppungen versehen.</p>
<p>Material: Obermaterial: 100% Lammleder. Futter: 100% Baumwolle. Ärmelfutter: 100% Polyester. Kapuze: 55% Polyester, 45% Baumwolle<br />
Рекомендации по уходу: Чистка кожи</p>
<p>Цвет: коньяк<br />
Узор: без<br />
Размер: 3XL</p>
<p>Schulterbreite: 43 cm<br />
Ширина груди: 120 см<br />
Длина рукава: 67 см<br />
Общая длина: 93 см</p>

<table class="dv_characteristicsTable">
<tbody>
<tr>
<td class="left">Размер</td>
<td>3XL</td>
</tr>
<tr>
<td class="left">Größentyp</td>
<td>Normalgrößen</td>
</tr>
<tr>
<td class="left">Состав материала</td>
<td>Obermaterial: 100% Lammleder. Futter: 100% Baumwolle. Ärmelfutter: 100% Polyester. Kapuze: 55% Polyester, 45% Baumwolle</td>
</tr>
<tr>
<td class="left">Materialhinweis</td>
<td>enthält nichttextile Teile tierischen Ursprungs</td>
</tr>
<tr>
<td class="left">Рекомендации по уходу</td>
<td>Lederreinigung</td>
</tr>
<tr>
<td class="left">Stil</td>
<td>modisch</td>
</tr>
<tr>
<td class="left">Цвет</td>
<td>cognac</td>
</tr>
<tr>
<td class="left">Kragen</td>
<td>Воротник с отворотом</td>
</tr>
<tr>
<td class="left">Ärmel</td>
<td>Длинный рукав</td>
</tr>
<tr>
<td class="left">Ärmeldetails</td>
<td>Ärmel mit Ärmelschlitz</td>
</tr>
<tr>
<td class="left">Ärmelabschlussdetails</td>
<td>mit Reißverschluss</td>
</tr>
<tr>
<td class="left">Fit</td>
<td>figurbetont</td>
</tr>
<tr>
<td class="left">Schnittdetails</td>
<td>Teilungsnähte</td>
</tr>
<tr>
<td class="left">Schnittform Länge</td>
<td>lang</td>
</tr>
<tr>
<td class="left">Капюшон</td>
<td>mit Kapuze</td>
</tr>
<tr>
<td class="left">Kapuzendetails</td>
<td>abnehmbar</td>
</tr>
<tr>
<td class="left">Kapuzenfütterung</td>
<td>gefüttert</td>
</tr>
<tr>
<td class="left">Сумки</td>
<td>Карманы на молнии</td>
</tr>
<tr>
<td class="left">Verschluss</td>
<td>Застежка на молнии</td>
</tr>
<tr>
<td class="left">Besondere Merkmale</td>
<td>lange Lederjacke mit abzippbarem Kapuzen-Einsatz</td>
</tr>
</tbody>
</table>
