{"id":82086,"date":"2023-12-14T02:11:54","date_gmt":"2023-12-14T01:11:54","guid":{"rendered":"https:\/\/www.soanam.de\/?post_type=product&#038;p=82086"},"modified":"2023-12-14T02:14:45","modified_gmt":"2023-12-14T01:14:45","slug":"levis-new-heritage-cord-trucker-jacket-in-sand-groesse-s","status":"publish","type":"product","link":"https:\/\/www.soanam.de\/ru\/produkt\/levis-new-heritage-cord-trucker-jacket-in-sand-groesse-s\/","title":{"rendered":"Levi's New Heritage Cord Trucker Jacket, in Sand, Gr\u00f6\u00dfe S"},"content":{"rendered":"<p>Gef\u00fctterte Cord Jacke von Levi's<br \/>\n2 Brust Taschen.<br \/>\nGef\u00fcttert mit Teddy Fell<br \/>\nZum Kn\u00f6pfen<br \/>\nIn kurzer Form mit \u00fcberschnittenen Schultern<\/p>\n<p>Levi's\u00ae New Heritage Cord Trucker \u2013 eine stylische Cordjacke f\u00fcr Damen mit Kunstpelz, die Sie den ganzen Herbst \u00fcber warm h\u00e4lt.<\/p>\n<p>Material: Obermaterial: 100% Baumwolle, Futter: 100% Polyester<br \/>\n\u0420\u0435\u043a\u043e\u043c\u0435\u043d\u0434\u0430\u0446\u0438\u0438 \u043f\u043e \u0443\u0445\u043e\u0434\u0443: \u041c\u0430\u0448\u0438\u043d\u043d\u0430\u044f \u0441\u0442\u0438\u0440\u043a\u0430<\/p>\n<p>Farbe: sand<br \/>\n\u0423\u0437\u043e\u0440: \u0431\u0435\u0437<br \/>\nGr\u00f6\u00dfe: 3S<\/p>\n<p>\u0428\u0438\u0440\u0438\u043d\u0430 \u043f\u043b\u0435\u0447: 54 \u0441\u043c<br \/>\n\u0428\u0438\u0440\u0438\u043d\u0430 \u0433\u0440\u0443\u0434\u0438: 118 \u0441\u043c<br \/>\n\u0414\u043b\u0438\u043d\u0430 \u0440\u0443\u043a\u0430\u0432\u0430: 54 \u0441\u043c<br \/>\n\u041e\u0431\u0449\u0430\u044f \u0434\u043b\u0438\u043d\u0430: 54 \u0441\u043c<\/p>","protected":false},"excerpt":{"rendered":"<table class=\"dv_characteristicsTable\">\n<tbody>\n<tr>\n<td class=\"left\">\u0420\u0430\u0437\u043c\u0435\u0440<\/td>\n<td>S<\/td>\n<\/tr>\n<tr>\n<td class=\"left\">Gr\u00f6\u00dfentyp<\/td>\n<td>Normalgr\u00f6\u00dfen<\/td>\n<\/tr>\n<tr>\n<td class=\"left\">\u0421\u043e\u0441\u0442\u0430\u0432 \u043c\u0430\u0442\u0435\u0440\u0438\u0430\u043b\u0430<\/td>\n<td>100% Baumwolle, Futter: 100% Polyester<\/td>\n<\/tr>\n<tr>\n<td class=\"left\">Materialeigenschaften<\/td>\n<td>w\u00e4rmend, robust<\/td>\n<\/tr>\n<tr>\n<td class=\"left\">\u0420\u0435\u043a\u043e\u043c\u0435\u043d\u0434\u0430\u0446\u0438\u0438 \u043f\u043e \u0443\u0445\u043e\u0434\u0443<\/td>\n<td>\u041c\u0430\u0448\u0438\u043d\u043d\u0430\u044f \u0441\u0442\u0438\u0440\u043a\u0430<\/td>\n<\/tr>\n<tr>\n<td class=\"left\">Stil<\/td>\n<td>sportlich<\/td>\n<\/tr>\n<tr>\n<td class=\"left\">\u0426\u0432\u0435\u0442<\/td>\n<td>sand<\/td>\n<\/tr>\n<tr>\n<td class=\"left\">Kragen<\/td>\n<td>Hemdkragen<\/td>\n<\/tr>\n<tr>\n<td class=\"left\">\u00c4rmel<\/td>\n<td>\u0414\u043b\u0438\u043d\u043d\u044b\u0439 \u0440\u0443\u043a\u0430\u0432<\/td>\n<\/tr>\n<tr>\n<td class=\"left\">Fit<\/td>\n<td>figurumspielend<\/td>\n<\/tr>\n<tr>\n<td class=\"left\">Schnittform L\u00e4nge<\/td>\n<td>kurz<\/td>\n<\/tr>\n<tr>\n<td class=\"left\">\u041a\u0430\u043f\u044e\u0448\u043e\u043d<\/td>\n<td>ohne Kapuze<\/td>\n<\/tr>\n<tr>\n<td class=\"left\">\u043f\u043e\u0434\u0440\u043e\u0431\u043d\u043e\u0441\u0442\u0438<\/td>\n<td>Fellimitat, Weite regulierbar<\/td>\n<\/tr>\n<tr>\n<td class=\"left\">Applikationen<\/td>\n<td>\u0424\u0438\u0440\u043c\u0435\u043d\u043d\u044b\u0439 \u043b\u043e\u0433\u043e\u0442\u0438\u043f<\/td>\n<\/tr>\n<tr>\n<td class=\"left\">\u0421\u0443\u043c\u043a\u0438<\/td>\n<td>\u041d\u0430\u0433\u0440\u0443\u0434\u043d\u044b\u0435 \u043a\u0430\u0440\u043c\u0430\u043d\u044b<\/td>\n<\/tr>\n<tr>\n<td class=\"left\">Verschluss<\/td>\n<td>Druckkn\u00f6pfe<\/td>\n<\/tr>\n<tr>\n<td class=\"left\"><\/td>\n<td><\/td>\n<\/tr>\n<\/tbody>\n<\/table>","protected":false},"featured_media":82219,"comment_status":"open","ping_status":"closed","template":"","meta":{"_seopress_robots_primary_cat":"","_seopress_titles_title":"","_seopress_titles_desc":"","_seopress_robots_index":""},"product_brand":[],"product_cat":[1348,1354,1375],"product_tag":[],"class_list":{"0":"post-82086","1":"product","2":"type-product","3":"status-publish","4":"has-post-thumbnail","6":"product_cat-damen-mode","7":"product_cat-jacken-maentel","8":"product_cat-winterjacken","9":"product_shipping_class-standard-versand","11":"first","12":"instock","13":"taxable","14":"shipping-taxable","15":"purchasable","16":"product-type-simple"},"_links":{"self":[{"href":"https:\/\/www.soanam.de\/ru\/wp-json\/wp\/v2\/product\/82086","targetHints":{"allow":["GET"]}}],"collection":[{"href":"https:\/\/www.soanam.de\/ru\/wp-json\/wp\/v2\/product"}],"about":[{"href":"https:\/\/www.soanam.de\/ru\/wp-json\/wp\/v2\/types\/product"}],"replies":[{"embeddable":true,"href":"https:\/\/www.soanam.de\/ru\/wp-json\/wp\/v2\/comments?post=82086"}],"wp:featuredmedia":[{"embeddable":true,"href":"https:\/\/www.soanam.de\/ru\/wp-json\/wp\/v2\/media\/82219"}],"wp:attachment":[{"href":"https:\/\/www.soanam.de\/ru\/wp-json\/wp\/v2\/media?parent=82086"}],"wp:term":[{"taxonomy":"product_brand","embeddable":true,"href":"https:\/\/www.soanam.de\/ru\/wp-json\/wp\/v2\/product_brand?post=82086"},{"taxonomy":"product_cat","embeddable":true,"href":"https:\/\/www.soanam.de\/ru\/wp-json\/wp\/v2\/product_cat?post=82086"},{"taxonomy":"product_tag","embeddable":true,"href":"https:\/\/www.soanam.de\/ru\/wp-json\/wp\/v2\/product_tag?post=82086"}],"curies":[{"name":"wp","href":"https:\/\/api.w.org\/{rel}","templated":true}]}}

Levi's New Heritage Cord Trucker Jacket, in Sand, Größe S

<p>Gefütterte Cord Jacke von Levi's<br />
2 Brust Taschen.<br />
Gefüttert mit Teddy Fell<br />
Zum Knöpfen<br />
In kurzer Form mit überschnittenen Schultern</p>
<p>Levi's® New Heritage Cord Trucker – eine stylische Cordjacke für Damen mit Kunstpelz, die Sie den ganzen Herbst über warm hält.</p>
<p>Material: Obermaterial: 100% Baumwolle, Futter: 100% Polyester<br />
Рекомендации по уходу: Машинная стирка</p>
<p>Farbe: sand<br />
Узор: без<br />
Größe: 3S</p>
<p>Ширина плеч: 54 см<br />
Ширина груди: 118 см<br />
Длина рукава: 54 см<br />
Общая длина: 54 см</p>

<table class="dv_characteristicsTable">
<tbody>
<tr>
<td class="left">Размер</td>
<td>S</td>
</tr>
<tr>
<td class="left">Größentyp</td>
<td>Normalgrößen</td>
</tr>
<tr>
<td class="left">Состав материала</td>
<td>100% Baumwolle, Futter: 100% Polyester</td>
</tr>
<tr>
<td class="left">Materialeigenschaften</td>
<td>wärmend, robust</td>
</tr>
<tr>
<td class="left">Рекомендации по уходу</td>
<td>Машинная стирка</td>
</tr>
<tr>
<td class="left">Stil</td>
<td>sportlich</td>
</tr>
<tr>
<td class="left">Цвет</td>
<td>sand</td>
</tr>
<tr>
<td class="left">Kragen</td>
<td>Hemdkragen</td>
</tr>
<tr>
<td class="left">Ärmel</td>
<td>Длинный рукав</td>
</tr>
<tr>
<td class="left">Fit</td>
<td>figurumspielend</td>
</tr>
<tr>
<td class="left">Schnittform Länge</td>
<td>kurz</td>
</tr>
<tr>
<td class="left">Капюшон</td>
<td>ohne Kapuze</td>
</tr>
<tr>
<td class="left">подробности</td>
<td>Fellimitat, Weite regulierbar</td>
</tr>
<tr>
<td class="left">Applikationen</td>
<td>Фирменный логотип</td>
</tr>
<tr>
<td class="left">Сумки</td>
<td>Нагрудные карманы</td>
</tr>
<tr>
<td class="left">Verschluss</td>
<td>Druckknöpfe</td>
</tr>
<tr>
<td class="left"></td>
<td></td>
</tr>
</tbody>
</table>
