{"id":82083,"date":"2023-12-14T02:11:53","date_gmt":"2023-12-14T01:11:53","guid":{"rendered":"https:\/\/www.soanam.de\/?post_type=product&#038;p=82083"},"modified":"2023-12-14T02:14:21","modified_gmt":"2023-12-14T01:14:21","slug":"%d0%bf%d0%b0%d1%80%d0%ba%d0%b0-boysens-%d0%b8%d0%b7-%d0%bf%d1%80%d0%be%d1%87%d0%bd%d0%be%d0%b3%d0%be-%d1%85%d0%bb%d0%be%d0%bf%d0%ba%d0%b0-%d0%b2-%d1%87%d0%b5%d1%80%d0%bd%d0%be%d0%bc-%d1%86%d0%b2%d0%b5","status":"publish","type":"product","link":"https:\/\/www.soanam.de\/ru\/produkt\/boysens-parka-aus-robuster-canvas-baumwolle-in-schwarz-groesse-36\/","title":{"rendered":"Boysen's Parka aus robuster Canvas-Baumwolle, in Schwarz, Gr\u00f6\u00dfe 36"},"content":{"rendered":"<p>Canvas Parka von Boysen's<br \/>\nAufwendig ausgestattet mit praktischen Details und vielen Taschen.<br \/>\nAbnehmbare Kapuze mit Fellimitatkragen und Kordelzug.<br \/>\nVerdeckter Rei\u00dfverschluss plus Druckknopfleiste.<br \/>\nTaillen- Tunnelzug innen.<br \/>\n\u041e\u0431\u0442\u044f\u0433\u0438\u0432\u0430\u044e\u0449\u0430\u044f \u0444\u0438\u0433\u0443\u0440\u0430<\/p>\n<p>Kuschelig warm wattierter Parka mit verdecktem Rei\u00dfverschluss und zus\u00e4tzlicher Druckknopfleiste.<br \/>\nWeiterhin bietet er einen hochverschlie\u00dfbaren Kragen, eine abkn\u00f6pfbare Kapuze, die verstellbar ist und mit Fellimitat versehen.<br \/>\nZwei seitliche Pattentaschen, zwei Eingrifftaschen auf Taillenh\u00f6he u. eine Rei\u00dfverschlusstasche auf der Brust sowie eine Rei\u00dfverschlu\u00dftasche oben auf dem linken \u00c4rmel sowie eine Innentasche vervollst\u00e4ndigen die stylische Outdoorjacke.<\/p>\n<p>Material: Canvas: 100% Baumwolle, Futter: 100% Polyester, Webpelzkragen: 80% Polyacryl + 20% Polyester<br \/>\n\u0420\u0435\u043a\u043e\u043c\u0435\u043d\u0434\u0430\u0446\u0438\u0438 \u043f\u043e \u0443\u0445\u043e\u0434\u0443: \u041c\u0430\u0448\u0438\u043d\u043d\u0430\u044f \u0441\u0442\u0438\u0440\u043a\u0430<\/p>\n<p>\u0426\u0432\u0435\u0442: \u0447\u0435\u0440\u043d\u044b\u0439<br \/>\n\u0423\u0437\u043e\u0440: \u0431\u0435\u0437<br \/>\n\u0420\u0430\u0437\u043c\u0435\u0440: 36<\/p>\n<p>Schulterbreite: 43 cm<br \/>\n\u0428\u0438\u0440\u0438\u043d\u0430 \u0433\u0440\u0443\u0434\u0438: 104 \u0441\u043c<br \/>\n\u0414\u043b\u0438\u043d\u0430 \u0440\u0443\u043a\u0430\u0432\u0430: 62 \u0441\u043c<br \/>\n\u041e\u0431\u0449\u0430\u044f \u0434\u043b\u0438\u043d\u0430: 84 \u0441\u043c<\/p>\n<p>&nbsp;<\/p>\n<p>\u042d\u0442\u043e\u0442 \u043d\u043e\u0432\u044b\u0439 \u0442\u043e\u0432\u0430\u0440 \u044f\u0432\u043b\u044f\u0435\u0442\u0441\u044f \u0432\u043e\u0437\u0432\u0440\u0430\u0449\u0435\u043d\u043d\u044b\u043c \u043f\u043e\u043a\u0443\u043f\u0430\u0442\u0435\u043b\u0435\u043c \u0431\u0435\u0437 \u044d\u0442\u0438\u043a\u0435\u0442\u043a\u0438.<\/p>","protected":false},"excerpt":{"rendered":"<table class=\"dv_characteristicsTable\">\n<tbody>\n<tr>\n<td class=\"left\">\u0420\u0430\u0437\u043c\u0435\u0440<\/td>\n<td>36<\/td>\n<\/tr>\n<tr>\n<td class=\"left\">Gr\u00f6\u00dfentyp<\/td>\n<td>Normalgr\u00f6\u00dfen<\/td>\n<\/tr>\n<tr>\n<td class=\"left\">\u0421\u043e\u0441\u0442\u0430\u0432 \u043c\u0430\u0442\u0435\u0440\u0438\u0430\u043b\u0430<\/td>\n<td>Canvas: 100% Baumwolle, Futter: 100% Polyester, Webpelzkragen: 80% Polyacryl + 20% Polyester<\/td>\n<\/tr>\n<tr>\n<td class=\"left\">Materialeigenschaften<\/td>\n<td>w\u00e4rmend, robust<\/td>\n<\/tr>\n<tr>\n<td class=\"left\">\u0420\u0435\u043a\u043e\u043c\u0435\u043d\u0434\u0430\u0446\u0438\u0438 \u043f\u043e \u0443\u0445\u043e\u0434\u0443<\/td>\n<td>\u041c\u0430\u0448\u0438\u043d\u043d\u0430\u044f \u0441\u0442\u0438\u0440\u043a\u0430<\/td>\n<\/tr>\n<tr>\n<td class=\"left\">Stil<\/td>\n<td>sportlich<\/td>\n<\/tr>\n<tr>\n<td class=\"left\">\u0426\u0432\u0435\u0442<\/td>\n<td>schwarz<\/td>\n<\/tr>\n<tr>\n<td class=\"left\">Kragen<\/td>\n<td>hochschlie\u00dfender Kragen<\/td>\n<\/tr>\n<tr>\n<td class=\"left\">\u00c4rmel<\/td>\n<td>\u0414\u043b\u0438\u043d\u043d\u044b\u0439 \u0440\u0443\u043a\u0430\u0432<\/td>\n<\/tr>\n<tr>\n<td class=\"left\">Fit<\/td>\n<td>figurumspielend<\/td>\n<\/tr>\n<tr>\n<td class=\"left\">Schnittform L\u00e4nge<\/td>\n<td>kniefrei<\/td>\n<\/tr>\n<tr>\n<td class=\"left\">\u041a\u0430\u043f\u044e\u0448\u043e\u043d<\/td>\n<td>mit Kapuze<\/td>\n<\/tr>\n<tr>\n<td class=\"left\">Kapuzendetails<\/td>\n<td>abnehmbar, abnehmbares Fellimitat, Weite regulierbar<\/td>\n<\/tr>\n<tr>\n<td class=\"left\">Applikationen<\/td>\n<td>nein<\/td>\n<\/tr>\n<tr>\n<td class=\"left\">\u0421\u0443\u043c\u043a\u0438<\/td>\n<td>\u041a\u0430\u0440\u043c\u0430\u043d\u044b \u043d\u0430 \u043c\u043e\u043b\u043d\u0438\u0438<\/td>\n<\/tr>\n<tr>\n<td class=\"left\">Verschluss<\/td>\n<td>\u0417\u0430\u0441\u0442\u0435\u0436\u043a\u0430 \u043d\u0430 \u043c\u043e\u043b\u043d\u0438\u0438<\/td>\n<\/tr>\n<tr>\n<td class=\"left\">Verschlussdetails<\/td>\n<td>mit Windschutzblende, verdeckt<\/td>\n<\/tr>\n<\/tbody>\n<\/table>","protected":false},"featured_media":82202,"comment_status":"open","ping_status":"closed","template":"","meta":{"_seopress_robots_primary_cat":"","_seopress_titles_title":"","_seopress_titles_desc":"","_seopress_robots_index":""},"product_brand":[],"product_cat":[1348,1354,1375,1440],"product_tag":[],"class_list":{"0":"post-82083","1":"product","2":"type-product","3":"status-publish","4":"has-post-thumbnail","6":"product_cat-damen-mode","7":"product_cat-jacken-maentel","8":"product_cat-winterjacken","9":"product_cat-parkas-winterjacken","10":"product_shipping_class-standard-versand","12":"first","13":"instock","14":"sale","15":"taxable","16":"shipping-taxable","17":"purchasable","18":"product-type-simple"},"_links":{"self":[{"href":"https:\/\/www.soanam.de\/ru\/wp-json\/wp\/v2\/product\/82083","targetHints":{"allow":["GET"]}}],"collection":[{"href":"https:\/\/www.soanam.de\/ru\/wp-json\/wp\/v2\/product"}],"about":[{"href":"https:\/\/www.soanam.de\/ru\/wp-json\/wp\/v2\/types\/product"}],"replies":[{"embeddable":true,"href":"https:\/\/www.soanam.de\/ru\/wp-json\/wp\/v2\/comments?post=82083"}],"wp:featuredmedia":[{"embeddable":true,"href":"https:\/\/www.soanam.de\/ru\/wp-json\/wp\/v2\/media\/82202"}],"wp:attachment":[{"href":"https:\/\/www.soanam.de\/ru\/wp-json\/wp\/v2\/media?parent=82083"}],"wp:term":[{"taxonomy":"product_brand","embeddable":true,"href":"https:\/\/www.soanam.de\/ru\/wp-json\/wp\/v2\/product_brand?post=82083"},{"taxonomy":"product_cat","embeddable":true,"href":"https:\/\/www.soanam.de\/ru\/wp-json\/wp\/v2\/product_cat?post=82083"},{"taxonomy":"product_tag","embeddable":true,"href":"https:\/\/www.soanam.de\/ru\/wp-json\/wp\/v2\/product_tag?post=82083"}],"curies":[{"name":"wp","href":"https:\/\/api.w.org\/{rel}","templated":true}]}}

Boysen's Parka aus robuster Canvas-Baumwolle, in Schwarz, Größe 36

<p>Canvas Parka von Boysen's<br />
Aufwendig ausgestattet mit praktischen Details und vielen Taschen.<br />
Abnehmbare Kapuze mit Fellimitatkragen und Kordelzug.<br />
Verdeckter Reißverschluss plus Druckknopfleiste.<br />
Taillen- Tunnelzug innen.<br />
Обтягивающая фигура</p>
<p>Kuschelig warm wattierter Parka mit verdecktem Reißverschluss und zusätzlicher Druckknopfleiste.<br />
Weiterhin bietet er einen hochverschließbaren Kragen, eine abknöpfbare Kapuze, die verstellbar ist und mit Fellimitat versehen.<br />
Zwei seitliche Pattentaschen, zwei Eingrifftaschen auf Taillenhöhe u. eine Reißverschlusstasche auf der Brust sowie eine Reißverschlußtasche oben auf dem linken Ärmel sowie eine Innentasche vervollständigen die stylische Outdoorjacke.</p>
<p>Material: Canvas: 100% Baumwolle, Futter: 100% Polyester, Webpelzkragen: 80% Polyacryl + 20% Polyester<br />
Рекомендации по уходу: Машинная стирка</p>
<p>Цвет: черный<br />
Узор: без<br />
Размер: 36</p>
<p>Schulterbreite: 43 cm<br />
Ширина груди: 104 см<br />
Длина рукава: 62 см<br />
Общая длина: 84 см</p>
<p>&nbsp;</p>
<p>Этот новый товар является возвращенным покупателем без этикетки.</p>

<table class="dv_characteristicsTable">
<tbody>
<tr>
<td class="left">Размер</td>
<td>36</td>
</tr>
<tr>
<td class="left">Größentyp</td>
<td>Normalgrößen</td>
</tr>
<tr>
<td class="left">Состав материала</td>
<td>Canvas: 100% Baumwolle, Futter: 100% Polyester, Webpelzkragen: 80% Polyacryl + 20% Polyester</td>
</tr>
<tr>
<td class="left">Materialeigenschaften</td>
<td>wärmend, robust</td>
</tr>
<tr>
<td class="left">Рекомендации по уходу</td>
<td>Машинная стирка</td>
</tr>
<tr>
<td class="left">Stil</td>
<td>sportlich</td>
</tr>
<tr>
<td class="left">Цвет</td>
<td>schwarz</td>
</tr>
<tr>
<td class="left">Kragen</td>
<td>hochschließender Kragen</td>
</tr>
<tr>
<td class="left">Ärmel</td>
<td>Длинный рукав</td>
</tr>
<tr>
<td class="left">Fit</td>
<td>figurumspielend</td>
</tr>
<tr>
<td class="left">Schnittform Länge</td>
<td>kniefrei</td>
</tr>
<tr>
<td class="left">Капюшон</td>
<td>mit Kapuze</td>
</tr>
<tr>
<td class="left">Kapuzendetails</td>
<td>abnehmbar, abnehmbares Fellimitat, Weite regulierbar</td>
</tr>
<tr>
<td class="left">Applikationen</td>
<td>nein</td>
</tr>
<tr>
<td class="left">Сумки</td>
<td>Карманы на молнии</td>
</tr>
<tr>
<td class="left">Verschluss</td>
<td>Застежка на молнии</td>
</tr>
<tr>
<td class="left">Verschlussdetails</td>
<td>mit Windschutzblende, verdeckt</td>
</tr>
</tbody>
</table>
