{"id":82045,"date":"2023-12-14T02:11:04","date_gmt":"2023-12-14T01:11:04","guid":{"rendered":"https:\/\/www.soanam.de\/?post_type=product&#038;p=82045"},"modified":"2023-12-14T02:13:28","modified_gmt":"2023-12-14T01:13:28","slug":"jack-jones-winterjacke-jordarren-puffer-jacket-in-forest-night-groesse-176","status":"publish","type":"product","link":"https:\/\/www.soanam.de\/ru\/produkt\/jack-jones-winterjacke-jordarren-puffer-jacket-in-forest-night-groesse-176\/","title":{"rendered":"JACK &#038; JONES Winterjacke JORDARREN PUFFER JACKET, in Forest Night, Gr\u00f6\u00dfe 176"},"content":{"rendered":"<p>Puffer Jacket von Jack &amp; Jones<br \/>\nOhne Kapuze<br \/>\nRei\u00dfverschluss und Druckkn\u00f6pfe vorne<br \/>\nPattentaschen, Brusttasche und Seitentaschen<br \/>\nWasserabweisend und Windgesch\u00fctzt<\/p>\n<p>Wattierte, trageangenehme Puffer Jacket von Jack &amp; Jones mit Stehkragen, Pattentaschen, Brusttasche und Seitentaschen.<br \/>\nVorn ist die Jacke durch einen Rei\u00dfverschluss mit breiter Blende zu schlie\u00dfen.<br \/>\nElastische \u00c4rmelenden und ein Markenlogo auf dem \u00c4rmel vervollst\u00e4ndigen die Optik..<\/p>\n<p>\u041c\u0430\u0442\u0435\u0440\u0438\u0430\u043b: 100 % \u043f\u043e\u043b\u0438\u044d\u0441\u0442\u0435\u0440<br \/>\n\u0420\u0435\u043a\u043e\u043c\u0435\u043d\u0434\u0430\u0446\u0438\u0438 \u043f\u043e \u0443\u0445\u043e\u0434\u0443: \u041c\u0430\u0448\u0438\u043d\u043d\u0430\u044f \u0441\u0442\u0438\u0440\u043a\u0430<\/p>\n<p>\u0426\u0432\u0435\u0442: \u0437\u0435\u043b\u0435\u043d\u044b\u0439<br \/>\n\u0423\u0437\u043e\u0440: \u0431\u0435\u0437<br \/>\nGr\u00f6\u00dfe:164<\/p>\n<p>\u0428\u0438\u0440\u0438\u043d\u0430 \u043f\u043b\u0435\u0447: 42 \u0441\u043c<br \/>\n\u0428\u0438\u0440\u0438\u043d\u0430 \u0433\u0440\u0443\u0434\u0438: 105 \u0441\u043c<br \/>\n\u0414\u043b\u0438\u043d\u0430 \u0440\u0443\u043a\u0430\u0432\u0430: 66 \u0441\u043c<br \/>\n\u041e\u0431\u0449\u0430\u044f \u0434\u043b\u0438\u043d\u0430: 73 \u0441\u043c<\/p>\n<p>&nbsp;<\/p>\n<p>Es handelt sich bei diesem neuen Artikel um einen Kundenr\u00fcckl\u00e4ufer mit Etikett aber leider ohne Kapuze.<\/p>","protected":false},"excerpt":{"rendered":"<table class=\"dv_characteristicsTable\">\n<tbody>\n<tr>\n<td class=\"left\">\u0420\u0430\u0437\u043c\u0435\u0440<\/td>\n<td>176<\/td>\n<\/tr>\n<tr>\n<td class=\"left\">Gr\u00f6\u00dfentyp<\/td>\n<td>Normalgr\u00f6\u00dfen<\/td>\n<\/tr>\n<tr>\n<td class=\"left\">\u0421\u043e\u0441\u0442\u0430\u0432 \u043c\u0430\u0442\u0435\u0440\u0438\u0430\u043b\u0430<\/td>\n<td>100% \u041f\u043e\u043b\u0438\u044d\u0441\u0442\u0435\u0440<\/td>\n<\/tr>\n<tr>\n<td class=\"left\">Materialart Innenfutter<\/td>\n<td>\u041f\u043e\u043b\u0438\u044d\u0441\u0442\u0435\u0440<\/td>\n<\/tr>\n<tr>\n<td class=\"left\">Materialeigenschaften<\/td>\n<td>nicht elastisch<\/td>\n<\/tr>\n<tr>\n<td class=\"left\">\u0420\u0435\u043a\u043e\u043c\u0435\u043d\u0434\u0430\u0446\u0438\u0438 \u043f\u043e \u0443\u0445\u043e\u0434\u0443<\/td>\n<td>\u041c\u0430\u0448\u0438\u043d\u043d\u0430\u044f \u0441\u0442\u0438\u0440\u043a\u0430<\/td>\n<\/tr>\n<tr>\n<td class=\"left\">Optik<\/td>\n<td>unifarben<\/td>\n<\/tr>\n<tr>\n<td class=\"left\">Stil<\/td>\n<td>modisch<\/td>\n<\/tr>\n<tr>\n<td class=\"left\">\u0426\u0432\u0435\u0442<\/td>\n<td>forest night<\/td>\n<\/tr>\n<tr>\n<td class=\"left\">\u00c4rmel<\/td>\n<td>\u0414\u043b\u0438\u043d\u043d\u044b\u0439 \u0440\u0443\u043a\u0430\u0432<\/td>\n<\/tr>\n<tr>\n<td class=\"left\">\u00c4rmelabschluss<\/td>\n<td>mit Gummizug<\/td>\n<\/tr>\n<tr>\n<td class=\"left\">Fit<\/td>\n<td>locker<\/td>\n<\/tr>\n<tr>\n<td class=\"left\">Herstellerpassform<\/td>\n<td>regular fit<\/td>\n<\/tr>\n<tr>\n<td class=\"left\">\u0421\u0443\u043c\u043a\u0438<\/td>\n<td>Pattentaschen, Brusttasche, Seitentaschen<\/td>\n<\/tr>\n<tr>\n<td class=\"left\">Verschluss<\/td>\n<td>Rei\u00dfverschluss und Druckkn\u00f6pfe<\/td>\n<\/tr>\n<tr>\n<td class=\"left\"><\/td>\n<td><\/td>\n<\/tr>\n<tr>\n<td class=\"left\"><\/td>\n<td><\/td>\n<\/tr>\n<\/tbody>\n<\/table>","protected":false},"featured_media":82160,"comment_status":"open","ping_status":"closed","template":"","meta":{"_seopress_robots_primary_cat":"","_seopress_titles_title":"","_seopress_titles_desc":"","_seopress_robots_index":""},"product_brand":[],"product_cat":[1351,1390,1391,1646],"product_tag":[],"class_list":{"0":"post-82045","1":"product","2":"type-product","3":"status-publish","4":"has-post-thumbnail","6":"product_cat-kindermode","7":"product_cat-jacken-maentel-kindermode","8":"product_cat-winterjacken-jacken-maentel-kindermode","9":"product_cat-pufferjacken-winterjacken-jacken-maentel-kindermode","10":"product_shipping_class-standard-versand","12":"first","13":"instock","14":"sale","15":"taxable","16":"shipping-taxable","17":"purchasable","18":"product-type-simple"},"_links":{"self":[{"href":"https:\/\/www.soanam.de\/ru\/wp-json\/wp\/v2\/product\/82045","targetHints":{"allow":["GET"]}}],"collection":[{"href":"https:\/\/www.soanam.de\/ru\/wp-json\/wp\/v2\/product"}],"about":[{"href":"https:\/\/www.soanam.de\/ru\/wp-json\/wp\/v2\/types\/product"}],"replies":[{"embeddable":true,"href":"https:\/\/www.soanam.de\/ru\/wp-json\/wp\/v2\/comments?post=82045"}],"wp:featuredmedia":[{"embeddable":true,"href":"https:\/\/www.soanam.de\/ru\/wp-json\/wp\/v2\/media\/82160"}],"wp:attachment":[{"href":"https:\/\/www.soanam.de\/ru\/wp-json\/wp\/v2\/media?parent=82045"}],"wp:term":[{"taxonomy":"product_brand","embeddable":true,"href":"https:\/\/www.soanam.de\/ru\/wp-json\/wp\/v2\/product_brand?post=82045"},{"taxonomy":"product_cat","embeddable":true,"href":"https:\/\/www.soanam.de\/ru\/wp-json\/wp\/v2\/product_cat?post=82045"},{"taxonomy":"product_tag","embeddable":true,"href":"https:\/\/www.soanam.de\/ru\/wp-json\/wp\/v2\/product_tag?post=82045"}],"curies":[{"name":"wp","href":"https:\/\/api.w.org\/{rel}","templated":true}]}}

JACK &#038; JONES Winterjacke JORDARREN PUFFER JACKET, in Forest Night, Größe 176

<p>Puffer Jacket von Jack &amp; Jones<br />
Ohne Kapuze<br />
Reißverschluss und Druckknöpfe vorne<br />
Pattentaschen, Brusttasche und Seitentaschen<br />
Wasserabweisend und Windgeschützt</p>
<p>Wattierte, trageangenehme Puffer Jacket von Jack &amp; Jones mit Stehkragen, Pattentaschen, Brusttasche und Seitentaschen.<br />
Vorn ist die Jacke durch einen Reißverschluss mit breiter Blende zu schließen.<br />
Elastische Ärmelenden und ein Markenlogo auf dem Ärmel vervollständigen die Optik..</p>
<p>Материал: 100 % полиэстер<br />
Рекомендации по уходу: Машинная стирка</p>
<p>Цвет: зеленый<br />
Узор: без<br />
Größe:164</p>
<p>Ширина плеч: 42 см<br />
Ширина груди: 105 см<br />
Длина рукава: 66 см<br />
Общая длина: 73 см</p>
<p>&nbsp;</p>
<p>Es handelt sich bei diesem neuen Artikel um einen Kundenrückläufer mit Etikett aber leider ohne Kapuze.</p>

<table class="dv_characteristicsTable">
<tbody>
<tr>
<td class="left">Размер</td>
<td>176</td>
</tr>
<tr>
<td class="left">Größentyp</td>
<td>Normalgrößen</td>
</tr>
<tr>
<td class="left">Состав материала</td>
<td>100% Полиэстер</td>
</tr>
<tr>
<td class="left">Materialart Innenfutter</td>
<td>Полиэстер</td>
</tr>
<tr>
<td class="left">Materialeigenschaften</td>
<td>nicht elastisch</td>
</tr>
<tr>
<td class="left">Рекомендации по уходу</td>
<td>Машинная стирка</td>
</tr>
<tr>
<td class="left">Optik</td>
<td>unifarben</td>
</tr>
<tr>
<td class="left">Stil</td>
<td>modisch</td>
</tr>
<tr>
<td class="left">Цвет</td>
<td>forest night</td>
</tr>
<tr>
<td class="left">Ärmel</td>
<td>Длинный рукав</td>
</tr>
<tr>
<td class="left">Ärmelabschluss</td>
<td>mit Gummizug</td>
</tr>
<tr>
<td class="left">Fit</td>
<td>locker</td>
</tr>
<tr>
<td class="left">Herstellerpassform</td>
<td>regular fit</td>
</tr>
<tr>
<td class="left">Сумки</td>
<td>Pattentaschen, Brusttasche, Seitentaschen</td>
</tr>
<tr>
<td class="left">Verschluss</td>
<td>Reißverschluss und Druckknöpfe</td>
</tr>
<tr>
<td class="left"></td>
<td></td>
</tr>
<tr>
<td class="left"></td>
<td></td>
</tr>
</tbody>
</table>
