{"id":82017,"date":"2023-12-14T02:10:33","date_gmt":"2023-12-14T01:10:33","guid":{"rendered":"https:\/\/www.soanam.de\/?post_type=product&#038;p=82017"},"modified":"2023-12-14T02:12:33","modified_gmt":"2023-12-14T01:12:33","slug":"ocean-sportswear-softshelljacke-in-schwarz-groesse-50","status":"publish","type":"product","link":"https:\/\/www.soanam.de\/ru\/produkt\/ocean-sportswear-softshelljacke-in-schwarz-groesse-50\/","title":{"rendered":"Ocean Sportswear Softshelljacke, in Schwarz, Gr\u00f6\u00dfe 50"},"content":{"rendered":"<p>Funktionale Softshelljacke von Ocean Sportswear<br \/>\nInnenseite aus kuscheligem, w\u00e4rmendem Fleece<br \/>\nProduziert mit Bionic Finish Eco von Rudolf Chemie \u2013 (PFC-Free)<br \/>\nFunktion: 3.000mm Wassers\u00e4ule: Wind- &amp; wasserabweisend, atmungsaktiv<br \/>\n\u00c4rmelsaum, Kapuze und Saum in der Weite verstellbar<\/p>\n<p>Die Softshelljacke von Ocean ist funktional und citytauglich.<br \/>\nWer m\u00f6chte nicht von einem w\u00e4rmenden Fleecefutter an k\u00fchlen Tagen verw\u00f6hnt werden?<br \/>\nDie Kapuzenjacke mit regulierbaren S\u00e4umen, 2-Wege-Rei\u00dfverschluss mit Kinnschutz und verschlie\u00dfbaren Taschen hat auf jeden Fall eine gro\u00dfe Portion Tragespa\u00df zu bieten und \u00fcberzeugt zus\u00e4tzlich durch ihr elastisches Material.<\/p>\n<p>Material: Obermaterial: 96% Polyester, 4% Elasthan. Innenseite: 100% Polyester<br \/>\n\u0420\u0435\u043a\u043e\u043c\u0435\u043d\u0434\u0430\u0446\u0438\u0438 \u043f\u043e \u0443\u0445\u043e\u0434\u0443: \u041c\u0430\u0448\u0438\u043d\u043d\u0430\u044f \u0441\u0442\u0438\u0440\u043a\u0430<\/p>\n<p>\u0426\u0432\u0435\u0442: \u0447\u0435\u0440\u043d\u044b\u0439<br \/>\n\u0423\u0437\u043e\u0440: \u0431\u0435\u0437<br \/>\n\u0420\u0430\u0437\u043c\u0435\u0440: 50<\/p>\n<p>\u0428\u0438\u0440\u0438\u043d\u0430 \u043f\u043b\u0435\u0447: 47 \u0441\u043c<br \/>\n\u0428\u0438\u0440\u0438\u043d\u0430 \u0433\u0440\u0443\u0434\u0438: 130 \u0441\u043c<br \/>\n\u0414\u043b\u0438\u043d\u0430 \u0440\u0443\u043a\u0430\u0432\u0430: 65 \u0441\u043c<br \/>\nGesamtl\u00e4nge: 82cm<\/p>","protected":false},"excerpt":{"rendered":"<table class=\"dv_characteristicsTable\">\n<tbody>\n<tr>\n<td class=\"left\">\u0420\u0430\u0437\u043c\u0435\u0440<\/td>\n<td>50<\/td>\n<\/tr>\n<tr>\n<td class=\"left\">Gr\u00f6\u00dfentyp<\/td>\n<td>Normalgr\u00f6\u00dfen<\/td>\n<\/tr>\n<tr>\n<td class=\"left\">\u0421\u043e\u0441\u0442\u0430\u0432 \u043c\u0430\u0442\u0435\u0440\u0438\u0430\u043b\u0430<\/td>\n<td>Obermaterial: 96% Polyester, 4% Elasthan. Innenseite: 100% Polyester<\/td>\n<\/tr>\n<tr>\n<td class=\"left\">Materialart<\/td>\n<td>Softshell<\/td>\n<\/tr>\n<tr>\n<td class=\"left\">Materialeigenschaften<\/td>\n<td>atmungsaktiv, w\u00e4rmend, wasserabweisend, windabweisend<\/td>\n<\/tr>\n<tr>\n<td class=\"left\">\u0420\u0435\u043a\u043e\u043c\u0435\u043d\u0434\u0430\u0446\u0438\u0438 \u043f\u043e \u0443\u0445\u043e\u0434\u0443<\/td>\n<td>\u041c\u0430\u0448\u0438\u043d\u043d\u0430\u044f \u0441\u0442\u0438\u0440\u043a\u0430<\/td>\n<\/tr>\n<tr>\n<td class=\"left\">Stil<\/td>\n<td>sportlich<\/td>\n<\/tr>\n<tr>\n<td class=\"left\">\u0426\u0432\u0435\u0442<\/td>\n<td>schwarz (Softshelljacke aus nachhaltigem Material)<\/td>\n<\/tr>\n<tr>\n<td class=\"left\">Kragen<\/td>\n<td>hochschlie\u00dfender Kragen<\/td>\n<\/tr>\n<tr>\n<td class=\"left\">Kragendetails<\/td>\n<td>mit Fleece gef\u00fcttert<\/td>\n<\/tr>\n<tr>\n<td class=\"left\">\u00c4rmel<\/td>\n<td>\u0414\u043b\u0438\u043d\u043d\u044b\u0439 \u0440\u0443\u043a\u0430\u0432<\/td>\n<\/tr>\n<tr>\n<td class=\"left\">\u00c4rmelabschlussdetails<\/td>\n<td>verstellbar, mit Klettverschluss<\/td>\n<\/tr>\n<tr>\n<td class=\"left\">Schnittform L\u00e4nge<\/td>\n<td>Po-bedeckend<\/td>\n<\/tr>\n<tr>\n<td class=\"left\">\u041a\u0430\u043f\u044e\u0448\u043e\u043d<\/td>\n<td>mit Kapuze<\/td>\n<\/tr>\n<tr>\n<td class=\"left\">Kapuzendetails<\/td>\n<td>mit Kordelz\u00fcgen<\/td>\n<\/tr>\n<tr>\n<td class=\"left\">Kapuzenf\u00fctterung<\/td>\n<td>gef\u00fcttert<\/td>\n<\/tr>\n<tr>\n<td class=\"left\">Applikationen<\/td>\n<td>Badge<\/td>\n<\/tr>\n<tr>\n<td class=\"left\">\u0421\u0443\u043c\u043a\u0438<\/td>\n<td>\u041a\u0430\u0440\u043c\u0430\u043d\u044b \u043d\u0430 \u043c\u043e\u043b\u043d\u0438\u0438<\/td>\n<\/tr>\n<tr>\n<td class=\"left\">Verschluss<\/td>\n<td>\u0417\u0430\u0441\u0442\u0435\u0436\u043a\u0430 \u043d\u0430 \u043c\u043e\u043b\u043d\u0438\u0438<\/td>\n<\/tr>\n<\/tbody>\n<\/table>","protected":false},"featured_media":82115,"comment_status":"open","ping_status":"closed","template":"","meta":{"_seopress_robots_primary_cat":"","_seopress_titles_title":"","_seopress_titles_desc":"","_seopress_robots_index":""},"product_brand":[],"product_cat":[1348,1354,1645],"product_tag":[],"class_list":{"0":"post-82017","1":"product","2":"type-product","3":"status-publish","4":"has-post-thumbnail","6":"product_cat-damen-mode","7":"product_cat-jacken-maentel","8":"product_cat-softshelljacken","9":"product_shipping_class-standard-versand","11":"first","12":"instock","13":"taxable","14":"shipping-taxable","15":"purchasable","16":"product-type-simple"},"_links":{"self":[{"href":"https:\/\/www.soanam.de\/ru\/wp-json\/wp\/v2\/product\/82017","targetHints":{"allow":["GET"]}}],"collection":[{"href":"https:\/\/www.soanam.de\/ru\/wp-json\/wp\/v2\/product"}],"about":[{"href":"https:\/\/www.soanam.de\/ru\/wp-json\/wp\/v2\/types\/product"}],"replies":[{"embeddable":true,"href":"https:\/\/www.soanam.de\/ru\/wp-json\/wp\/v2\/comments?post=82017"}],"wp:featuredmedia":[{"embeddable":true,"href":"https:\/\/www.soanam.de\/ru\/wp-json\/wp\/v2\/media\/82115"}],"wp:attachment":[{"href":"https:\/\/www.soanam.de\/ru\/wp-json\/wp\/v2\/media?parent=82017"}],"wp:term":[{"taxonomy":"product_brand","embeddable":true,"href":"https:\/\/www.soanam.de\/ru\/wp-json\/wp\/v2\/product_brand?post=82017"},{"taxonomy":"product_cat","embeddable":true,"href":"https:\/\/www.soanam.de\/ru\/wp-json\/wp\/v2\/product_cat?post=82017"},{"taxonomy":"product_tag","embeddable":true,"href":"https:\/\/www.soanam.de\/ru\/wp-json\/wp\/v2\/product_tag?post=82017"}],"curies":[{"name":"wp","href":"https:\/\/api.w.org\/{rel}","templated":true}]}}

Ocean Sportswear Softshelljacke, in Schwarz, Größe 50

<p>Funktionale Softshelljacke von Ocean Sportswear<br />
Innenseite aus kuscheligem, wärmendem Fleece<br />
Produziert mit Bionic Finish Eco von Rudolf Chemie – (PFC-Free)<br />
Funktion: 3.000mm Wassersäule: Wind- &amp; wasserabweisend, atmungsaktiv<br />
Ärmelsaum, Kapuze und Saum in der Weite verstellbar</p>
<p>Die Softshelljacke von Ocean ist funktional und citytauglich.<br />
Wer möchte nicht von einem wärmenden Fleecefutter an kühlen Tagen verwöhnt werden?<br />
Die Kapuzenjacke mit regulierbaren Säumen, 2-Wege-Reißverschluss mit Kinnschutz und verschließbaren Taschen hat auf jeden Fall eine große Portion Tragespaß zu bieten und überzeugt zusätzlich durch ihr elastisches Material.</p>
<p>Material: Obermaterial: 96% Polyester, 4% Elasthan. Innenseite: 100% Polyester<br />
Рекомендации по уходу: Машинная стирка</p>
<p>Цвет: черный<br />
Узор: без<br />
Размер: 50</p>
<p>Ширина плеч: 47 см<br />
Ширина груди: 130 см<br />
Длина рукава: 65 см<br />
Gesamtlänge: 82cm</p>

<table class="dv_characteristicsTable">
<tbody>
<tr>
<td class="left">Размер</td>
<td>50</td>
</tr>
<tr>
<td class="left">Größentyp</td>
<td>Normalgrößen</td>
</tr>
<tr>
<td class="left">Состав материала</td>
<td>Obermaterial: 96% Polyester, 4% Elasthan. Innenseite: 100% Polyester</td>
</tr>
<tr>
<td class="left">Materialart</td>
<td>Softshell</td>
</tr>
<tr>
<td class="left">Materialeigenschaften</td>
<td>atmungsaktiv, wärmend, wasserabweisend, windabweisend</td>
</tr>
<tr>
<td class="left">Рекомендации по уходу</td>
<td>Машинная стирка</td>
</tr>
<tr>
<td class="left">Stil</td>
<td>sportlich</td>
</tr>
<tr>
<td class="left">Цвет</td>
<td>schwarz (Softshelljacke aus nachhaltigem Material)</td>
</tr>
<tr>
<td class="left">Kragen</td>
<td>hochschließender Kragen</td>
</tr>
<tr>
<td class="left">Kragendetails</td>
<td>mit Fleece gefüttert</td>
</tr>
<tr>
<td class="left">Ärmel</td>
<td>Длинный рукав</td>
</tr>
<tr>
<td class="left">Ärmelabschlussdetails</td>
<td>verstellbar, mit Klettverschluss</td>
</tr>
<tr>
<td class="left">Schnittform Länge</td>
<td>Po-bedeckend</td>
</tr>
<tr>
<td class="left">Капюшон</td>
<td>mit Kapuze</td>
</tr>
<tr>
<td class="left">Kapuzendetails</td>
<td>mit Kordelzügen</td>
</tr>
<tr>
<td class="left">Kapuzenfütterung</td>
<td>gefüttert</td>
</tr>
<tr>
<td class="left">Applikationen</td>
<td>Badge</td>
</tr>
<tr>
<td class="left">Сумки</td>
<td>Карманы на молнии</td>
</tr>
<tr>
<td class="left">Verschluss</td>
<td>Застежка на молнии</td>
</tr>
</tbody>
</table>
