{"id":81780,"date":"2023-12-14T02:05:53","date_gmt":"2023-12-14T01:05:53","guid":{"rendered":"https:\/\/www.soanam.de\/?post_type=product&#038;p=81780"},"modified":"2023-12-14T02:08:17","modified_gmt":"2023-12-14T01:08:17","slug":"my-home-spannbettlaken-litschi-2-stk-in-weiss-90cm-x-200cm","status":"publish","type":"product","link":"https:\/\/www.soanam.de\/ru\/produkt\/my-home-spannbettlaken-litschi-2-stk-in-weiss-90cm-x-200cm\/","title":{"rendered":"\u041f\u0440\u0438\u0442\u0430\u043b\u0435\u043d\u043d\u0430\u044f \u043f\u0440\u043e\u0441\u0442\u044b\u043d\u044f my home lychee, 2 \u0448\u0442., \u0431\u0435\u043b\u0430\u044f, 90 \u0441\u043c x 200 \u0441\u043c"},"content":{"rendered":"<p>my home \u2013 2 Stk. Spannbettlaken<br \/>\nPassend f\u00fcr Topper-Auflagen bis 10 cm H\u00f6he<br \/>\n\u0411\u0435\u0437\u043e\u043f\u0430\u0441\u0435\u043d \u0434\u043b\u044f \u043a\u043e\u0436\u0438 \u0438 \u043f\u0440\u043e\u0441\u0442 \u0432 \u0443\u0445\u043e\u0434\u0435<br \/>\n\u041c\u043e\u0436\u043d\u043e \u0441\u0442\u0438\u0440\u0430\u0442\u044c \u043f\u0440\u0438 \u0442\u0435\u043c\u043f\u0435\u0440\u0430\u0442\u0443\u0440\u0435 \u0434\u043e 60\u00b0C<br \/>\n\u0418\u0437\u0433\u043e\u0442\u043e\u0432\u043b\u0435\u043d \u0438\u0437 \u0445\u043b\u043e\u043f\u043a\u0430 100% (\u043f\u043e\u0434\u0434\u0435\u0440\u0436\u0438\u0432\u0430\u0435\u0442 \u0445\u043b\u043e\u043f\u043e\u043a, \u043f\u0440\u043e\u0438\u0437\u0432\u0435\u0434\u0435\u043d\u043d\u044b\u0439 \u0432 \u0410\u0444\u0440\u0438\u043a\u0435)<\/p>\n<p>Mithilfe des rundum verdeckt eingen\u00e4hten Gummizugs sind Topper von Boxspringbetten im Handumdrehen mit dem Spannbettlaken Litschi von my home faltenfrei bezogen.<br \/>\nDas hautfreundliche Material mit \u00d6ko-Tex\u00ae Standard 100 Zertifikat f\u00fchlt sich angenehm sanft an.<br \/>\nZudem ist das Bettlaken pflegeleicht: Es l\u00e4sst sich bei empfohlenen 60 \u00b0C in der Waschmaschine reinigen<\/p>\n<p>\u041c\u0430\u0442\u0435\u0440\u0438\u0430\u043b: \u0445\u043b\u043e\u043f\u043e\u043a 100%<br \/>\n\u0420\u0435\u043a\u043e\u043c\u0435\u043d\u0434\u0430\u0446\u0438\u0438 \u043f\u043e \u0443\u0445\u043e\u0434\u0443: \u041c\u0430\u0448\u0438\u043d\u043d\u0430\u044f \u0441\u0442\u0438\u0440\u043a\u0430<\/p>\n<p>\u0426\u0432\u0435\u0442: \u0431\u0435\u043b\u044b\u0439<br \/>\n\u0423\u0437\u043e\u0440: \u0431\u0435\u0437<br \/>\n\u041a\u043e\u043b\u0438\u0447\u0435\u0441\u0442\u0432\u043e: 2 \u0448\u0442.<br \/>\n\u0420\u0430\u0437\u043c\u0435\u0440: 90 \u0441\u043c x 200 \u0441\u043c<\/p>","protected":false},"excerpt":{"rendered":"<table class=\"dv_characteristicsTable\">\n<tbody>\n<tr>\n<td class=\"left\">Anzahl Teile<\/td>\n<td>2 St.<\/td>\n<\/tr>\n<tr>\n<td class=\"left\">Gummizug<\/td>\n<td>rundum<\/td>\n<\/tr>\n<\/tbody>\n<\/table>\n<table class=\"dv_characteristicsTable\">\n<tbody>\n<tr>\n<td class=\"left\">Optik<\/td>\n<td>unifarben<\/td>\n<\/tr>\n<tr>\n<td class=\"left\">\u0426\u0432\u0435\u0442<\/td>\n<td>wei\u00df<\/td>\n<\/tr>\n<\/tbody>\n<\/table>\n<table class=\"dv_characteristicsTable\">\n<tbody>\n<tr>\n<td class=\"left\">Breite<\/td>\n<td>90 cm<\/td>\n<\/tr>\n<tr>\n<td class=\"left\">L\u00e4nge<\/td>\n<td>200 cm<\/td>\n<\/tr>\n<\/tbody>\n<\/table>\n<table class=\"dv_characteristicsTable\">\n<tbody>\n<tr>\n<td class=\"left\">Geeignet f\u00fcr Matratzenh\u00f6he<\/td>\n<td>10 cm<\/td>\n<\/tr>\n<tr>\n<td class=\"left\">Geeignet f\u00fcr Matratzengr\u00f6\u00dfe<\/td>\n<td>90x200 cm<\/td>\n<\/tr>\n<tr>\n<td class=\"left\">Geeignet f\u00fcr Matratzenart<\/td>\n<td>Topper<br \/>\nBoxspringbetten<\/td>\n<\/tr>\n<\/tbody>\n<\/table>\n<table class=\"dv_characteristicsTable\">\n<tbody>\n<tr>\n<td class=\"left\">Materialart<\/td>\n<td>\u0414\u0436\u0435\u0440\u0441\u0438<\/td>\n<\/tr>\n<tr>\n<td class=\"left\">\u0421\u043e\u0441\u0442\u0430\u0432 \u043c\u0430\u0442\u0435\u0440\u0438\u0430\u043b\u0430<\/td>\n<td>Obermaterial: 100% Baumwolle<\/td>\n<\/tr>\n<tr>\n<td class=\"left\">Fl\u00e4chengewicht<\/td>\n<td>125 g\/m\u00b2<\/td>\n<\/tr>\n<\/tbody>\n<\/table>\n<table class=\"dv_characteristicsTable\">\n<tbody>\n<tr>\n<td class=\"left\">\u0420\u0435\u043a\u043e\u043c\u0435\u043d\u0434\u0430\u0446\u0438\u0438 \u043f\u043e \u0443\u0445\u043e\u0434\u0443<\/td>\n<td>60\u00b0C Maschinenw\u00e4sche<br \/>\nnicht trocknergeeignet<\/td>\n<\/tr>\n<\/tbody>\n<\/table>","protected":false},"featured_media":81900,"comment_status":"open","ping_status":"closed","template":"","meta":{"_seopress_robots_primary_cat":"","_seopress_titles_title":"","_seopress_titles_desc":"","_seopress_robots_index":""},"product_brand":[],"product_cat":[1400,1420],"product_tag":[],"class_list":{"0":"post-81780","1":"product","2":"type-product","3":"status-publish","4":"has-post-thumbnail","6":"product_cat-wohnzubehoer","7":"product_cat-wohndekoration","8":"product_shipping_class-standard-versand","10":"first","11":"instock","12":"sale","13":"taxable","14":"shipping-taxable","15":"purchasable","16":"product-type-simple"},"_links":{"self":[{"href":"https:\/\/www.soanam.de\/ru\/wp-json\/wp\/v2\/product\/81780","targetHints":{"allow":["GET"]}}],"collection":[{"href":"https:\/\/www.soanam.de\/ru\/wp-json\/wp\/v2\/product"}],"about":[{"href":"https:\/\/www.soanam.de\/ru\/wp-json\/wp\/v2\/types\/product"}],"replies":[{"embeddable":true,"href":"https:\/\/www.soanam.de\/ru\/wp-json\/wp\/v2\/comments?post=81780"}],"wp:featuredmedia":[{"embeddable":true,"href":"https:\/\/www.soanam.de\/ru\/wp-json\/wp\/v2\/media\/81900"}],"wp:attachment":[{"href":"https:\/\/www.soanam.de\/ru\/wp-json\/wp\/v2\/media?parent=81780"}],"wp:term":[{"taxonomy":"product_brand","embeddable":true,"href":"https:\/\/www.soanam.de\/ru\/wp-json\/wp\/v2\/product_brand?post=81780"},{"taxonomy":"product_cat","embeddable":true,"href":"https:\/\/www.soanam.de\/ru\/wp-json\/wp\/v2\/product_cat?post=81780"},{"taxonomy":"product_tag","embeddable":true,"href":"https:\/\/www.soanam.de\/ru\/wp-json\/wp\/v2\/product_tag?post=81780"}],"curies":[{"name":"wp","href":"https:\/\/api.w.org\/{rel}","templated":true}]}}

Приталенная простыня my home lychee, 2 шт., белая, 90 см x 200 см

<p>my home – 2 Stk. Spannbettlaken<br />
Passend für Topper-Auflagen bis 10 cm Höhe<br />
Безопасен для кожи и прост в уходе<br />
Можно стирать при температуре до 60°C<br />
Изготовлен из хлопка 100% (поддерживает хлопок, произведенный в Африке)</p>
<p>Mithilfe des rundum verdeckt eingenähten Gummizugs sind Topper von Boxspringbetten im Handumdrehen mit dem Spannbettlaken Litschi von my home faltenfrei bezogen.<br />
Das hautfreundliche Material mit Öko-Tex® Standard 100 Zertifikat fühlt sich angenehm sanft an.<br />
Zudem ist das Bettlaken pflegeleicht: Es lässt sich bei empfohlenen 60 °C in der Waschmaschine reinigen</p>
<p>Материал: хлопок 100%<br />
Рекомендации по уходу: Машинная стирка</p>
<p>Цвет: белый<br />
Узор: без<br />
Количество: 2 шт.<br />
Размер: 90 см x 200 см</p>

<table class="dv_characteristicsTable">
<tbody>
<tr>
<td class="left">Anzahl Teile</td>
<td>2 St.</td>
</tr>
<tr>
<td class="left">Gummizug</td>
<td>rundum</td>
</tr>
</tbody>
</table>
<table class="dv_characteristicsTable">
<tbody>
<tr>
<td class="left">Optik</td>
<td>unifarben</td>
</tr>
<tr>
<td class="left">Цвет</td>
<td>weiß</td>
</tr>
</tbody>
</table>
<table class="dv_characteristicsTable">
<tbody>
<tr>
<td class="left">Breite</td>
<td>90 cm</td>
</tr>
<tr>
<td class="left">Länge</td>
<td>200 cm</td>
</tr>
</tbody>
</table>
<table class="dv_characteristicsTable">
<tbody>
<tr>
<td class="left">Geeignet für Matratzenhöhe</td>
<td>10 cm</td>
</tr>
<tr>
<td class="left">Geeignet für Matratzengröße</td>
<td>90x200 cm</td>
</tr>
<tr>
<td class="left">Geeignet für Matratzenart</td>
<td>Topper<br />
Boxspringbetten</td>
</tr>
</tbody>
</table>
<table class="dv_characteristicsTable">
<tbody>
<tr>
<td class="left">Materialart</td>
<td>Джерси</td>
</tr>
<tr>
<td class="left">Состав материала</td>
<td>Obermaterial: 100% Baumwolle</td>
</tr>
<tr>
<td class="left">Flächengewicht</td>
<td>125 g/m²</td>
</tr>
</tbody>
</table>
<table class="dv_characteristicsTable">
<tbody>
<tr>
<td class="left">Рекомендации по уходу</td>
<td>60°C Maschinenwäsche<br />
nicht trocknergeeignet</td>
</tr>
</tbody>
</table>
