{"id":81778,"date":"2023-12-14T02:05:52","date_gmt":"2023-12-14T01:05:52","guid":{"rendered":"https:\/\/www.soanam.de\/?post_type=product&#038;p=81778"},"modified":"2023-12-14T02:08:13","modified_gmt":"2023-12-14T01:08:13","slug":"otto-products-bettwaesche-neele-2-tlg-in-gelb-135cm-x-200cm-80cm-x-80cm","status":"publish","type":"product","link":"https:\/\/www.soanam.de\/ru\/produkt\/otto-products-bettwaesche-neele-2-tlg-in-gelb-135cm-x-200cm-80cm-x-80cm\/","title":{"rendered":"OTTO products Bettw\u00e4sche Neele, 2-tlg., in Gelb, 135cm x 200cm \/ 80cm x 80cm"},"content":{"rendered":"<p>Renforc\u00e9 Qualit\u00e4t Bettw\u00e4sche von OTTO products<br \/>\nTolles Uni-Design in aktueller Farbe<br \/>\nMit Rei\u00dfverschluss ausgestattet<br \/>\nMaschinenwaschbar und trocknergeeignet<br \/>\nSehr hautfreundlich und pflegeleicht<br \/>\nGOTS zertifiziert (Bio Baumwolle)<\/p>\n<p>Die Bettw\u00e4sche Neele von OTTO products in Uni ist mit praktischen Rei\u00dfverschl\u00fcssen f\u00fcr einen schnellen Wechsel ausgestattet.<br \/>\nHaptisch \u00fcberzeugt sie mit ihren komfortablen und zugleich hautfreundlichen Eigenschaften.<br \/>\nSie l\u00e4sst sich problemlos bis 60\u00b0 C in der Waschmaschine reinigen und anschlie\u00dfend in den Trockner legen.<\/p>\n<p>\u041c\u0430\u0442\u0435\u0440\u0438\u0430\u043b: \u0445\u043b\u043e\u043f\u043e\u043a 100%<br \/>\n\u0420\u0435\u043a\u043e\u043c\u0435\u043d\u0434\u0430\u0446\u0438\u0438 \u043f\u043e \u0443\u0445\u043e\u0434\u0443: \u041c\u0430\u0448\u0438\u043d\u043d\u0430\u044f \u0441\u0442\u0438\u0440\u043a\u0430<\/p>\n<p>\u0426\u0432\u0435\u0442: \u0436\u0435\u043b\u0442\u044b\u0439<br \/>\n\u0423\u0437\u043e\u0440: \u0431\u0435\u0437<br \/>\n\u0420\u0430\u0437\u043c\u0435\u0440 \u043e\u0434\u0435\u044f\u043b\u0430: 1 \u0448\u0442. x 135 \u0441\u043c x 200 \u0441\u043c.<br \/>\n\u0420\u0430\u0437\u043c\u0435\u0440 \u043f\u043e\u0434\u0443\u0448\u043a\u0438: 1 \u0448\u0442. x 80 \u0441\u043c x 80 \u0441\u043c<\/p>","protected":false},"excerpt":{"rendered":"<table class=\"dv_characteristicsTable\">\n<tbody>\n<tr>\n<td class=\"left\">Anzahl Teile<\/td>\n<td>2 tlg.<\/td>\n<\/tr>\n<tr>\n<td class=\"left\">Anzahl Bettbez\u00fcge<\/td>\n<td>1 St.<\/td>\n<\/tr>\n<tr>\n<td class=\"left\">Anzahl Kissenbez\u00fcge<\/td>\n<td>1 St.<\/td>\n<\/tr>\n<\/tbody>\n<\/table>\n<table class=\"dv_characteristicsTable\">\n<tbody>\n<tr>\n<td class=\"left\">Breite Bettbezug<\/td>\n<td>135 cm<\/td>\n<\/tr>\n<tr>\n<td class=\"left\">L\u00e4nge Bettbezug<\/td>\n<td>200 cm<\/td>\n<\/tr>\n<tr>\n<td class=\"left\">Breite Kissenbezug<\/td>\n<td>80 cm<\/td>\n<\/tr>\n<tr>\n<td class=\"left\">L\u00e4nge Kissenbezug<\/td>\n<td>80 cm<\/td>\n<\/tr>\n<\/tbody>\n<\/table>\n<table class=\"dv_characteristicsTable\">\n<tbody>\n<tr>\n<td class=\"left\">\u0426\u0432\u0435\u0442<\/td>\n<td>gelb<\/td>\n<\/tr>\n<tr>\n<td class=\"left\">Optik Kissenbezug<\/td>\n<td>uni<\/td>\n<\/tr>\n<tr>\n<td class=\"left\">Optik Bettbezug<\/td>\n<td>uni<\/td>\n<\/tr>\n<\/tbody>\n<\/table>\n<table class=\"dv_characteristicsTable\">\n<tbody>\n<tr>\n<td class=\"left\">Verschluss Kissenbezug<\/td>\n<td>\u0417\u0430\u0441\u0442\u0435\u0436\u043a\u0430 \u043d\u0430 \u043c\u043e\u043b\u043d\u0438\u0438<\/td>\n<\/tr>\n<tr>\n<td class=\"left\">Verschluss Bettbezug<\/td>\n<td>\u0417\u0430\u0441\u0442\u0435\u0436\u043a\u0430 \u043d\u0430 \u043c\u043e\u043b\u043d\u0438\u0438<\/td>\n<\/tr>\n<\/tbody>\n<\/table>\n<table class=\"dv_characteristicsTable\">\n<tbody>\n<tr>\n<td class=\"left\">Materialart<\/td>\n<td>Renforc\u00e9 (Bio-Baumwolle)<\/td>\n<\/tr>\n<tr>\n<td class=\"left\">\u0421\u043e\u0441\u0442\u0430\u0432 \u043c\u0430\u0442\u0435\u0440\u0438\u0430\u043b\u0430<\/td>\n<td>100% \u0425\u043b\u043e\u043f\u043e\u043a<\/td>\n<\/tr>\n<tr>\n<td class=\"left\">Fl\u00e4chengewicht<\/td>\n<td>115 g\/m\u00b2<\/td>\n<\/tr>\n<\/tbody>\n<\/table>\n<table class=\"dv_characteristicsTable\">\n<tbody>\n<tr>\n<td class=\"left\">\u0420\u0435\u043a\u043e\u043c\u0435\u043d\u0434\u0430\u0446\u0438\u0438 \u043f\u043e \u0443\u0445\u043e\u0434\u0443<\/td>\n<td>60\u00b0C Maschinenw\u00e4sche<br \/>\ntrocknergeeignet<\/td>\n<\/tr>\n<\/tbody>\n<\/table>","protected":false},"featured_media":81896,"comment_status":"open","ping_status":"closed","template":"","meta":{"_seopress_robots_primary_cat":"","_seopress_titles_title":"","_seopress_titles_desc":"","_seopress_robots_index":""},"product_brand":[],"product_cat":[1400,1420],"product_tag":[],"class_list":{"0":"post-81778","1":"product","2":"type-product","3":"status-publish","4":"has-post-thumbnail","6":"product_cat-wohnzubehoer","7":"product_cat-wohndekoration","8":"product_shipping_class-standard-versand","10":"first","11":"instock","12":"sale","13":"taxable","14":"shipping-taxable","15":"purchasable","16":"product-type-simple"},"_links":{"self":[{"href":"https:\/\/www.soanam.de\/ru\/wp-json\/wp\/v2\/product\/81778","targetHints":{"allow":["GET"]}}],"collection":[{"href":"https:\/\/www.soanam.de\/ru\/wp-json\/wp\/v2\/product"}],"about":[{"href":"https:\/\/www.soanam.de\/ru\/wp-json\/wp\/v2\/types\/product"}],"replies":[{"embeddable":true,"href":"https:\/\/www.soanam.de\/ru\/wp-json\/wp\/v2\/comments?post=81778"}],"wp:featuredmedia":[{"embeddable":true,"href":"https:\/\/www.soanam.de\/ru\/wp-json\/wp\/v2\/media\/81896"}],"wp:attachment":[{"href":"https:\/\/www.soanam.de\/ru\/wp-json\/wp\/v2\/media?parent=81778"}],"wp:term":[{"taxonomy":"product_brand","embeddable":true,"href":"https:\/\/www.soanam.de\/ru\/wp-json\/wp\/v2\/product_brand?post=81778"},{"taxonomy":"product_cat","embeddable":true,"href":"https:\/\/www.soanam.de\/ru\/wp-json\/wp\/v2\/product_cat?post=81778"},{"taxonomy":"product_tag","embeddable":true,"href":"https:\/\/www.soanam.de\/ru\/wp-json\/wp\/v2\/product_tag?post=81778"}],"curies":[{"name":"wp","href":"https:\/\/api.w.org\/{rel}","templated":true}]}}

OTTO products Bettwäsche Neele, 2-tlg., in Gelb, 135cm x 200cm / 80cm x 80cm

<p>Renforcé Qualität Bettwäsche von OTTO products<br />
Tolles Uni-Design in aktueller Farbe<br />
Mit Reißverschluss ausgestattet<br />
Maschinenwaschbar und trocknergeeignet<br />
Sehr hautfreundlich und pflegeleicht<br />
GOTS zertifiziert (Bio Baumwolle)</p>
<p>Die Bettwäsche Neele von OTTO products in Uni ist mit praktischen Reißverschlüssen für einen schnellen Wechsel ausgestattet.<br />
Haptisch überzeugt sie mit ihren komfortablen und zugleich hautfreundlichen Eigenschaften.<br />
Sie lässt sich problemlos bis 60° C in der Waschmaschine reinigen und anschließend in den Trockner legen.</p>
<p>Материал: хлопок 100%<br />
Рекомендации по уходу: Машинная стирка</p>
<p>Цвет: желтый<br />
Узор: без<br />
Размер одеяла: 1 шт. x 135 см x 200 см.<br />
Размер подушки: 1 шт. x 80 см x 80 см</p>

<table class="dv_characteristicsTable">
<tbody>
<tr>
<td class="left">Anzahl Teile</td>
<td>2 tlg.</td>
</tr>
<tr>
<td class="left">Anzahl Bettbezüge</td>
<td>1 St.</td>
</tr>
<tr>
<td class="left">Anzahl Kissenbezüge</td>
<td>1 St.</td>
</tr>
</tbody>
</table>
<table class="dv_characteristicsTable">
<tbody>
<tr>
<td class="left">Breite Bettbezug</td>
<td>135 cm</td>
</tr>
<tr>
<td class="left">Länge Bettbezug</td>
<td>200 cm</td>
</tr>
<tr>
<td class="left">Breite Kissenbezug</td>
<td>80 cm</td>
</tr>
<tr>
<td class="left">Länge Kissenbezug</td>
<td>80 cm</td>
</tr>
</tbody>
</table>
<table class="dv_characteristicsTable">
<tbody>
<tr>
<td class="left">Цвет</td>
<td>gelb</td>
</tr>
<tr>
<td class="left">Optik Kissenbezug</td>
<td>uni</td>
</tr>
<tr>
<td class="left">Optik Bettbezug</td>
<td>uni</td>
</tr>
</tbody>
</table>
<table class="dv_characteristicsTable">
<tbody>
<tr>
<td class="left">Verschluss Kissenbezug</td>
<td>Застежка на молнии</td>
</tr>
<tr>
<td class="left">Verschluss Bettbezug</td>
<td>Застежка на молнии</td>
</tr>
</tbody>
</table>
<table class="dv_characteristicsTable">
<tbody>
<tr>
<td class="left">Materialart</td>
<td>Renforcé (Bio-Baumwolle)</td>
</tr>
<tr>
<td class="left">Состав материала</td>
<td>100% Хлопок</td>
</tr>
<tr>
<td class="left">Flächengewicht</td>
<td>115 g/m²</td>
</tr>
</tbody>
</table>
<table class="dv_characteristicsTable">
<tbody>
<tr>
<td class="left">Рекомендации по уходу</td>
<td>60°C Maschinenwäsche<br />
trocknergeeignet</td>
</tr>
</tbody>
</table>
