{"id":80943,"date":"2023-12-14T01:41:44","date_gmt":"2023-12-14T00:41:44","guid":{"rendered":"https:\/\/www.soanam.de\/?post_type=product&#038;p=80943"},"modified":"2023-12-14T01:43:45","modified_gmt":"2023-12-14T00:43:45","slug":"%d1%82%d1%80%d0%b8%d0%ba%d0%be%d1%82%d0%b0%d0%b6%d0%bd%d0%be%d0%b5-%d0%bf%d0%bb%d0%b0%d1%82%d1%8c%d0%b5-vero-moda-%d1%81%d0%bb%d0%b0%d0%b2%d0%b0-%d0%b0%d0%b2%d1%80%d0%be%d1%80%d1%8b-%d0%b2-%d1%87","status":"publish","type":"product","link":"https:\/\/www.soanam.de\/ru\/produkt\/vero-moda-strickkleid-glory-aurora-in-schwarz-groesse-m\/","title":{"rendered":"Vero Moda Strickkleid Glory Aurora, in Schwarz, Gr\u00f6\u00dfe M"},"content":{"rendered":"<p>Feinstrickkleid von Vero Moda<br \/>\nR\u00fccken-Rei\u00dfverschluss<br \/>\n\u041f\u0435\u0440\u0435\u043a\u0440\u044b\u0442\u043e\u0435 \u043f\u043b\u0435\u0447\u043e<br \/>\n\u0420\u0443\u043a\u0430\u0432 3\/4<br \/>\n\u041c\u044f\u0433\u043a\u0430\u044f \u0440\u0443\u043a\u043e\u044f\u0442\u043a\u0430<\/p>\n<p>Gestricktes Minikleid von Vero Moda in l\u00e4ssiger Passform mit Rei\u00dfverschluss am R\u00fccken.<br \/>\nDie weiche Viskosemischfaser macht es so herrlich angenehm auf der Haut.<\/p>\n<p>Material: 80% Viskose, 20% Nylon<br \/>\n\u0420\u0435\u043a\u043e\u043c\u0435\u043d\u0434\u0430\u0446\u0438\u0438 \u043f\u043e \u0443\u0445\u043e\u0434\u0443: \u041c\u0430\u0448\u0438\u043d\u043d\u0430\u044f \u0441\u0442\u0438\u0440\u043a\u0430<\/p>\n<p>\u0426\u0432\u0435\u0442: \u0447\u0435\u0440\u043d\u044b\u0439<br \/>\n\u0423\u0437\u043e\u0440: \u0431\u0435\u0437<br \/>\n\u0420\u0430\u0437\u043c\u0435\u0440: M<\/p>\n<p>\u0428\u0438\u0440\u0438\u043d\u0430 \u0433\u0440\u0443\u0434\u0438: 102 \u0441\u043c<br \/>\n\u0414\u043b\u0438\u043d\u0430 \u0440\u0443\u043a\u0430\u0432\u0430: 31 \u0441\u043c<br \/>\n\u041e\u0431\u0449\u0430\u044f \u0434\u043b\u0438\u043d\u0430: 90 \u0441\u043c<\/p>\n<p>\u042d\u0442\u043e\u0442 \u043d\u043e\u0432\u044b\u0439 \u0442\u043e\u0432\u0430\u0440 \u044f\u0432\u043b\u044f\u0435\u0442\u0441\u044f \u0432\u043e\u0437\u0432\u0440\u0430\u0449\u0435\u043d\u043d\u044b\u043c \u043f\u043e\u043a\u0443\u043f\u0430\u0442\u0435\u043b\u0435\u043c \u0431\u0435\u0437 \u044d\u0442\u0438\u043a\u0435\u0442\u043a\u0438.<\/p>","protected":false},"excerpt":{"rendered":"<table class=\"dv_characteristicsTable\">\n<tbody>\n<tr>\n<td class=\"left\">\u0420\u0430\u0437\u043c\u0435\u0440<\/td>\n<td>M<\/td>\n<\/tr>\n<tr>\n<td class=\"left\">\u0421\u043e\u0441\u0442\u0430\u0432 \u043c\u0430\u0442\u0435\u0440\u0438\u0430\u043b\u0430<\/td>\n<td>Material: 80% Viskose, 20% Nylon<\/td>\n<\/tr>\n<tr>\n<td class=\"left\">Optik<\/td>\n<td>\u041e\u0434\u043d\u043e\u0442\u043e\u043d\u043d\u044b\u0435 \u0446\u0432\u0435\u0442\u0430<\/td>\n<\/tr>\n<tr>\n<td class=\"left\">Stil<\/td>\n<td>\u041d\u043e\u0440\u043c\u0430\u043b\u044c\u043d\u0430\u044f \u043f\u043e\u0441\u0430\u0434\u043a\u0430<\/td>\n<\/tr>\n<tr>\n<td class=\"left\">\u00c4rmel<\/td>\n<td>Dreiviertelarm<\/td>\n<\/tr>\n<tr>\n<td class=\"left\">Fit<\/td>\n<td>\u041d\u043e\u0440\u043c\u0430\u043b\u044c\u043d\u0430\u044f \u043f\u043e\u0441\u0430\u0434\u043a\u0430<\/td>\n<\/tr>\n<tr>\n<td class=\"left\">Schnittform L\u00e4nge<\/td>\n<td>Kurz\/Mini<\/td>\n<\/tr>\n<tr>\n<td class=\"left\">\u0426\u0432\u0435\u0442<\/td>\n<td>schwarz<\/td>\n<\/tr>\n<tr>\n<td class=\"left\">Verschluss<\/td>\n<td>\u0417\u0430\u0441\u0442\u0435\u0436\u043a\u0430 \u043d\u0430 \u043c\u043e\u043b\u043d\u0438\u0438<\/td>\n<\/tr>\n<\/tbody>\n<\/table>\n<div class=\"spec-holder\">\n<div class=\"row\">\n<div class=\"col-xs-5 spec-name\"><\/div>\n<\/div>\n<\/div>","protected":false},"featured_media":81038,"comment_status":"open","ping_status":"closed","template":"","meta":{"_seopress_robots_primary_cat":"","_seopress_titles_title":"","_seopress_titles_desc":"","_seopress_robots_index":""},"product_brand":[],"product_cat":[1348,1379,1618],"product_tag":[],"class_list":{"0":"post-80943","1":"product","2":"type-product","3":"status-publish","4":"has-post-thumbnail","6":"product_cat-damen-mode","7":"product_cat-kleider","8":"product_cat-strickkleider","9":"product_shipping_class-standard-versand","11":"first","12":"instock","13":"sale","14":"taxable","15":"shipping-taxable","16":"purchasable","17":"product-type-simple"},"_links":{"self":[{"href":"https:\/\/www.soanam.de\/ru\/wp-json\/wp\/v2\/product\/80943","targetHints":{"allow":["GET"]}}],"collection":[{"href":"https:\/\/www.soanam.de\/ru\/wp-json\/wp\/v2\/product"}],"about":[{"href":"https:\/\/www.soanam.de\/ru\/wp-json\/wp\/v2\/types\/product"}],"replies":[{"embeddable":true,"href":"https:\/\/www.soanam.de\/ru\/wp-json\/wp\/v2\/comments?post=80943"}],"wp:featuredmedia":[{"embeddable":true,"href":"https:\/\/www.soanam.de\/ru\/wp-json\/wp\/v2\/media\/81038"}],"wp:attachment":[{"href":"https:\/\/www.soanam.de\/ru\/wp-json\/wp\/v2\/media?parent=80943"}],"wp:term":[{"taxonomy":"product_brand","embeddable":true,"href":"https:\/\/www.soanam.de\/ru\/wp-json\/wp\/v2\/product_brand?post=80943"},{"taxonomy":"product_cat","embeddable":true,"href":"https:\/\/www.soanam.de\/ru\/wp-json\/wp\/v2\/product_cat?post=80943"},{"taxonomy":"product_tag","embeddable":true,"href":"https:\/\/www.soanam.de\/ru\/wp-json\/wp\/v2\/product_tag?post=80943"}],"curies":[{"name":"wp","href":"https:\/\/api.w.org\/{rel}","templated":true}]}}

Vero Moda Strickkleid Glory Aurora, in Schwarz, Größe M

<p>Feinstrickkleid von Vero Moda<br />
Rücken-Reißverschluss<br />
Перекрытое плечо<br />
Рукав 3/4<br />
Мягкая рукоятка</p>
<p>Gestricktes Minikleid von Vero Moda in lässiger Passform mit Reißverschluss am Rücken.<br />
Die weiche Viskosemischfaser macht es so herrlich angenehm auf der Haut.</p>
<p>Material: 80% Viskose, 20% Nylon<br />
Рекомендации по уходу: Машинная стирка</p>
<p>Цвет: черный<br />
Узор: без<br />
Размер: M</p>
<p>Ширина груди: 102 см<br />
Длина рукава: 31 см<br />
Общая длина: 90 см</p>
<p>Этот новый товар является возвращенным покупателем без этикетки.</p>

<table class="dv_characteristicsTable">
<tbody>
<tr>
<td class="left">Размер</td>
<td>M</td>
</tr>
<tr>
<td class="left">Состав материала</td>
<td>Material: 80% Viskose, 20% Nylon</td>
</tr>
<tr>
<td class="left">Optik</td>
<td>Однотонные цвета</td>
</tr>
<tr>
<td class="left">Stil</td>
<td>Нормальная посадка</td>
</tr>
<tr>
<td class="left">Ärmel</td>
<td>Dreiviertelarm</td>
</tr>
<tr>
<td class="left">Fit</td>
<td>Нормальная посадка</td>
</tr>
<tr>
<td class="left">Schnittform Länge</td>
<td>Kurz/Mini</td>
</tr>
<tr>
<td class="left">Цвет</td>
<td>schwarz</td>
</tr>
<tr>
<td class="left">Verschluss</td>
<td>Застежка на молнии</td>
</tr>
</tbody>
</table>
<div class="spec-holder">
<div class="row">
<div class="col-xs-5 spec-name"></div>
</div>
</div>
