{"id":79384,"date":"2023-12-13T22:38:31","date_gmt":"2023-12-13T21:38:31","guid":{"rendered":"https:\/\/www.soanam.de\/?post_type=product&#038;p=79384"},"modified":"2023-12-13T22:40:59","modified_gmt":"2023-12-13T21:40:59","slug":"damen-daunen-mantel-mit-kapuze-in-petite-groesse-bright-evergreen-groesse-m-p","status":"publish","type":"product","link":"https:\/\/www.soanam.de\/ru\/produkt\/damen-daunen-mantel-mit-kapuze-in-petite-groesse-bright-evergreen-groesse-m-p\/","title":{"rendered":"Damen Daunen Mantel mit Kapuze, in Petite-Gr\u00f6\u00dfe, Bright Evergreen, Gr\u00f6\u00dfe M\/P"},"content":{"rendered":"<h3>\u041e\u043f\u0438\u0441\u0430\u043d\u0438\u0435<\/h3>\n<p>F\u00fcr den Winter bereit<br \/>\nIn diesem Daunenmantel mit Kapuze k\u00f6nnen Sie dem Winter getrost begegnen. Denn mit wasserabweisendem Obermaterial, einer wasserabweisenden HyperDRY-Daunenf\u00fcllung, angesetzter Kapuze und praktischer Kniel\u00e4nge sind Sie bestens auf alle Wetterlagen vorbereitet. Schmeichelnde Prinzessn\u00e4hte und eine optisch verschlankende Chevron-Steppung sorgen daf\u00fcr, dass Ihr Daunenmantel mit jedem Outfit, sei es nun Kleid, Rock oder Hose, gleicherma\u00dfen gut aussieht. Und sollte es mal regnen, sorgt das nat\u00fcrliche Wachsfinish der HyperDRY-Daunen daf\u00fcr, dass die Isolierung dennoch fluffig und funktionsf\u00e4hig bleibt.<\/p>\n<p><strong>Produktdetails:<\/strong><\/p>\n<p>\u0412\u043e\u0434\u043e\u043e\u0442\u0442\u0430\u043b\u043a\u0438\u0432\u0430\u044e\u0449\u0438\u0435 \u0441\u0432\u043e\u0439\u0441\u0442\u0432\u0430<br \/>\nHyperDRY-Daunen mit 600er F\u00fcllkraft (Korpus\/\u00c4rmeln)<br \/>\nVerstellbare Kapuze<br \/>\nStehkragen, Kinnschutz<br \/>\n2-Wege-Rei\u00dfverschluss, unterlegte Sturmpatte<br \/>\nDruckknopf-Brustinnentasche<br \/>\nNahtfeine Druckknopf-Taschen<br \/>\nElastische \u00c4rmelabschl\u00fcsse, innenliegende B\u00fcndchen<br \/>\nObermaterial, Futter und Kapuzen-Isolierung 100% Polyester (Obermaterial in Meliert 58% Nylon\/42% Polyester), F\u00fcllung 80% Daunen\/20% Federn<br \/>\n\u041c\u0430\u0448\u0438\u043d\u043d\u0430\u044f \u0441\u0442\u0438\u0440\u043a\u0430<br \/>\nWir empfehlen das Trocknen in der Maschine mit (neuen) Tennisb\u00e4llen<br \/>\nL\u00e4nge bei Petite-Gr. M ca. 92 cm<br \/>\nAM W\u00c4RMSTEN: Geeignet f\u00fcr Temperaturen von -16\u00b0 (Komfortbereich) bis -31\u00b0C (Extrembereich)<\/p>","protected":false},"excerpt":{"rendered":"<h3>Artikelmerkmale<\/h3>\n<p>\u0421\u043e\u0441\u0442\u043e\u044f\u043d\u0438\u0435 \u0442\u043e\u0432\u0430\u0440\u0430: \u041d\u043e\u0432\u044b\u0439 \u0441 \u044d\u0442\u0438\u043a\u0435\u0442\u043a\u043e\u0439: \u041d\u043e\u0432\u044b\u0439, \u043d\u0435\u0438\u0441\u043f\u043e\u043b\u044c\u0437\u043e\u0432\u0430\u043d\u043d\u044b\u0439 \u0438 \u043d\u0435\u043d\u043e\u0448\u0435\u043d\u044b\u0439 \u0442\u043e\u0432\u0430\u0440 \u0432 \u043e\u0440\u0438\u0433\u0438\u043d\u0430\u043b\u044c\u043d\u043e\u0439 \u0443\u043f\u0430\u043a\u043e\u0432\u043a\u0435<\/p>\n<table border=\"0\" frame=\"VOID\" rules=\"NONE\" cellspacing=\"0\">\n<colgroup>\n<col width=\"137\" \/>\n<col width=\"107\" \/><\/colgroup>\n<tbody>\n<tr>\n<td align=\"LEFT\" width=\"137\" height=\"17\">Abteilung:<\/td>\n<td align=\"LEFT\" width=\"107\">Damen<\/td>\n<\/tr>\n<tr>\n<td align=\"LEFT\" height=\"17\">Akzente:<\/td>\n<td align=\"LEFT\">Gesteppt<\/td>\n<\/tr>\n<tr>\n<td align=\"LEFT\" height=\"17\">Anlass:<\/td>\n<td align=\"LEFT\">Freizeit<\/td>\n<\/tr>\n<tr>\n<td align=\"LEFT\" height=\"17\">Au\u00dfenmaterial:<\/td>\n<td align=\"LEFT\">\u041f\u043e\u043b\u0438\u044d\u0441\u0442\u0435\u0440<\/td>\n<\/tr>\n<tr>\n<td align=\"LEFT\" height=\"17\">Besonderheiten:<\/td>\n<td align=\"LEFT\">\u0421 \u043a\u0430\u043f\u044e\u0448\u043e\u043d\u043e\u043c<\/td>\n<\/tr>\n<tr>\n<td align=\"LEFT\" height=\"17\">Charakter:<\/td>\n<td align=\"LEFT\">ohne<\/td>\n<\/tr>\n<tr>\n<td align=\"LEFT\" height=\"17\">EAN:<\/td>\n<td align=\"LEFT\">nichtzutreffend<\/td>\n<\/tr>\n<tr>\n<td align=\"LEFT\" height=\"17\">\u0426\u0432\u0435\u0442:<\/td>\n<td align=\"LEFT\">\u0417\u0435\u043b\u0435\u043d\u044b\u0439<\/td>\n<\/tr>\n<tr>\n<td align=\"LEFT\" height=\"17\">Futtermaterial:<\/td>\n<td align=\"LEFT\">\u041f\u043e\u043b\u0438\u044d\u0441\u0442\u0435\u0440<\/td>\n<\/tr>\n<tr>\n<td align=\"LEFT\" height=\"17\">Gewebeart:<\/td>\n<td align=\"LEFT\">ohne Angabe<\/td>\n<\/tr>\n<tr>\n<td align=\"LEFT\" height=\"17\">Gr\u00f6\u00dfe:<\/td>\n<td align=\"LEFT\">M\/P<\/td>\n<\/tr>\n<tr>\n<td align=\"LEFT\" height=\"17\">Gr\u00f6\u00dfenkategorie:<\/td>\n<td align=\"LEFT\">Kurzgr\u00f6\u00dfe<\/td>\n<\/tr>\n<tr>\n<td align=\"LEFT\" height=\"17\">Isoliermaterial:<\/td>\n<td align=\"LEFT\">Daunen<\/td>\n<\/tr>\n<tr>\n<td align=\"LEFT\" height=\"17\">Jacken-\/Mantell\u00e4nge:<\/td>\n<td align=\"LEFT\">Halblang<\/td>\n<\/tr>\n<tr>\n<td align=\"LEFT\" height=\"17\">Jahreszeit:<\/td>\n<td align=\"LEFT\">Winter<\/td>\n<\/tr>\n<tr>\n<td align=\"LEFT\" height=\"17\">Marke:<\/td>\n<td align=\"LEFT\">Lands' End<\/td>\n<\/tr>\n<tr>\n<td align=\"LEFT\" height=\"17\">Modell:<\/td>\n<td align=\"LEFT\">ohne Angabe<\/td>\n<\/tr>\n<tr>\n<td align=\"LEFT\" height=\"17\">Muster:<\/td>\n<td align=\"LEFT\">Ohne Muster<\/td>\n<\/tr>\n<tr>\n<td align=\"LEFT\" height=\"17\">Produktart:<\/td>\n<td align=\"LEFT\">Mantel<\/td>\n<\/tr>\n<tr>\n<td align=\"LEFT\" height=\"17\">Stil:<\/td>\n<td align=\"LEFT\">Mantel<\/td>\n<\/tr>\n<tr>\n<td align=\"LEFT\" height=\"17\">Thema:<\/td>\n<td align=\"LEFT\">Outdoor<\/td>\n<\/tr>\n<tr>\n<td align=\"LEFT\" height=\"17\">Verschluss:<\/td>\n<td align=\"LEFT\">\u0417\u0430\u0441\u0442\u0435\u0436\u043a\u0430 \u043d\u0430 \u043c\u043e\u043b\u043d\u0438\u0438<\/td>\n<\/tr>\n<tr>\n<td align=\"LEFT\" height=\"17\">Vintage:<\/td>\n<td align=\"LEFT\">Nein<\/td>\n<\/tr>\n<\/tbody>\n<\/table>","protected":false},"featured_media":79499,"comment_status":"open","ping_status":"closed","template":"","meta":{"_seopress_robots_primary_cat":"","_seopress_titles_title":"","_seopress_titles_desc":"","_seopress_robots_index":""},"product_brand":[],"product_cat":[1348,1354,1375,1376],"product_tag":[],"class_list":{"0":"post-79384","1":"product","2":"type-product","3":"status-publish","4":"has-post-thumbnail","6":"product_cat-damen-mode","7":"product_cat-jacken-maentel","8":"product_cat-winterjacken","9":"product_cat-daunenjacken-steppjacken","10":"product_shipping_class-standard-versand","12":"first","13":"instock","14":"sale","15":"taxable","16":"shipping-taxable","17":"purchasable","18":"product-type-simple"},"_links":{"self":[{"href":"https:\/\/www.soanam.de\/ru\/wp-json\/wp\/v2\/product\/79384","targetHints":{"allow":["GET"]}}],"collection":[{"href":"https:\/\/www.soanam.de\/ru\/wp-json\/wp\/v2\/product"}],"about":[{"href":"https:\/\/www.soanam.de\/ru\/wp-json\/wp\/v2\/types\/product"}],"replies":[{"embeddable":true,"href":"https:\/\/www.soanam.de\/ru\/wp-json\/wp\/v2\/comments?post=79384"}],"wp:featuredmedia":[{"embeddable":true,"href":"https:\/\/www.soanam.de\/ru\/wp-json\/wp\/v2\/media\/79499"}],"wp:attachment":[{"href":"https:\/\/www.soanam.de\/ru\/wp-json\/wp\/v2\/media?parent=79384"}],"wp:term":[{"taxonomy":"product_brand","embeddable":true,"href":"https:\/\/www.soanam.de\/ru\/wp-json\/wp\/v2\/product_brand?post=79384"},{"taxonomy":"product_cat","embeddable":true,"href":"https:\/\/www.soanam.de\/ru\/wp-json\/wp\/v2\/product_cat?post=79384"},{"taxonomy":"product_tag","embeddable":true,"href":"https:\/\/www.soanam.de\/ru\/wp-json\/wp\/v2\/product_tag?post=79384"}],"curies":[{"name":"wp","href":"https:\/\/api.w.org\/{rel}","templated":true}]}}

Damen Daunen Mantel mit Kapuze, in Petite-Größe, Bright Evergreen, Größe M/P

<h3>Описание</h3>
<p>Für den Winter bereit<br />
In diesem Daunenmantel mit Kapuze können Sie dem Winter getrost begegnen. Denn mit wasserabweisendem Obermaterial, einer wasserabweisenden HyperDRY-Daunenfüllung, angesetzter Kapuze und praktischer Knielänge sind Sie bestens auf alle Wetterlagen vorbereitet. Schmeichelnde Prinzessnähte und eine optisch verschlankende Chevron-Steppung sorgen dafür, dass Ihr Daunenmantel mit jedem Outfit, sei es nun Kleid, Rock oder Hose, gleichermaßen gut aussieht. Und sollte es mal regnen, sorgt das natürliche Wachsfinish der HyperDRY-Daunen dafür, dass die Isolierung dennoch fluffig und funktionsfähig bleibt.</p>
<p><strong>Produktdetails:</strong></p>
<p>Водоотталкивающие свойства<br />
HyperDRY-Daunen mit 600er Füllkraft (Korpus/Ärmeln)<br />
Verstellbare Kapuze<br />
Stehkragen, Kinnschutz<br />
2-Wege-Reißverschluss, unterlegte Sturmpatte<br />
Druckknopf-Brustinnentasche<br />
Nahtfeine Druckknopf-Taschen<br />
Elastische Ärmelabschlüsse, innenliegende Bündchen<br />
Obermaterial, Futter und Kapuzen-Isolierung 100% Polyester (Obermaterial in Meliert 58% Nylon/42% Polyester), Füllung 80% Daunen/20% Federn<br />
Машинная стирка<br />
Wir empfehlen das Trocknen in der Maschine mit (neuen) Tennisbällen<br />
Länge bei Petite-Gr. M ca. 92 cm<br />
AM WÄRMSTEN: Geeignet für Temperaturen von -16° (Komfortbereich) bis -31°C (Extrembereich)</p>

<h3>Artikelmerkmale</h3>
<p>Состояние товара: Новый с этикеткой: Новый, неиспользованный и неношеный товар в оригинальной упаковке</p>
<table border="0" frame="VOID" rules="NONE" cellspacing="0">
<colgroup>
<col width="137" />
<col width="107" /></colgroup>
<tbody>
<tr>
<td align="LEFT" width="137" height="17">Abteilung:</td>
<td align="LEFT" width="107">Damen</td>
</tr>
<tr>
<td align="LEFT" height="17">Akzente:</td>
<td align="LEFT">Gesteppt</td>
</tr>
<tr>
<td align="LEFT" height="17">Anlass:</td>
<td align="LEFT">Freizeit</td>
</tr>
<tr>
<td align="LEFT" height="17">Außenmaterial:</td>
<td align="LEFT">Полиэстер</td>
</tr>
<tr>
<td align="LEFT" height="17">Besonderheiten:</td>
<td align="LEFT">С капюшоном</td>
</tr>
<tr>
<td align="LEFT" height="17">Charakter:</td>
<td align="LEFT">ohne</td>
</tr>
<tr>
<td align="LEFT" height="17">EAN:</td>
<td align="LEFT">nichtzutreffend</td>
</tr>
<tr>
<td align="LEFT" height="17">Цвет:</td>
<td align="LEFT">Зеленый</td>
</tr>
<tr>
<td align="LEFT" height="17">Futtermaterial:</td>
<td align="LEFT">Полиэстер</td>
</tr>
<tr>
<td align="LEFT" height="17">Gewebeart:</td>
<td align="LEFT">ohne Angabe</td>
</tr>
<tr>
<td align="LEFT" height="17">Größe:</td>
<td align="LEFT">M/P</td>
</tr>
<tr>
<td align="LEFT" height="17">Größenkategorie:</td>
<td align="LEFT">Kurzgröße</td>
</tr>
<tr>
<td align="LEFT" height="17">Isoliermaterial:</td>
<td align="LEFT">Daunen</td>
</tr>
<tr>
<td align="LEFT" height="17">Jacken-/Mantellänge:</td>
<td align="LEFT">Halblang</td>
</tr>
<tr>
<td align="LEFT" height="17">Jahreszeit:</td>
<td align="LEFT">Winter</td>
</tr>
<tr>
<td align="LEFT" height="17">Marke:</td>
<td align="LEFT">Lands' End</td>
</tr>
<tr>
<td align="LEFT" height="17">Modell:</td>
<td align="LEFT">ohne Angabe</td>
</tr>
<tr>
<td align="LEFT" height="17">Muster:</td>
<td align="LEFT">Ohne Muster</td>
</tr>
<tr>
<td align="LEFT" height="17">Produktart:</td>
<td align="LEFT">Mantel</td>
</tr>
<tr>
<td align="LEFT" height="17">Stil:</td>
<td align="LEFT">Mantel</td>
</tr>
<tr>
<td align="LEFT" height="17">Thema:</td>
<td align="LEFT">Outdoor</td>
</tr>
<tr>
<td align="LEFT" height="17">Verschluss:</td>
<td align="LEFT">Застежка на молнии</td>
</tr>
<tr>
<td align="LEFT" height="17">Vintage:</td>
<td align="LEFT">Nein</td>
</tr>
</tbody>
</table>
