{"id":77733,"date":"2023-12-13T20:59:31","date_gmt":"2023-12-13T19:59:31","guid":{"rendered":"https:\/\/www.soanam.de\/?post_type=product&#038;p=77733"},"modified":"2023-12-13T21:01:57","modified_gmt":"2023-12-13T20:01:57","slug":"jette-damen-parka-in-schwarz-mit-leo-innenfutter-u-kapuze-mit-webpelz-gr-36","status":"publish","type":"product","link":"https:\/\/www.soanam.de\/ru\/produkt\/jette-damen-parka-in-schwarz-mit-leo-innenfutter-u-kapuze-mit-webpelz-gr-36\/","title":{"rendered":"JETTE Damen Parka in schwarz mit Leo-Innenfutter u. Kapuze mit Webpelz - Gr. 36"},"content":{"rendered":"<h3>\u041e\u043f\u0438\u0441\u0430\u043d\u0438\u0435<\/h3>\n<p>Der Parker von JETTE wirkt besonders cool dank Leo-Webpelzfutter<\/p>\n<p><strong>\u0421 \u043f\u0435\u0440\u0432\u043e\u0433\u043e \u0432\u0437\u0433\u043b\u044f\u0434\u0430<\/strong><br \/>\nabkn\u00f6pfbares Leo-Webpelzfutter<br \/>\nKapuze mit abnehmbarem Webpelz<br \/>\nLangarm mit 2 Kn\u00f6pfen am Saum zur Weitenverstellung<br \/>\nleger-weit<br \/>\nMitte Oberschenkel<br \/>\nKordelzug an der Taille und am Saum<br \/>\nverdeckter 2-Wege-Rei\u00dfverschluss<br \/>\nDruckknopfblende<br \/>\nHandy-Innentasche<br \/>\n2 schr\u00e4ge Klappentaschen mit Druckknopfverschluss<\/p>\n<p><strong>Ma\u00dfe (Gr\u00f6\u00dfe 38)<\/strong><br \/>\nL\u00e4nge ca. 91 cm<\/p>\n<p><strong>\u041c\u0430\u0442\u0435\u0440\u0438\u0430\u043b<\/strong><br \/>\nOberstoff: 100 % Baumwolle<br \/>\nKunstfell: 80 % Polyacryl, 20 % Polyester<br \/>\nGrundgewebe: 100 % Polyester<\/p>\n<p><strong>\u0423\u0445\u043e\u0434<\/strong><br \/>\n\u041c\u0430\u0448\u0438\u043d\u043d\u0430\u044f \u0441\u0442\u0438\u0440\u043a\u0430<\/p>","protected":false},"excerpt":{"rendered":"<h3>Artikelmerkmale<\/h3>\n<p>\u0421\u043e\u0441\u0442\u043e\u044f\u043d\u0438\u0435 \u0442\u043e\u0432\u0430\u0440\u0430: \u041d\u043e\u0432\u044b\u0439 \u0441 \u044d\u0442\u0438\u043a\u0435\u0442\u043a\u043e\u0439: \u041d\u043e\u0432\u044b\u0439, \u043d\u0435\u0438\u0441\u043f\u043e\u043b\u044c\u0437\u043e\u0432\u0430\u043d\u043d\u044b\u0439 \u0438 \u043d\u0435\u043d\u043e\u0448\u0435\u043d\u044b\u0439 \u0442\u043e\u0432\u0430\u0440 \u0432 \u043e\u0440\u0438\u0433\u0438\u043d\u0430\u043b\u044c\u043d\u043e\u0439 \u0443\u043f\u0430\u043a\u043e\u0432\u043a\u0435<\/p>\n<table style=\"height: 859px;\" border=\"0\" width=\"515\" frame=\"VOID\" rules=\"NONE\" cellspacing=\"0\">\n<colgroup>\n<col width=\"186\" \/>\n<col width=\"258\" \/><\/colgroup>\n<tbody>\n<tr>\n<td align=\"LEFT\" width=\"186\" height=\"18\">Abteilung:<\/td>\n<td align=\"LEFT\" width=\"258\">Damen<\/td>\n<\/tr>\n<tr>\n<td align=\"LEFT\" height=\"18\">Akzente:<\/td>\n<td align=\"LEFT\">Fellbesatz<\/td>\n<\/tr>\n<tr>\n<td align=\"LEFT\" height=\"18\">Anlass:<\/td>\n<td align=\"LEFT\">Freizeit<\/td>\n<\/tr>\n<tr>\n<td align=\"LEFT\" height=\"18\">Ausschnitt:<\/td>\n<td align=\"LEFT\">\u041a\u0430\u043f\u044e\u0448\u043e\u043d<\/td>\n<\/tr>\n<tr>\n<td align=\"LEFT\" height=\"18\">Au\u00dfenmaterial:<\/td>\n<td align=\"LEFT\">\u0425\u043b\u043e\u043f\u043e\u043a<\/td>\n<\/tr>\n<tr>\n<td align=\"LEFT\" height=\"18\">Besonderheiten:<\/td>\n<td align=\"LEFT\">Gef\u00fcttert, Herausnehmbares Innenfutter<\/td>\n<\/tr>\n<tr>\n<td align=\"LEFT\" height=\"18\">Charakter:<\/td>\n<td align=\"LEFT\">ohne<\/td>\n<\/tr>\n<tr>\n<td align=\"LEFT\" height=\"18\">EAN:<\/td>\n<td align=\"LEFT\">Nicht zutreffend<\/td>\n<\/tr>\n<tr>\n<td align=\"LEFT\" height=\"18\">\u0426\u0432\u0435\u0442:<\/td>\n<td align=\"LEFT\">\u0427\u0435\u0440\u043d\u044b\u0439<\/td>\n<\/tr>\n<tr>\n<td align=\"LEFT\" height=\"18\">Fellart:<\/td>\n<td align=\"LEFT\">Kunstfell: 80 % Polyacryl, 20 % Polyester<\/td>\n<\/tr>\n<tr>\n<td align=\"LEFT\" height=\"18\">Futtermaterial:<\/td>\n<td align=\"LEFT\">Leo-Webpelzfutter<\/td>\n<\/tr>\n<tr>\n<td align=\"LEFT\" height=\"18\">Gewebeart:<\/td>\n<td align=\"LEFT\">ohne Angabe<\/td>\n<\/tr>\n<tr>\n<td align=\"LEFT\" height=\"19\">Gr\u00f6\u00dfe:<\/td>\n<td align=\"LEFT\">36<\/td>\n<\/tr>\n<tr>\n<td align=\"LEFT\" height=\"18\">Gr\u00f6\u00dfenkategorie:<\/td>\n<td align=\"LEFT\">Normalgr\u00f6\u00dfe<\/td>\n<\/tr>\n<tr>\n<td align=\"LEFT\" height=\"18\">Herstellernummer:<\/td>\n<td align=\"LEFT\">205710BK36<\/td>\n<\/tr>\n<tr>\n<td align=\"LEFT\" height=\"18\">Herstellungsland und -region:<\/td>\n<td align=\"LEFT\">China<\/td>\n<\/tr>\n<tr>\n<td align=\"LEFT\" height=\"18\">Isoliermaterial:<\/td>\n<td align=\"LEFT\">Kunstpelz<\/td>\n<\/tr>\n<tr>\n<td align=\"LEFT\" height=\"18\">Jacken-\/Mantell\u00e4nge:<\/td>\n<td align=\"LEFT\">Oberschenkellang<\/td>\n<\/tr>\n<tr>\n<td align=\"LEFT\" height=\"18\">Jahreszeit:<\/td>\n<td align=\"LEFT\">Winter<\/td>\n<\/tr>\n<tr>\n<td align=\"LEFT\" height=\"18\">Marke:<\/td>\n<td align=\"LEFT\">JETTE<\/td>\n<\/tr>\n<tr>\n<td align=\"LEFT\" height=\"18\">Modell:<\/td>\n<td align=\"LEFT\">Leo<\/td>\n<\/tr>\n<tr>\n<td align=\"LEFT\" height=\"18\">Modifizierter Artikel:<\/td>\n<td align=\"LEFT\">Nein<\/td>\n<\/tr>\n<tr>\n<td align=\"LEFT\" height=\"18\">Muster:<\/td>\n<td align=\"LEFT\">Ohne Muster<\/td>\n<\/tr>\n<tr>\n<td align=\"LEFT\" height=\"18\">Produktart:<\/td>\n<td align=\"LEFT\">Jacke<\/td>\n<\/tr>\n<tr>\n<td align=\"LEFT\" height=\"18\">Stil:<\/td>\n<td align=\"LEFT\">\u041f\u0430\u0440\u043a\u0430<\/td>\n<\/tr>\n<tr>\n<td align=\"LEFT\" height=\"18\">Textilpflege:<\/td>\n<td align=\"LEFT\">\u041c\u0430\u0448\u0438\u043d\u043d\u0430\u044f \u0441\u0442\u0438\u0440\u043a\u0430<\/td>\n<\/tr>\n<tr>\n<td align=\"LEFT\" height=\"18\">Thema:<\/td>\n<td align=\"LEFT\">Outdoor<\/td>\n<\/tr>\n<tr>\n<td align=\"LEFT\" height=\"18\">Verschluss:<\/td>\n<td align=\"LEFT\">Rei\u00dfverschluss, Druckkn\u00f6pfe<\/td>\n<\/tr>\n<tr>\n<td align=\"LEFT\" height=\"18\">Vintage:<\/td>\n<td align=\"LEFT\">Nein<\/td>\n<\/tr>\n<\/tbody>\n<\/table>","protected":false},"featured_media":77844,"comment_status":"open","ping_status":"closed","template":"","meta":{"_seopress_robots_primary_cat":"","_seopress_titles_title":"","_seopress_titles_desc":"","_seopress_robots_index":""},"product_brand":[],"product_cat":[1348,1354,1440],"product_tag":[],"class_list":{"0":"post-77733","1":"product","2":"type-product","3":"status-publish","4":"has-post-thumbnail","6":"product_cat-damen-mode","7":"product_cat-jacken-maentel","8":"product_cat-parkas-winterjacken","9":"product_shipping_class-standard-versand","11":"first","12":"instock","13":"sale","14":"taxable","15":"shipping-taxable","16":"purchasable","17":"product-type-simple"},"_links":{"self":[{"href":"https:\/\/www.soanam.de\/ru\/wp-json\/wp\/v2\/product\/77733","targetHints":{"allow":["GET"]}}],"collection":[{"href":"https:\/\/www.soanam.de\/ru\/wp-json\/wp\/v2\/product"}],"about":[{"href":"https:\/\/www.soanam.de\/ru\/wp-json\/wp\/v2\/types\/product"}],"replies":[{"embeddable":true,"href":"https:\/\/www.soanam.de\/ru\/wp-json\/wp\/v2\/comments?post=77733"}],"wp:featuredmedia":[{"embeddable":true,"href":"https:\/\/www.soanam.de\/ru\/wp-json\/wp\/v2\/media\/77844"}],"wp:attachment":[{"href":"https:\/\/www.soanam.de\/ru\/wp-json\/wp\/v2\/media?parent=77733"}],"wp:term":[{"taxonomy":"product_brand","embeddable":true,"href":"https:\/\/www.soanam.de\/ru\/wp-json\/wp\/v2\/product_brand?post=77733"},{"taxonomy":"product_cat","embeddable":true,"href":"https:\/\/www.soanam.de\/ru\/wp-json\/wp\/v2\/product_cat?post=77733"},{"taxonomy":"product_tag","embeddable":true,"href":"https:\/\/www.soanam.de\/ru\/wp-json\/wp\/v2\/product_tag?post=77733"}],"curies":[{"name":"wp","href":"https:\/\/api.w.org\/{rel}","templated":true}]}}

<h3>Описание</h3>
<p>Der Parker von JETTE wirkt besonders cool dank Leo-Webpelzfutter</p>
<p><strong>С первого взгляда</strong><br />
abknöpfbares Leo-Webpelzfutter<br />
Kapuze mit abnehmbarem Webpelz<br />
Langarm mit 2 Knöpfen am Saum zur Weitenverstellung<br />
leger-weit<br />
Mitte Oberschenkel<br />
Kordelzug an der Taille und am Saum<br />
verdeckter 2-Wege-Reißverschluss<br />
Druckknopfblende<br />
Handy-Innentasche<br />
2 schräge Klappentaschen mit Druckknopfverschluss</p>
<p><strong>Maße (Größe 38)</strong><br />
Länge ca. 91 cm</p>
<p><strong>Материал</strong><br />
Oberstoff: 100 % Baumwolle<br />
Kunstfell: 80 % Polyacryl, 20 % Polyester<br />
Grundgewebe: 100 % Polyester</p>
<p><strong>Уход</strong><br />
Машинная стирка</p>

<h3>Artikelmerkmale</h3>
<p>Состояние товара: Новый с этикеткой: Новый, неиспользованный и неношеный товар в оригинальной упаковке</p>
<table style="height: 859px;" border="0" width="515" frame="VOID" rules="NONE" cellspacing="0">
<colgroup>
<col width="186" />
<col width="258" /></colgroup>
<tbody>
<tr>
<td align="LEFT" width="186" height="18">Abteilung:</td>
<td align="LEFT" width="258">Damen</td>
</tr>
<tr>
<td align="LEFT" height="18">Akzente:</td>
<td align="LEFT">Fellbesatz</td>
</tr>
<tr>
<td align="LEFT" height="18">Anlass:</td>
<td align="LEFT">Freizeit</td>
</tr>
<tr>
<td align="LEFT" height="18">Ausschnitt:</td>
<td align="LEFT">Капюшон</td>
</tr>
<tr>
<td align="LEFT" height="18">Außenmaterial:</td>
<td align="LEFT">Хлопок</td>
</tr>
<tr>
<td align="LEFT" height="18">Besonderheiten:</td>
<td align="LEFT">Gefüttert, Herausnehmbares Innenfutter</td>
</tr>
<tr>
<td align="LEFT" height="18">Charakter:</td>
<td align="LEFT">ohne</td>
</tr>
<tr>
<td align="LEFT" height="18">EAN:</td>
<td align="LEFT">Nicht zutreffend</td>
</tr>
<tr>
<td align="LEFT" height="18">Цвет:</td>
<td align="LEFT">Черный</td>
</tr>
<tr>
<td align="LEFT" height="18">Fellart:</td>
<td align="LEFT">Kunstfell: 80 % Polyacryl, 20 % Polyester</td>
</tr>
<tr>
<td align="LEFT" height="18">Futtermaterial:</td>
<td align="LEFT">Leo-Webpelzfutter</td>
</tr>
<tr>
<td align="LEFT" height="18">Gewebeart:</td>
<td align="LEFT">ohne Angabe</td>
</tr>
<tr>
<td align="LEFT" height="19">Größe:</td>
<td align="LEFT">36</td>
</tr>
<tr>
<td align="LEFT" height="18">Größenkategorie:</td>
<td align="LEFT">Normalgröße</td>
</tr>
<tr>
<td align="LEFT" height="18">Herstellernummer:</td>
<td align="LEFT">205710BK36</td>
</tr>
<tr>
<td align="LEFT" height="18">Herstellungsland und -region:</td>
<td align="LEFT">China</td>
</tr>
<tr>
<td align="LEFT" height="18">Isoliermaterial:</td>
<td align="LEFT">Kunstpelz</td>
</tr>
<tr>
<td align="LEFT" height="18">Jacken-/Mantellänge:</td>
<td align="LEFT">Oberschenkellang</td>
</tr>
<tr>
<td align="LEFT" height="18">Jahreszeit:</td>
<td align="LEFT">Winter</td>
</tr>
<tr>
<td align="LEFT" height="18">Marke:</td>
<td align="LEFT">JETTE</td>
</tr>
<tr>
<td align="LEFT" height="18">Modell:</td>
<td align="LEFT">Leo</td>
</tr>
<tr>
<td align="LEFT" height="18">Modifizierter Artikel:</td>
<td align="LEFT">Nein</td>
</tr>
<tr>
<td align="LEFT" height="18">Muster:</td>
<td align="LEFT">Ohne Muster</td>
</tr>
<tr>
<td align="LEFT" height="18">Produktart:</td>
<td align="LEFT">Jacke</td>
</tr>
<tr>
<td align="LEFT" height="18">Stil:</td>
<td align="LEFT">Парка</td>
</tr>
<tr>
<td align="LEFT" height="18">Textilpflege:</td>
<td align="LEFT">Машинная стирка</td>
</tr>
<tr>
<td align="LEFT" height="18">Thema:</td>
<td align="LEFT">Outdoor</td>
</tr>
<tr>
<td align="LEFT" height="18">Verschluss:</td>
<td align="LEFT">Reißverschluss, Druckknöpfe</td>
</tr>
<tr>
<td align="LEFT" height="18">Vintage:</td>
<td align="LEFT">Nein</td>
</tr>
</tbody>
</table>
