{"id":77339,"date":"2023-12-13T20:48:48","date_gmt":"2023-12-13T19:48:48","guid":{"rendered":"https:\/\/www.soanam.de\/?post_type=product&#038;p=77339"},"modified":"2023-12-13T20:53:39","modified_gmt":"2023-12-13T19:53:39","slug":"calvin-klein-jeans-hooded-puffer-jacket-winter-jacke-maenner-schwarz-gr-s","status":"publish","type":"product","link":"https:\/\/www.soanam.de\/ru\/produkt\/calvin-klein-jeans-hooded-puffer-jacket-winter-jacke-maenner-schwarz-gr-s\/","title":{"rendered":"Calvin Klein Jeans HOODED PUFFER JACKET - \u0417\u0438\u043c\u043d\u044f\u044f \u043a\u0443\u0440\u0442\u043a\u0430, \u043c\u0443\u0436\u0441\u043a\u0430\u044f, \u0447\u0435\u0440\u043d\u0430\u044f, \u0440\u0430\u0437\u043c\u0435\u0440 S"},"content":{"rendered":"<h3>\u041e\u043f\u0438\u0441\u0430\u043d\u0438\u0435<\/h3>\n<p>\u041f\u043e\u0434\u0440\u043e\u0431\u043d\u0435\u0435 \u043e\u0431 \u044d\u0442\u043e\u043c \u043f\u0440\u043e\u0434\u0443\u043a\u0442\u0435<\/p>\n<p>Integrierte Schulterriemen<br \/>\n\u0412\u043e\u0440\u043e\u0442\u043d\u0438\u043a: \u043a\u0430\u043f\u044e\u0448\u043e\u043d<br \/>\n\u0417\u0430\u0441\u0442\u0435\u0436\u043a\u0430: \u0437\u0430\u0441\u0442\u0435\u0436\u043a\u0430-\u043c\u043e\u043b\u043d\u0438\u044f<br \/>\nTaschen: Pattentaschen, innenliegende Tasche<br \/>\nDetails Kapuze: Kapuze mit Tunnelzug, gef\u00fctterte Kapuze<br \/>\n\u0414\u0435\u0442\u0430\u043b\u0438: \u043f\u0440\u043e\u0440\u0435\u0437\u043d\u044b\u0435 \u043a\u0430\u0440\u043c\u0430\u043d\u044b<\/p>\n<h3>\u041c\u0430\u0442\u0435\u0440\u0438\u0430\u043b \u0438 \u0438\u043d\u0441\u0442\u0440\u0443\u043a\u0446\u0438\u0438 \u043f\u043e \u0443\u0445\u043e\u0434\u0443<\/h3>\n<p>\u041c\u0430\u0442\u0435\u0440\u0438\u0430\u043b \u0432\u043d\u0435\u0448\u043d\u0435\u0439 \u0442\u043a\u0430\u043d\u0438: \u043f\u043e\u043b\u0438\u044d\u0441\u0442\u0435\u0440 100%<br \/>\n\u041c\u0430\u0442\u0435\u0440\u0438\u0430\u043b \u043d\u0430\u043f\u043e\u043b\u043d\u0438\u0442\u0435\u043b\u044f: \u043f\u043e\u043b\u0438\u044d\u0441\u0442\u0435\u0440 100%<br \/>\n\u041f\u043e\u0434\u043a\u043b\u0430\u0434\u043a\u0430: \u043f\u043e\u043b\u0438\u044d\u0441\u0442\u0435\u0440 100%<br \/>\n\u0422\u043e\u043b\u0449\u0438\u043d\u0430 \u043f\u043e\u0434\u043a\u043b\u0430\u0434\u043a\u0438: \u0422\u0435\u043f\u043b\u0430\u044f \u043f\u043e\u0434\u043a\u043b\u0430\u0434\u043a\u0430<br \/>\n\u0420\u0435\u043a\u043e\u043c\u0435\u043d\u0434\u0430\u0446\u0438\u0438 \u043f\u043e \u0443\u0445\u043e\u0434\u0443: \u041c\u0430\u0448\u0438\u043d\u043d\u0430\u044f \u0441\u0442\u0438\u0440\u043a\u0430 \u043f\u0440\u0438 30\u00b0C, \u0434\u0435\u043b\u0438\u043a\u0430\u0442\u043d\u044b\u0439 \u0440\u0435\u0436\u0438\u043c<\/p>\n<h3>Fit<\/h3>\n<p>Modelgr\u00f6\u00dfe: Unser Model ist 186 cm gro\u00df und tr\u00e4gt Gr\u00f6\u00dfe M<br \/>\n\u041f\u043e\u0441\u0430\u0434\u043a\u0430: \u043d\u043e\u0440\u043c\u0430\u043b\u044c\u043d\u0430\u044f<br \/>\n\u0414\u043b\u0438\u043d\u0430: \u041e\u0431\u044b\u0447\u043d\u0430\u044f \u0434\u043b\u0438\u043d\u0430<br \/>\n\u0414\u043b\u0438\u043d\u0430 \u0440\u0443\u043a\u0430\u0432\u0430: \u0434\u043b\u0438\u043d\u043d\u044b\u0439 \u0440\u0443\u043a\u0430\u0432<br \/>\n\u00c4rmell\u00e4nge: 65 cm bei Gr\u00f6\u00dfe M<br \/>\nR\u00fcckenbreite: 51 cm bei Gr\u00f6\u00dfe M<br \/>\nGesamtl\u00e4nge: 72 cm bei Gr\u00f6\u00dfe M<\/p>","protected":false},"excerpt":{"rendered":"<h3>Artikelmerkmale<\/h3>\n<p>\u0421\u043e\u0441\u0442\u043e\u044f\u043d\u0438\u0435 \u0442\u043e\u0432\u0430\u0440\u0430: \u041d\u043e\u0432\u044b\u0439 \u0441 \u044d\u0442\u0438\u043a\u0435\u0442\u043a\u043e\u0439: \u041d\u043e\u0432\u044b\u0439, \u043d\u0435\u0438\u0441\u043f\u043e\u043b\u044c\u0437\u043e\u0432\u0430\u043d\u043d\u044b\u0439 \u0438 \u043d\u0435\u043d\u043e\u0448\u0435\u043d\u044b\u0439 \u0442\u043e\u0432\u0430\u0440 \u0432 \u043e\u0440\u0438\u0433\u0438\u043d\u0430\u043b\u044c\u043d\u043e\u0439 \u0443\u043f\u0430\u043a\u043e\u0432\u043a\u0435<\/p>\n<p>Abteilung: Herren<br \/>\nAktivit\u00e4t: Spazieren<br \/>\nAnlass: Business, Freizeit, Reise<br \/>\nAu\u00dfenmaterial: Polyester<br \/>\nBesonderheiten: Durchgehender Rei\u00dfverschluss<br \/>\nCharakter: ohne<br \/>\nEAN: 8719852237985<br \/>\n\u0426\u0432\u0435\u0442: \u0447\u0435\u0440\u043d\u044b\u0439<br \/>\nFuttermaterial: Polyester<br \/>\nGewebeart: ohne Angabe<br \/>\n\u0420\u0430\u0437\u043c\u0435\u0440: S<br \/>\nGr\u00f6\u00dfenkategorie: Normalgr\u00f6\u00dfe<br \/>\nIsoliermaterial: Polyester<br \/>\nJahreszeit: Winter<br \/>\nMarke: Calvin Klein<br \/>\nModell: Puffer Jacket<br \/>\nMuster: Ohne Muster<br \/>\nProduktart: Jacke<br \/>\nStil: Puffer Jacket<br \/>\nThema: Sport<br \/>\n\u0417\u0430\u0441\u0442\u0435\u0436\u043a\u0430: \u0437\u0430\u0441\u0442\u0435\u0436\u043a\u0430-\u043c\u043e\u043b\u043d\u0438\u044f<br \/>\nVintage: Nein<\/p>","protected":false},"featured_media":77487,"comment_status":"open","ping_status":"closed","template":"","meta":{"_seopress_robots_primary_cat":"","_seopress_titles_title":"","_seopress_titles_desc":"","_seopress_robots_index":""},"product_brand":[],"product_cat":[1345,1363,1377,1412],"product_tag":[],"class_list":{"0":"post-77339","1":"product","2":"type-product","3":"status-publish","4":"has-post-thumbnail","6":"product_cat-herrenmode","7":"product_cat-jacken-maentel-herrenmode","8":"product_cat-winterjacken-jacken-maentel-herrenmode","9":"product_cat-pufferjacken","10":"product_shipping_class-standard-versand","12":"first","13":"instock","14":"sale","15":"taxable","16":"shipping-taxable","17":"purchasable","18":"product-type-simple"},"_links":{"self":[{"href":"https:\/\/www.soanam.de\/ru\/wp-json\/wp\/v2\/product\/77339","targetHints":{"allow":["GET"]}}],"collection":[{"href":"https:\/\/www.soanam.de\/ru\/wp-json\/wp\/v2\/product"}],"about":[{"href":"https:\/\/www.soanam.de\/ru\/wp-json\/wp\/v2\/types\/product"}],"replies":[{"embeddable":true,"href":"https:\/\/www.soanam.de\/ru\/wp-json\/wp\/v2\/comments?post=77339"}],"wp:featuredmedia":[{"embeddable":true,"href":"https:\/\/www.soanam.de\/ru\/wp-json\/wp\/v2\/media\/77487"}],"wp:attachment":[{"href":"https:\/\/www.soanam.de\/ru\/wp-json\/wp\/v2\/media?parent=77339"}],"wp:term":[{"taxonomy":"product_brand","embeddable":true,"href":"https:\/\/www.soanam.de\/ru\/wp-json\/wp\/v2\/product_brand?post=77339"},{"taxonomy":"product_cat","embeddable":true,"href":"https:\/\/www.soanam.de\/ru\/wp-json\/wp\/v2\/product_cat?post=77339"},{"taxonomy":"product_tag","embeddable":true,"href":"https:\/\/www.soanam.de\/ru\/wp-json\/wp\/v2\/product_tag?post=77339"}],"curies":[{"name":"wp","href":"https:\/\/api.w.org\/{rel}","templated":true}]}}

Calvin Klein Jeans HOODED PUFFER JACKET - Зимняя куртка, мужская, черная, размер S

<h3>Описание</h3>
<p>Подробнее об этом продукте</p>
<p>Integrierte Schulterriemen<br />
Воротник: капюшон<br />
Застежка: застежка-молния<br />
Taschen: Pattentaschen, innenliegende Tasche<br />
Details Kapuze: Kapuze mit Tunnelzug, gefütterte Kapuze<br />
Детали: прорезные карманы</p>
<h3>Материал и инструкции по уходу</h3>
<p>Материал внешней ткани: полиэстер 100%<br />
Материал наполнителя: полиэстер 100%<br />
Подкладка: полиэстер 100%<br />
Толщина подкладки: Теплая подкладка<br />
Рекомендации по уходу: Машинная стирка при 30°C, деликатный режим</p>
<h3>Fit</h3>
<p>Modelgröße: Unser Model ist 186 cm groß und trägt Größe M<br />
Посадка: нормальная<br />
Длина: Обычная длина<br />
Длина рукава: длинный рукав<br />
Ärmellänge: 65 cm bei Größe M<br />
Rückenbreite: 51 cm bei Größe M<br />
Gesamtlänge: 72 cm bei Größe M</p>

<h3>Artikelmerkmale</h3>
<p>Состояние товара: Новый с этикеткой: Новый, неиспользованный и неношеный товар в оригинальной упаковке</p>
<p>Abteilung: Herren<br />
Aktivität: Spazieren<br />
Anlass: Business, Freizeit, Reise<br />
Außenmaterial: Polyester<br />
Besonderheiten: Durchgehender Reißverschluss<br />
Charakter: ohne<br />
EAN: 8719852237985<br />
Цвет: черный<br />
Futtermaterial: Polyester<br />
Gewebeart: ohne Angabe<br />
Размер: S<br />
Größenkategorie: Normalgröße<br />
Isoliermaterial: Polyester<br />
Jahreszeit: Winter<br />
Marke: Calvin Klein<br />
Modell: Puffer Jacket<br />
Muster: Ohne Muster<br />
Produktart: Jacke<br />
Stil: Puffer Jacket<br />
Thema: Sport<br />
Застежка: застежка-молния<br />
Vintage: Nein</p>
