{"id":83760,"date":"2023-12-17T02:45:41","date_gmt":"2023-12-17T01:45:41","guid":{"rendered":"https:\/\/www.soanam.de\/?post_type=product&#038;p=83760"},"modified":"2026-02-14T18:32:41","modified_gmt":"2026-02-14T17:32:41","slug":"oferta-specjalna-cafe-mena-cale-ziarna-100-arabica-1kg-z-hiszpanii-w-specjalnej-cenie","status":"publish","type":"product","link":"https:\/\/www.soanam.de\/pl\/produkt\/sonderangebot-cafe-mena-ganze-bohnen-100-arabica-1kg-aus-spanien-zum-sparpreis\/","title":{"rendered":"Caf\u00e9 Mena, ca\u0142e ziarna, 100% Arabica 1kg, z Hiszpanii"},"content":{"rendered":"<table align=\"center\">\n<tbody>\n<tr>\n<td>\n<div id=\"ds_div\">\n<p><b>Caf\u00e9 Mena, ca\u0142e ziarna, 100% Arabica 1000g, z Hiszpanii<\/b><\/p>\n<div><b>\u00a0<\/b><\/div>\n<div>\n<p>Kawa od 100%\u00a0<span style=\"font-family: Arial; font-size: large;\">Ziarna arabiki<\/span><br \/>\nNaturalnie pra\u017cone i pakowane w Hiszpanii<\/p>\n<p>Jako\u015b\u0107 osi\u0105gni\u0119ta dzi\u0119ki rygorystycznej selekcji najlepszych ziaren Arabiki na \u015bwiecie.<\/p>\n<p>Niezb\u0119dnym warunkiem uzyskania najlepszej kawy jest odpowiednie zmielenie ziaren. Stopie\u0144 zmielenia zale\u017cy od u\u017cywanego ekspresu do kawy. W przypadku ekspres\u00f3w do kawy espresso zalecamy drobniejsze mielenie ni\u017c w przypadku w\u0142oskich ekspres\u00f3w filtruj\u0105cych. Wa\u017cne jest, aby jednorazowo mieli\u0107 tylko tyle kawy, ile potrzeba, poniewa\u017c ziarna kawy przechowuj\u0105 si\u0119 lepiej ni\u017c kawa mielona.<\/p>\n<p>&nbsp;<\/p>\n<\/div>\n<\/div>\n<\/td>\n<\/tr>\n<\/tbody>\n<\/table>","protected":false},"excerpt":{"rendered":"<div class=\"ux-layout-section-evo__row\">\n<div class=\"ux-layout-section-evo__col\">\n<div class=\"ux-labels-values__labels\">\n<div class=\"ux-labels-values__labels-content\">\n<div><span class=\"ux-textspans\">Produktname: <\/span>Cafe' Mena<\/div>\n<\/div>\n<\/div>\n<\/div>\n<\/div>\n<div class=\"ux-layout-section-evo__row\">\n<div class=\"ux-layout-section-evo__col\">\n<div class=\"ux-labels-values__labels\">\n<div class=\"ux-labels-values__labels-content\">\n<div><span class=\"ux-textspans\">Produktart: Arabica <\/span>Bohnen<\/div>\n<\/div>\n<\/div>\n<\/div>\n<div class=\"ux-layout-section-evo__col\">\n<div class=\"ux-labels-values__labels\">\n<div class=\"ux-labels-values__labels-content\">\n<div><span class=\"ux-textspans\">Stil: <\/span>Spanisch<\/div>\n<\/div>\n<\/div>\n<\/div>\n<\/div>\n<div class=\"ux-layout-section-evo__row\">\n<div class=\"ux-layout-section-evo__col\">\n<div class=\"ux-labels-values__labels\">\n<div class=\"ux-labels-values__labels-content\">\n<div><span class=\"ux-textspans\">G\u00fctesiegel &amp; Kennzeichnungen: <\/span>Ger\u00f6stet und Verpackt in Spanien<\/div>\n<\/div>\n<\/div>\n<\/div>\n<div class=\"ux-layout-section-evo__col\">\n<div class=\"ux-labels-values__labels\">\n<div class=\"ux-labels-values__labels-content\">\n<div><span class=\"ux-textspans\">Geschmack: <\/span>Kawa<\/div>\n<\/div>\n<\/div>\n<\/div>\n<\/div>\n<div class=\"ux-layout-section-evo__row\">\n<div class=\"ux-layout-section-evo__col\">\n<div class=\"ux-labels-values__labels\">\n<div class=\"ux-labels-values__labels-content\">\n<div><span class=\"ux-textspans\">Anzahl pro Packung: <\/span>1<\/div>\n<\/div>\n<\/div>\n<\/div>\n<div class=\"ux-layout-section-evo__col\">\n<div class=\"ux-labels-values__labels\">\n<div class=\"ux-labels-values__labels-content\">\n<div><span class=\"ux-textspans\">Waga: <\/span>1 kg<\/div>\n<\/div>\n<\/div>\n<\/div>\n<\/div>\n<div class=\"ux-layout-section-evo__row\">\n<div class=\"ux-layout-section-evo__col\">\n<div class=\"ux-labels-values__labels\">\n<div class=\"ux-labels-values__labels-content\">\n<div><span class=\"ux-textspans\">Herstellernummer: <\/span>250001727-AL<\/div>\n<\/div>\n<\/div>\n<\/div>\n<div class=\"ux-layout-section-evo__col\">\n<div class=\"ux-labels-values__labels\">\n<div class=\"ux-labels-values__labels-content\">\n<div><span class=\"ux-textspans\">Marke: <\/span>Mena<\/div>\n<\/div>\n<\/div>\n<\/div>\n<\/div>\n<div class=\"ux-layout-section-evo__row\">\n<div class=\"ux-layout-section-evo__col\">\n<div class=\"ux-labels-values__labels\">\n<div class=\"ux-labels-values__labels-content\">\n<div><span class=\"ux-textspans\">Herstellungsland und -region: <\/span>Spanien<\/div>\n<\/div>\n<\/div>\n<\/div>\n<div class=\"ux-layout-section-evo__col\">\n<div class=\"ux-labels-values__labels\">\n<div class=\"ux-labels-values__labels-content\">\n<div><span class=\"ux-textspans\">Lebensmittelabteilung: <\/span>Haltbare Lebensmittel<\/div>\n<\/div>\n<\/div>\n<\/div>\n<\/div>\n<div class=\"ux-layout-section-evo__row\">\n<div class=\"ux-layout-section-evo__col\">\n<div class=\"ux-labels-values__labels\">\n<div class=\"ux-labels-values__labels-content\">\n<div><span class=\"ux-textspans\">R\u00f6stung: <\/span>Medium Dunkel<\/div>\n<\/div>\n<\/div>\n<\/div>\n<div class=\"ux-layout-section-evo__col\">\n<div class=\"ux-labels-values__labels\">\n<div class=\"ux-labels-values__labels-content\">\n<div><span class=\"ux-textspans\">Ablaufdatum: <\/span>12\/2025<\/div>\n<\/div>\n<\/div>\n<\/div>\n<\/div>\n<div class=\"ux-layout-section-evo__row\">\n<div class=\"ux-layout-section-evo__col\">\n<div class=\"ux-labels-values__labels\">\n<div class=\"ux-labels-values__labels-content\">\n<div><span class=\"ux-textspans\">L\u00e4nderk\u00fcche\/Region: <\/span>Spanisch<\/div>\n<\/div>\n<\/div>\n<\/div>\n<div class=\"ux-layout-section-evo__col\">\n<div class=\"ux-labels-values__labels\">\n<div class=\"ux-labels-values__labels-content\">\n<div><span class=\"ux-textspans\">EAN: <\/span>8437025388004<\/div>\n<\/div>\n<\/div>\n<\/div>\n<\/div>","protected":false},"featured_media":83776,"comment_status":"closed","ping_status":"closed","template":"","meta":{"_seopress_robots_primary_cat":"none","_seopress_titles_title":"","_seopress_titles_desc":"","_seopress_robots_index":""},"product_brand":[],"product_cat":[1713,1714],"product_tag":[],"class_list":{"0":"post-83760","1":"product","2":"type-product","3":"status-publish","4":"has-post-thumbnail","6":"product_cat-genussmittel","7":"product_cat-kaffee","9":"first","10":"instock","11":"sale","12":"taxable","13":"shipping-taxable","14":"purchasable","15":"product-type-simple"},"_links":{"self":[{"href":"https:\/\/www.soanam.de\/pl\/wp-json\/wp\/v2\/product\/83760","targetHints":{"allow":["GET"]}}],"collection":[{"href":"https:\/\/www.soanam.de\/pl\/wp-json\/wp\/v2\/product"}],"about":[{"href":"https:\/\/www.soanam.de\/pl\/wp-json\/wp\/v2\/types\/product"}],"replies":[{"embeddable":true,"href":"https:\/\/www.soanam.de\/pl\/wp-json\/wp\/v2\/comments?post=83760"}],"wp:featuredmedia":[{"embeddable":true,"href":"https:\/\/www.soanam.de\/pl\/wp-json\/wp\/v2\/media\/83776"}],"wp:attachment":[{"href":"https:\/\/www.soanam.de\/pl\/wp-json\/wp\/v2\/media?parent=83760"}],"wp:term":[{"taxonomy":"product_brand","embeddable":true,"href":"https:\/\/www.soanam.de\/pl\/wp-json\/wp\/v2\/product_brand?post=83760"},{"taxonomy":"product_cat","embeddable":true,"href":"https:\/\/www.soanam.de\/pl\/wp-json\/wp\/v2\/product_cat?post=83760"},{"taxonomy":"product_tag","embeddable":true,"href":"https:\/\/www.soanam.de\/pl\/wp-json\/wp\/v2\/product_tag?post=83760"}],"curies":[{"name":"wp","href":"https:\/\/api.w.org\/{rel}","templated":true}]}}

Café Mena, całe ziarna, 100% Arabica 1kg, z Hiszpanii

<table align="center">
<tbody>
<tr>
<td>
<div id="ds_div">
<p><b>Café Mena, całe ziarna, 100% Arabica 1000g, z Hiszpanii</b></p>
<div><b> </b></div>
<div>
<p>Kawa od 100% <span style="font-family: Arial; font-size: large;">Ziarna arabiki</span><br />
Naturalnie prażone i pakowane w Hiszpanii</p>
<p>Jakość osiągnięta dzięki rygorystycznej selekcji najlepszych ziaren Arabiki na świecie.</p>
<p>Niezbędnym warunkiem uzyskania najlepszej kawy jest odpowiednie zmielenie ziaren. Stopień zmielenia zależy od używanego ekspresu do kawy. W przypadku ekspresów do kawy espresso zalecamy drobniejsze mielenie niż w przypadku włoskich ekspresów filtrujących. Ważne jest, aby jednorazowo mielić tylko tyle kawy, ile potrzeba, ponieważ ziarna kawy przechowują się lepiej niż kawa mielona.</p>
<p>&nbsp;</p>
</div>
</div>
</td>
</tr>
</tbody>
</table>

<div class="ux-layout-section-evo__row">
<div class="ux-layout-section-evo__col">
<div class="ux-labels-values__labels">
<div class="ux-labels-values__labels-content">
<div><span class="ux-textspans">Produktname: </span>Cafe' Mena</div>
</div>
</div>
</div>
</div>
<div class="ux-layout-section-evo__row">
<div class="ux-layout-section-evo__col">
<div class="ux-labels-values__labels">
<div class="ux-labels-values__labels-content">
<div><span class="ux-textspans">Produktart: Arabica </span>Bohnen</div>
</div>
</div>
</div>
<div class="ux-layout-section-evo__col">
<div class="ux-labels-values__labels">
<div class="ux-labels-values__labels-content">
<div><span class="ux-textspans">Stil: </span>Spanisch</div>
</div>
</div>
</div>
</div>
<div class="ux-layout-section-evo__row">
<div class="ux-layout-section-evo__col">
<div class="ux-labels-values__labels">
<div class="ux-labels-values__labels-content">
<div><span class="ux-textspans">Gütesiegel &amp; Kennzeichnungen: </span>Geröstet und Verpackt in Spanien</div>
</div>
</div>
</div>
<div class="ux-layout-section-evo__col">
<div class="ux-labels-values__labels">
<div class="ux-labels-values__labels-content">
<div><span class="ux-textspans">Geschmack: </span>Kawa</div>
</div>
</div>
</div>
</div>
<div class="ux-layout-section-evo__row">
<div class="ux-layout-section-evo__col">
<div class="ux-labels-values__labels">
<div class="ux-labels-values__labels-content">
<div><span class="ux-textspans">Anzahl pro Packung: </span>1</div>
</div>
</div>
</div>
<div class="ux-layout-section-evo__col">
<div class="ux-labels-values__labels">
<div class="ux-labels-values__labels-content">
<div><span class="ux-textspans">Waga: </span>1 kg</div>
</div>
</div>
</div>
</div>
<div class="ux-layout-section-evo__row">
<div class="ux-layout-section-evo__col">
<div class="ux-labels-values__labels">
<div class="ux-labels-values__labels-content">
<div><span class="ux-textspans">Herstellernummer: </span>250001727-AL</div>
</div>
</div>
</div>
<div class="ux-layout-section-evo__col">
<div class="ux-labels-values__labels">
<div class="ux-labels-values__labels-content">
<div><span class="ux-textspans">Marke: </span>Mena</div>
</div>
</div>
</div>
</div>
<div class="ux-layout-section-evo__row">
<div class="ux-layout-section-evo__col">
<div class="ux-labels-values__labels">
<div class="ux-labels-values__labels-content">
<div><span class="ux-textspans">Herstellungsland und -region: </span>Spanien</div>
</div>
</div>
</div>
<div class="ux-layout-section-evo__col">
<div class="ux-labels-values__labels">
<div class="ux-labels-values__labels-content">
<div><span class="ux-textspans">Lebensmittelabteilung: </span>Haltbare Lebensmittel</div>
</div>
</div>
</div>
</div>
<div class="ux-layout-section-evo__row">
<div class="ux-layout-section-evo__col">
<div class="ux-labels-values__labels">
<div class="ux-labels-values__labels-content">
<div><span class="ux-textspans">Röstung: </span>Medium Dunkel</div>
</div>
</div>
</div>
<div class="ux-layout-section-evo__col">
<div class="ux-labels-values__labels">
<div class="ux-labels-values__labels-content">
<div><span class="ux-textspans">Ablaufdatum: </span>12/2025</div>
</div>
</div>
</div>
</div>
<div class="ux-layout-section-evo__row">
<div class="ux-layout-section-evo__col">
<div class="ux-labels-values__labels">
<div class="ux-labels-values__labels-content">
<div><span class="ux-textspans">Länderküche/Region: </span>Spanisch</div>
</div>
</div>
</div>
<div class="ux-layout-section-evo__col">
<div class="ux-labels-values__labels">
<div class="ux-labels-values__labels-content">
<div><span class="ux-textspans">EAN: </span>8437025388004</div>
</div>
</div>
</div>
</div>
