{"id":83649,"date":"2023-12-17T02:04:35","date_gmt":"2023-12-17T01:04:35","guid":{"rendered":"https:\/\/www.soanam.de\/?post_type=product&#038;p=83649"},"modified":"2023-12-17T02:41:58","modified_gmt":"2023-12-17T01:41:58","slug":"mont-chalet-damen-hausanzug-in-creme-gold-gr-m","status":"publish","type":"product","link":"https:\/\/www.soanam.de\/pl\/produkt\/mont-chalet-damen-hausanzug-in-creme-gold-gr-m\/","title":{"rendered":"Damski kombinezon domowy Mont Chalet, kremowo-z\u0142oty, rozmiar M"},"content":{"rendered":"<p>Hausanzug\u00a0 aus 100% Mikrofaser-Chinchilla<\/p>\n<p>Oberteil mit Anker-Druck und\u00a0 2-Wege-Rei\u00dfverschlu\u00df<\/p>\n<p>Hose mit geradem Bein und breiten, dehnbaren Gummibund<\/p>\n<p>W\u00e4rmend, weich, atmungsaktiv, hautfreundlich und bequem<\/p>\n<p>&nbsp;<\/p>\n<p>Aus feinem Mikrofaser-Chinchilla gefertigt bietet dieser kuschlige Hausanzug von Mont Chalet ein Wohlgef\u00fchl, das Sie nicht mehr missen m\u00f6chten.<\/p>\n<p>In edler Cremefarbe mit goldfarbenem Ankerdruck bietet die Jacke einen 2-Wege-Rei\u00dfverschluss, 2 Seitentaschen und einen Stehkragen.<\/p>\n<p>Die unifarbene Hose hat einen geraden Beinschnitt, eine normale Leibh\u00f6he und einen Dehnbund.<\/p>\n<p>&nbsp;<\/p>\n<p>Materia\u0142: poliester 100%<br \/>\nWskaz\u00f3wki dotycz\u0105ce piel\u0119gnacji: Pra\u0107 w pralce<\/p>\n<p>Farbe: creme, gold<br \/>\nWz\u00f3r: Kotwica<br \/>\nRozmiar: M<\/p>\n<p>Ma\u00dfe Oberteil<\/p>\n<p>Szeroko\u015b\u0107 ramion: 43 cm<br \/>\nSzeroko\u015b\u0107 klatki piersiowej: 114 cm<br \/>\nD\u0142ugo\u015b\u0107 r\u0119kawa: 59 cm<br \/>\nCa\u0142kowita d\u0142ugo\u015b\u0107: 68 cm<\/p>\n<p>Ma\u00dfe Hose<\/p>\n<p>Rozmiar talii: 70 cm<br \/>\nSzeroko\u015b\u0107 w biodrach: 108 cm<br \/>\nD\u0142ugo\u015b\u0107 stopnia: 74 cm<br \/>\nCa\u0142kowita d\u0142ugo\u015b\u0107: 108 cm<\/p>\n<p>&nbsp;<\/p>\n<p>Jest to zwrot od klienta bez etykiety.<\/p>","protected":false},"excerpt":{"rendered":"<table class=\"dv_characteristicsTable\">\n<tbody>\n<tr>\n<td class=\"left\">Rozmiar<\/td>\n<td>M<\/td>\n<\/tr>\n<tr>\n<td class=\"left\">Gr\u00f6\u00dfensystem<\/td>\n<td>EU-Gr\u00f6\u00dfen<\/td>\n<\/tr>\n<tr>\n<td class=\"left\">Gr\u00f6\u00dfentyp<\/td>\n<td>Normalgr\u00f6\u00dfe<\/td>\n<\/tr>\n<tr>\n<td class=\"left\">Kolor<\/td>\n<td>creme<\/td>\n<\/tr>\n<tr>\n<td class=\"left\">Applikationen<\/td>\n<td>Hausanzug \/ Freizeitanzug aus Mikrofaser-Chinchilla<\/td>\n<\/tr>\n<tr>\n<td class=\"left\">Torby<\/td>\n<td>Kieszenie<\/td>\n<\/tr>\n<tr>\n<td class=\"left\">Verschluss<\/td>\n<td>Rei\u00dfverschlu\u00df<\/td>\n<\/tr>\n<tr>\n<td class=\"left\">Verschlussdetails<\/td>\n<td>2-Wege-Rei\u00dfverschlu\u00df<\/td>\n<\/tr>\n<tr>\n<td class=\"left\">Materialart<\/td>\n<td>Mikrofaser Chinchilla<\/td>\n<\/tr>\n<tr>\n<td class=\"left\">Materialeigenschaften<\/td>\n<td>w\u00e4rmend , pflegeleicht, bequem<\/td>\n<\/tr>\n<tr>\n<td class=\"left\">Sk\u0142ad materia\u0142u<\/td>\n<td>100% Poliester<\/td>\n<\/tr>\n<tr>\n<td class=\"left\">Instrukcje dotycz\u0105ce piel\u0119gnacji<\/td>\n<td>Maschinenw\u00e4sche 40 Grad , nicht trocknergeeignet<\/td>\n<\/tr>\n<tr>\n<td class=\"left\">Optik<\/td>\n<td>mit goldfarbigen Druck<\/td>\n<\/tr>\n<tr>\n<td class=\"left\">Stil<\/td>\n<td>klassisch, casual<\/td>\n<\/tr>\n<tr>\n<td class=\"left\">Kragen<\/td>\n<td>Obro\u017ca stoj\u0105ca<\/td>\n<\/tr>\n<tr>\n<td class=\"left\">Dopasowanie<\/td>\n<td>bequem<\/td>\n<\/tr>\n<tr>\n<td class=\"left\">Beinform<\/td>\n<td>gerade<\/td>\n<\/tr>\n<tr>\n<td class=\"left\">Leibh\u00f6he<\/td>\n<td>normal<\/td>\n<\/tr>\n<tr>\n<td class=\"left\">Bundabschluss<\/td>\n<td>elastischer Bund<\/td>\n<\/tr>\n<tr>\n<td class=\"left\"><\/td>\n<td><\/td>\n<\/tr>\n<tr>\n<td class=\"left\"><\/td>\n<td><\/td>\n<\/tr>\n<tr>\n<td class=\"left\"><\/td>\n<td><\/td>\n<\/tr>\n<tr>\n<td class=\"left\"><\/td>\n<td><\/td>\n<\/tr>\n<tr>\n<td class=\"left\"><\/td>\n<td><\/td>\n<\/tr>\n<tr>\n<td class=\"left\"><\/td>\n<td><\/td>\n<\/tr>\n<tr>\n<td class=\"left\"><\/td>\n<td><\/td>\n<\/tr>\n<tr>\n<td class=\"left\"><\/td>\n<td><\/td>\n<\/tr>\n<tr>\n<td class=\"left\"><\/td>\n<td><\/td>\n<\/tr>\n<\/tbody>\n<\/table>\n<p>&nbsp;<\/p>\n<p>&nbsp;<\/p>\n<p>&nbsp;<\/p>","protected":false},"featured_media":83705,"comment_status":"open","ping_status":"closed","template":"","meta":{"_seopress_robots_primary_cat":"","_seopress_titles_title":"","_seopress_titles_desc":"","_seopress_robots_index":""},"product_brand":[],"product_cat":[1348,1520,1578,1638,1639],"product_tag":[],"class_list":{"0":"post-83649","1":"product","2":"type-product","3":"status-publish","4":"has-post-thumbnail","6":"product_cat-damen-mode","7":"product_cat-nachtwaesche","8":"product_cat-sets-damen-mode","9":"product_cat-schlafanzuege-nachtwaesche","10":"product_cat-pyjama-lang","11":"product_shipping_class-standard-versand","13":"first","14":"instock","15":"sale","16":"taxable","17":"shipping-taxable","18":"purchasable","19":"product-type-simple"},"_links":{"self":[{"href":"https:\/\/www.soanam.de\/pl\/wp-json\/wp\/v2\/product\/83649","targetHints":{"allow":["GET"]}}],"collection":[{"href":"https:\/\/www.soanam.de\/pl\/wp-json\/wp\/v2\/product"}],"about":[{"href":"https:\/\/www.soanam.de\/pl\/wp-json\/wp\/v2\/types\/product"}],"replies":[{"embeddable":true,"href":"https:\/\/www.soanam.de\/pl\/wp-json\/wp\/v2\/comments?post=83649"}],"wp:featuredmedia":[{"embeddable":true,"href":"https:\/\/www.soanam.de\/pl\/wp-json\/wp\/v2\/media\/83705"}],"wp:attachment":[{"href":"https:\/\/www.soanam.de\/pl\/wp-json\/wp\/v2\/media?parent=83649"}],"wp:term":[{"taxonomy":"product_brand","embeddable":true,"href":"https:\/\/www.soanam.de\/pl\/wp-json\/wp\/v2\/product_brand?post=83649"},{"taxonomy":"product_cat","embeddable":true,"href":"https:\/\/www.soanam.de\/pl\/wp-json\/wp\/v2\/product_cat?post=83649"},{"taxonomy":"product_tag","embeddable":true,"href":"https:\/\/www.soanam.de\/pl\/wp-json\/wp\/v2\/product_tag?post=83649"}],"curies":[{"name":"wp","href":"https:\/\/api.w.org\/{rel}","templated":true}]}}

Damski kombinezon domowy Mont Chalet, kremowo-złoty, rozmiar M

<p>Hausanzug  aus 100% Mikrofaser-Chinchilla</p>
<p>Oberteil mit Anker-Druck und  2-Wege-Reißverschluß</p>
<p>Hose mit geradem Bein und breiten, dehnbaren Gummibund</p>
<p>Wärmend, weich, atmungsaktiv, hautfreundlich und bequem</p>
<p>&nbsp;</p>
<p>Aus feinem Mikrofaser-Chinchilla gefertigt bietet dieser kuschlige Hausanzug von Mont Chalet ein Wohlgefühl, das Sie nicht mehr missen möchten.</p>
<p>In edler Cremefarbe mit goldfarbenem Ankerdruck bietet die Jacke einen 2-Wege-Reißverschluss, 2 Seitentaschen und einen Stehkragen.</p>
<p>Die unifarbene Hose hat einen geraden Beinschnitt, eine normale Leibhöhe und einen Dehnbund.</p>
<p>&nbsp;</p>
<p>Materiał: poliester 100%<br />
Wskazówki dotyczące pielęgnacji: Prać w pralce</p>
<p>Farbe: creme, gold<br />
Wzór: Kotwica<br />
Rozmiar: M</p>
<p>Maße Oberteil</p>
<p>Szerokość ramion: 43 cm<br />
Szerokość klatki piersiowej: 114 cm<br />
Długość rękawa: 59 cm<br />
Całkowita długość: 68 cm</p>
<p>Maße Hose</p>
<p>Rozmiar talii: 70 cm<br />
Szerokość w biodrach: 108 cm<br />
Długość stopnia: 74 cm<br />
Całkowita długość: 108 cm</p>
<p>&nbsp;</p>
<p>Jest to zwrot od klienta bez etykiety.</p>

<table class="dv_characteristicsTable">
<tbody>
<tr>
<td class="left">Rozmiar</td>
<td>M</td>
</tr>
<tr>
<td class="left">Größensystem</td>
<td>EU-Größen</td>
</tr>
<tr>
<td class="left">Größentyp</td>
<td>Normalgröße</td>
</tr>
<tr>
<td class="left">Kolor</td>
<td>creme</td>
</tr>
<tr>
<td class="left">Applikationen</td>
<td>Hausanzug / Freizeitanzug aus Mikrofaser-Chinchilla</td>
</tr>
<tr>
<td class="left">Torby</td>
<td>Kieszenie</td>
</tr>
<tr>
<td class="left">Verschluss</td>
<td>Reißverschluß</td>
</tr>
<tr>
<td class="left">Verschlussdetails</td>
<td>2-Wege-Reißverschluß</td>
</tr>
<tr>
<td class="left">Materialart</td>
<td>Mikrofaser Chinchilla</td>
</tr>
<tr>
<td class="left">Materialeigenschaften</td>
<td>wärmend , pflegeleicht, bequem</td>
</tr>
<tr>
<td class="left">Skład materiału</td>
<td>100% Poliester</td>
</tr>
<tr>
<td class="left">Instrukcje dotyczące pielęgnacji</td>
<td>Maschinenwäsche 40 Grad , nicht trocknergeeignet</td>
</tr>
<tr>
<td class="left">Optik</td>
<td>mit goldfarbigen Druck</td>
</tr>
<tr>
<td class="left">Stil</td>
<td>klassisch, casual</td>
</tr>
<tr>
<td class="left">Kragen</td>
<td>Obroża stojąca</td>
</tr>
<tr>
<td class="left">Dopasowanie</td>
<td>bequem</td>
</tr>
<tr>
<td class="left">Beinform</td>
<td>gerade</td>
</tr>
<tr>
<td class="left">Leibhöhe</td>
<td>normal</td>
</tr>
<tr>
<td class="left">Bundabschluss</td>
<td>elastischer Bund</td>
</tr>
<tr>
<td class="left"></td>
<td></td>
</tr>
<tr>
<td class="left"></td>
<td></td>
</tr>
<tr>
<td class="left"></td>
<td></td>
</tr>
<tr>
<td class="left"></td>
<td></td>
</tr>
<tr>
<td class="left"></td>
<td></td>
</tr>
<tr>
<td class="left"></td>
<td></td>
</tr>
<tr>
<td class="left"></td>
<td></td>
</tr>
<tr>
<td class="left"></td>
<td></td>
</tr>
<tr>
<td class="left"></td>
<td></td>
</tr>
</tbody>
</table>
<p>&nbsp;</p>
<p>&nbsp;</p>
<p>&nbsp;</p>
