{"id":83553,"date":"2023-12-17T01:54:38","date_gmt":"2023-12-17T00:54:38","guid":{"rendered":"https:\/\/www.soanam.de\/?post_type=product&#038;p=83553"},"modified":"2023-12-17T02:02:05","modified_gmt":"2023-12-17T01:02:05","slug":"hailys-strickkleid-clarice-in-schwarz-gr-xl","status":"publish","type":"product","link":"https:\/\/www.soanam.de\/pl\/produkt\/hailys-strickkleid-clarice-in-schwarz-gr-xl\/","title":{"rendered":"Hailys Strickkleid Clarice, in Schwarz, Gr. XL"},"content":{"rendered":"<p>Weiches Strickkleid von Hailys<br \/>\nMit Rundhals-Ausschnitt<br \/>\nIn Falten angesetztes Rockteil<br \/>\nAus angenehmer Viskosemischung<\/p>\n<p>Das Strickkleid von Hailys bietet in seiner schlichten Eleganz einen hohen Wohlf\u00fchlfaktor dank der weichen Feinstrickqualit\u00e4t aus einer Viskosemischung.<br \/>\nDas Kleid hat einen Rundhals-Ausschnitt, lange \u00c4rmel und ein in Falten gelegtes Rockteil.<\/p>\n<p>Material: 73% Polyester, 24% Viskose, 3% Elasthan<br \/>\nWskaz\u00f3wki dotycz\u0105ce piel\u0119gnacji: Pra\u0107 w pralce<\/p>\n<p>Kolor: czarny<br \/>\nWz\u00f3r: bez<br \/>\nRozmiar: XL<\/p>\n<p>Szeroko\u015b\u0107 ramion: 44 cm<br \/>\nSzeroko\u015b\u0107 klatki piersiowej: 103 cm<br \/>\nD\u0142ugo\u015b\u0107 r\u0119kawa: 62 cm<br \/>\nCa\u0142kowita d\u0142ugo\u015b\u0107: 96 cm<\/p>","protected":false},"excerpt":{"rendered":"<table class=\"dv_characteristicsTable\">\n<tbody>\n<tr>\n<td class=\"left\">Rozmiar<\/td>\n<td>XL<\/td>\n<\/tr>\n<tr>\n<td class=\"left\">Sk\u0142ad materia\u0142u<\/td>\n<td>73% Polyester, 24% Viskose, 3% Elasthan<\/td>\n<\/tr>\n<tr>\n<td class=\"left\">Instrukcje dotycz\u0105ce piel\u0119gnacji<\/td>\n<td>Pranie w pralce<\/td>\n<\/tr>\n<tr>\n<td class=\"left\">\u00c4rmel<\/td>\n<td>D\u0142ugi r\u0119kaw<\/td>\n<\/tr>\n<tr>\n<td class=\"left\">Kolor<\/td>\n<td>schwarz<\/td>\n<\/tr>\n<tr>\n<td class=\"left\">Besondere Merkmale<\/td>\n<td>in Falten gelegtes Rockteil<\/td>\n<\/tr>\n<\/tbody>\n<\/table>","protected":false},"featured_media":83619,"comment_status":"open","ping_status":"closed","template":"","meta":{"_seopress_robots_primary_cat":"","_seopress_titles_title":"","_seopress_titles_desc":"","_seopress_robots_index":""},"product_brand":[],"product_cat":[1348,1379,1618],"product_tag":[],"class_list":{"0":"post-83553","1":"product","2":"type-product","3":"status-publish","4":"has-post-thumbnail","6":"product_cat-damen-mode","7":"product_cat-kleider","8":"product_cat-strickkleider","9":"product_shipping_class-standard-versand","11":"first","12":"instock","13":"taxable","14":"shipping-taxable","15":"purchasable","16":"product-type-simple"},"_links":{"self":[{"href":"https:\/\/www.soanam.de\/pl\/wp-json\/wp\/v2\/product\/83553","targetHints":{"allow":["GET"]}}],"collection":[{"href":"https:\/\/www.soanam.de\/pl\/wp-json\/wp\/v2\/product"}],"about":[{"href":"https:\/\/www.soanam.de\/pl\/wp-json\/wp\/v2\/types\/product"}],"replies":[{"embeddable":true,"href":"https:\/\/www.soanam.de\/pl\/wp-json\/wp\/v2\/comments?post=83553"}],"wp:featuredmedia":[{"embeddable":true,"href":"https:\/\/www.soanam.de\/pl\/wp-json\/wp\/v2\/media\/83619"}],"wp:attachment":[{"href":"https:\/\/www.soanam.de\/pl\/wp-json\/wp\/v2\/media?parent=83553"}],"wp:term":[{"taxonomy":"product_brand","embeddable":true,"href":"https:\/\/www.soanam.de\/pl\/wp-json\/wp\/v2\/product_brand?post=83553"},{"taxonomy":"product_cat","embeddable":true,"href":"https:\/\/www.soanam.de\/pl\/wp-json\/wp\/v2\/product_cat?post=83553"},{"taxonomy":"product_tag","embeddable":true,"href":"https:\/\/www.soanam.de\/pl\/wp-json\/wp\/v2\/product_tag?post=83553"}],"curies":[{"name":"wp","href":"https:\/\/api.w.org\/{rel}","templated":true}]}}

<p>Weiches Strickkleid von Hailys<br />
Mit Rundhals-Ausschnitt<br />
In Falten angesetztes Rockteil<br />
Aus angenehmer Viskosemischung</p>
<p>Das Strickkleid von Hailys bietet in seiner schlichten Eleganz einen hohen Wohlfühlfaktor dank der weichen Feinstrickqualität aus einer Viskosemischung.<br />
Das Kleid hat einen Rundhals-Ausschnitt, lange Ärmel und ein in Falten gelegtes Rockteil.</p>
<p>Material: 73% Polyester, 24% Viskose, 3% Elasthan<br />
Wskazówki dotyczące pielęgnacji: Prać w pralce</p>
<p>Kolor: czarny<br />
Wzór: bez<br />
Rozmiar: XL</p>
<p>Szerokość ramion: 44 cm<br />
Szerokość klatki piersiowej: 103 cm<br />
Długość rękawa: 62 cm<br />
Całkowita długość: 96 cm</p>

<table class="dv_characteristicsTable">
<tbody>
<tr>
<td class="left">Rozmiar</td>
<td>XL</td>
</tr>
<tr>
<td class="left">Skład materiału</td>
<td>73% Polyester, 24% Viskose, 3% Elasthan</td>
</tr>
<tr>
<td class="left">Instrukcje dotyczące pielęgnacji</td>
<td>Pranie w pralce</td>
</tr>
<tr>
<td class="left">Ärmel</td>
<td>Długi rękaw</td>
</tr>
<tr>
<td class="left">Kolor</td>
<td>schwarz</td>
</tr>
<tr>
<td class="left">Besondere Merkmale</td>
<td>in Falten gelegtes Rockteil</td>
</tr>
</tbody>
</table>
