{"id":83259,"date":"2023-12-16T05:04:31","date_gmt":"2023-12-16T04:04:31","guid":{"rendered":"https:\/\/www.soanam.de\/?post_type=product&#038;p=83259"},"modified":"2023-12-17T01:40:44","modified_gmt":"2023-12-17T00:40:44","slug":"lascana-basic-rundhalsshirt-in-schwarz-gr-48-50","status":"publish","type":"product","link":"https:\/\/www.soanam.de\/pl\/produkt\/lascana-basic-rundhalsshirt-in-schwarz-gr-48-50\/","title":{"rendered":"Lascana Basic Rundhalsshirt, in Schwarz, Gr. 48\/50"},"content":{"rendered":"<p>Basic Shirt von Lascana<br \/>\nOkr\u0105g\u0142y dekolt<br \/>\nKr\u00f3tki r\u0119kaw<br \/>\n\u015acis\u0142e dopasowanie<br \/>\nVielseitig zu kombinieren<br \/>\nMi\u0119kka bawe\u0142na wysokiej jako\u015bci<\/p>\n<p>Ein unkomplizierter Kombipartner f\u00fcr unterschiedlichste Outfits - so k\u00f6nnte man dieses T-shirt von Lascana treffend beschreiben.<br \/>\nEs hat einen Rundhalsausschnitt und kurze \u00c4rmel und ist figurnah gearbeitet.<br \/>\nUnd keine Sorge, dank hohem Stretchanteil bleibt die weiche Baumwollqualit\u00e4t auch nach l\u00e4ngerem Tragen in Form.<\/p>\n<p>Materia\u0142: bawe\u0142na 95%, elastan 5%<br \/>\nWskaz\u00f3wki dotycz\u0105ce piel\u0119gnacji: Pra\u0107 w pralce<\/p>\n<p>Kolor: czarny<br \/>\nWz\u00f3r: bez<br \/>\nRozmiar: 48\/50<\/p>\n<p>Szeroko\u015b\u0107 ramion: 40 cm<br \/>\nSzeroko\u015b\u0107 klatki piersiowej: 102 cm<br \/>\nD\u0142ugo\u015b\u0107 r\u0119kawa: 17 cm<br \/>\nCa\u0142kowita d\u0142ugo\u015b\u0107: 69 cm<\/p>\n<p>&nbsp;<\/p>\n<p>Jest to zwrot od klienta bez etykiety.<\/p>","protected":false},"excerpt":{"rendered":"<table class=\"dv_characteristicsTable\">\n<tbody>\n<tr>\n<td class=\"left\">Rozmiar<\/td>\n<td>48\/50<\/td>\n<\/tr>\n<tr>\n<td class=\"left\">Sk\u0142ad materia\u0142u<\/td>\n<td>95% bawe\u0142na, 5% elastan<\/td>\n<\/tr>\n<tr>\n<td class=\"left\">Materialart<\/td>\n<td>Jersey<\/td>\n<\/tr>\n<tr>\n<td class=\"left\">Materialeigenschaften<\/td>\n<td>elastisch<\/td>\n<\/tr>\n<tr>\n<td class=\"left\">Instrukcje dotycz\u0105ce piel\u0119gnacji<\/td>\n<td>Pranie w pralce<\/td>\n<\/tr>\n<tr>\n<td class=\"left\">Optik<\/td>\n<td>einfarbig<\/td>\n<\/tr>\n<tr>\n<td class=\"left\">Kolor<\/td>\n<td>schwarz<\/td>\n<\/tr>\n<tr>\n<td class=\"left\">\u00c4rmel<\/td>\n<td>Kr\u00f3tki r\u0119kaw<\/td>\n<\/tr>\n<tr>\n<td class=\"left\"><\/td>\n<td><\/td>\n<\/tr>\n<\/tbody>\n<\/table>","protected":false},"featured_media":83415,"comment_status":"open","ping_status":"closed","template":"","meta":{"_seopress_robots_primary_cat":"","_seopress_titles_title":"","_seopress_titles_desc":"","_seopress_robots_index":""},"product_brand":[],"product_cat":[1348,1458,1477],"product_tag":[],"class_list":{"0":"post-83259","1":"product","2":"type-product","3":"status-publish","4":"has-post-thumbnail","6":"product_cat-damen-mode","7":"product_cat-shirts-damen-mode","8":"product_cat-t-shirts-shirts-damen-mode","9":"product_shipping_class-standard-versand","11":"first","12":"instock","13":"sale","14":"taxable","15":"shipping-taxable","16":"purchasable","17":"product-type-simple"},"_links":{"self":[{"href":"https:\/\/www.soanam.de\/pl\/wp-json\/wp\/v2\/product\/83259","targetHints":{"allow":["GET"]}}],"collection":[{"href":"https:\/\/www.soanam.de\/pl\/wp-json\/wp\/v2\/product"}],"about":[{"href":"https:\/\/www.soanam.de\/pl\/wp-json\/wp\/v2\/types\/product"}],"replies":[{"embeddable":true,"href":"https:\/\/www.soanam.de\/pl\/wp-json\/wp\/v2\/comments?post=83259"}],"wp:featuredmedia":[{"embeddable":true,"href":"https:\/\/www.soanam.de\/pl\/wp-json\/wp\/v2\/media\/83415"}],"wp:attachment":[{"href":"https:\/\/www.soanam.de\/pl\/wp-json\/wp\/v2\/media?parent=83259"}],"wp:term":[{"taxonomy":"product_brand","embeddable":true,"href":"https:\/\/www.soanam.de\/pl\/wp-json\/wp\/v2\/product_brand?post=83259"},{"taxonomy":"product_cat","embeddable":true,"href":"https:\/\/www.soanam.de\/pl\/wp-json\/wp\/v2\/product_cat?post=83259"},{"taxonomy":"product_tag","embeddable":true,"href":"https:\/\/www.soanam.de\/pl\/wp-json\/wp\/v2\/product_tag?post=83259"}],"curies":[{"name":"wp","href":"https:\/\/api.w.org\/{rel}","templated":true}]}}

<p>Basic Shirt von Lascana<br />
Okrągły dekolt<br />
Krótki rękaw<br />
Ścisłe dopasowanie<br />
Vielseitig zu kombinieren<br />
Miękka bawełna wysokiej jakości</p>
<p>Ein unkomplizierter Kombipartner für unterschiedlichste Outfits - so könnte man dieses T-shirt von Lascana treffend beschreiben.<br />
Es hat einen Rundhalsausschnitt und kurze Ärmel und ist figurnah gearbeitet.<br />
Und keine Sorge, dank hohem Stretchanteil bleibt die weiche Baumwollqualität auch nach längerem Tragen in Form.</p>
<p>Materiał: bawełna 95%, elastan 5%<br />
Wskazówki dotyczące pielęgnacji: Prać w pralce</p>
<p>Kolor: czarny<br />
Wzór: bez<br />
Rozmiar: 48/50</p>
<p>Szerokość ramion: 40 cm<br />
Szerokość klatki piersiowej: 102 cm<br />
Długość rękawa: 17 cm<br />
Całkowita długość: 69 cm</p>
<p>&nbsp;</p>
<p>Jest to zwrot od klienta bez etykiety.</p>

<table class="dv_characteristicsTable">
<tbody>
<tr>
<td class="left">Rozmiar</td>
<td>48/50</td>
</tr>
<tr>
<td class="left">Skład materiału</td>
<td>95% bawełna, 5% elastan</td>
</tr>
<tr>
<td class="left">Materialart</td>
<td>Jersey</td>
</tr>
<tr>
<td class="left">Materialeigenschaften</td>
<td>elastisch</td>
</tr>
<tr>
<td class="left">Instrukcje dotyczące pielęgnacji</td>
<td>Pranie w pralce</td>
</tr>
<tr>
<td class="left">Optik</td>
<td>einfarbig</td>
</tr>
<tr>
<td class="left">Kolor</td>
<td>schwarz</td>
</tr>
<tr>
<td class="left">Ärmel</td>
<td>Krótki rękaw</td>
</tr>
<tr>
<td class="left"></td>
<td></td>
</tr>
</tbody>
</table>
