{"id":83183,"date":"2023-12-16T04:58:10","date_gmt":"2023-12-16T03:58:10","guid":{"rendered":"https:\/\/www.soanam.de\/?post_type=product&#038;p=83183"},"modified":"2023-12-17T01:28:55","modified_gmt":"2023-12-17T00:28:55","slug":"arizona-schlaghose-mit-knoepfen-in-schwarz-gr-46","status":"publish","type":"product","link":"https:\/\/www.soanam.de\/pl\/produkt\/arizona-schlaghose-mit-knoepfen-in-schwarz-gr-46\/","title":{"rendered":"Rozkloszowane spodnie Arizona z guzikami, czarne, rozmiar 46"},"content":{"rendered":"<p>Hose mit Details von Arizona<br \/>\nHigh Waist<br \/>\nKn\u00f6pfe an der Vorderseite beidseitig<br \/>\nWeite Beinform<\/p>\n<p>Detailreiche Hose mit weiter Beinform, High Waist und Kn\u00f6pfen beidseitig an der Vorderseite.<br \/>\nDie Kn\u00f6pfe der jeweiligen Knopfleisten tragen unverkennbar den Markennamen.<br \/>\nDie elastische Baumwollqualit\u00e4t macht die Hose unglaublich komfortabel.<\/p>\n<p>Materia\u0142: bawe\u0142na 98%, elastan 2%<br \/>\nWskaz\u00f3wki dotycz\u0105ce piel\u0119gnacji: Pra\u0107 w pralce<\/p>\n<p>Kolor: czarny<br \/>\nWz\u00f3r: bez<br \/>\nRozmiar: 46<\/p>\n<p>Bundweite: 89cm<br \/>\nSzeroko\u015b\u0107 w biodrach: 108 cm<br \/>\nD\u0142ugo\u015b\u0107 stopnia: 79 cm<br \/>\nCa\u0142kowita d\u0142ugo\u015b\u0107: 109 cm<\/p>","protected":false},"excerpt":{"rendered":"<table class=\"dv_characteristicsTable\">\n<tbody>\n<tr>\n<td class=\"left\">Rozmiar<\/td>\n<td>46<\/td>\n<\/tr>\n<tr>\n<td class=\"left\">Gr\u00f6\u00dfentyp<\/td>\n<td>Normalgr\u00f6\u00dfen<\/td>\n<\/tr>\n<tr>\n<td class=\"left\">Sk\u0142ad materia\u0142u<\/td>\n<td>98% bawe\u0142na, 2% elastan<\/td>\n<\/tr>\n<tr>\n<td class=\"left\">Materialart<\/td>\n<td>Modal<\/td>\n<\/tr>\n<tr>\n<td class=\"left\">Materialeigenschaften<\/td>\n<td>pflegeleicht<\/td>\n<\/tr>\n<tr>\n<td class=\"left\">Instrukcje dotycz\u0105ce piel\u0119gnacji<\/td>\n<td>Pranie w pralce<\/td>\n<\/tr>\n<tr>\n<td class=\"left\">Optik<\/td>\n<td>unifarben<\/td>\n<\/tr>\n<tr>\n<td class=\"left\">Stil<\/td>\n<td>modisch<\/td>\n<\/tr>\n<tr>\n<td class=\"left\">Kolor<\/td>\n<td>schwarz<\/td>\n<\/tr>\n<tr>\n<td class=\"left\">Leibh\u00f6he<\/td>\n<td>hoch<\/td>\n<\/tr>\n<tr>\n<td class=\"left\">Dopasowanie<\/td>\n<td>weit<\/td>\n<\/tr>\n<tr>\n<td class=\"left\">G\u00fcrtelschlaufen<\/td>\n<td>nein<\/td>\n<\/tr>\n<tr>\n<td class=\"left\">Torby<\/td>\n<td>2<\/td>\n<\/tr>\n<tr>\n<td class=\"left\">Verschluss<\/td>\n<td>Zapi\u0119cie na guziki<\/td>\n<\/tr>\n<\/tbody>\n<\/table>","protected":false},"featured_media":83308,"comment_status":"open","ping_status":"closed","template":"","meta":{"_seopress_robots_primary_cat":"","_seopress_titles_title":"","_seopress_titles_desc":"","_seopress_robots_index":""},"product_brand":[],"product_cat":[1348,1349,1350],"product_tag":[],"class_list":{"0":"post-83183","1":"product","2":"type-product","3":"status-publish","4":"has-post-thumbnail","6":"product_cat-damen-mode","7":"product_cat-hosen-damen-mode","8":"product_cat-jeans-hosen-damen-mode","9":"product_shipping_class-standard-versand","11":"first","12":"instock","13":"taxable","14":"shipping-taxable","15":"purchasable","16":"product-type-simple"},"_links":{"self":[{"href":"https:\/\/www.soanam.de\/pl\/wp-json\/wp\/v2\/product\/83183","targetHints":{"allow":["GET"]}}],"collection":[{"href":"https:\/\/www.soanam.de\/pl\/wp-json\/wp\/v2\/product"}],"about":[{"href":"https:\/\/www.soanam.de\/pl\/wp-json\/wp\/v2\/types\/product"}],"replies":[{"embeddable":true,"href":"https:\/\/www.soanam.de\/pl\/wp-json\/wp\/v2\/comments?post=83183"}],"wp:featuredmedia":[{"embeddable":true,"href":"https:\/\/www.soanam.de\/pl\/wp-json\/wp\/v2\/media\/83308"}],"wp:attachment":[{"href":"https:\/\/www.soanam.de\/pl\/wp-json\/wp\/v2\/media?parent=83183"}],"wp:term":[{"taxonomy":"product_brand","embeddable":true,"href":"https:\/\/www.soanam.de\/pl\/wp-json\/wp\/v2\/product_brand?post=83183"},{"taxonomy":"product_cat","embeddable":true,"href":"https:\/\/www.soanam.de\/pl\/wp-json\/wp\/v2\/product_cat?post=83183"},{"taxonomy":"product_tag","embeddable":true,"href":"https:\/\/www.soanam.de\/pl\/wp-json\/wp\/v2\/product_tag?post=83183"}],"curies":[{"name":"wp","href":"https:\/\/api.w.org\/{rel}","templated":true}]}}

<p>Hose mit Details von Arizona<br />
High Waist<br />
Knöpfe an der Vorderseite beidseitig<br />
Weite Beinform</p>
<p>Detailreiche Hose mit weiter Beinform, High Waist und Knöpfen beidseitig an der Vorderseite.<br />
Die Knöpfe der jeweiligen Knopfleisten tragen unverkennbar den Markennamen.<br />
Die elastische Baumwollqualität macht die Hose unglaublich komfortabel.</p>
<p>Materiał: bawełna 98%, elastan 2%<br />
Wskazówki dotyczące pielęgnacji: Prać w pralce</p>
<p>Kolor: czarny<br />
Wzór: bez<br />
Rozmiar: 46</p>
<p>Bundweite: 89cm<br />
Szerokość w biodrach: 108 cm<br />
Długość stopnia: 79 cm<br />
Całkowita długość: 109 cm</p>

<table class="dv_characteristicsTable">
<tbody>
<tr>
<td class="left">Rozmiar</td>
<td>46</td>
</tr>
<tr>
<td class="left">Größentyp</td>
<td>Normalgrößen</td>
</tr>
<tr>
<td class="left">Skład materiału</td>
<td>98% bawełna, 2% elastan</td>
</tr>
<tr>
<td class="left">Materialart</td>
<td>Modal</td>
</tr>
<tr>
<td class="left">Materialeigenschaften</td>
<td>pflegeleicht</td>
</tr>
<tr>
<td class="left">Instrukcje dotyczące pielęgnacji</td>
<td>Pranie w pralce</td>
</tr>
<tr>
<td class="left">Optik</td>
<td>unifarben</td>
</tr>
<tr>
<td class="left">Stil</td>
<td>modisch</td>
</tr>
<tr>
<td class="left">Kolor</td>
<td>schwarz</td>
</tr>
<tr>
<td class="left">Leibhöhe</td>
<td>hoch</td>
</tr>
<tr>
<td class="left">Dopasowanie</td>
<td>weit</td>
</tr>
<tr>
<td class="left">Gürtelschlaufen</td>
<td>nein</td>
</tr>
<tr>
<td class="left">Torby</td>
<td>2</td>
</tr>
<tr>
<td class="left">Verschluss</td>
<td>Zapięcie na guziki</td>
</tr>
</tbody>
</table>
