{"id":82922,"date":"2023-12-14T21:13:36","date_gmt":"2023-12-14T20:13:36","guid":{"rendered":"https:\/\/www.soanam.de\/?post_type=product&#038;p=82922"},"modified":"2023-12-16T04:45:51","modified_gmt":"2023-12-16T03:45:51","slug":"owijana-spodnica-o-dlugosci-midi-z-kwiatowym-nadrukiem-w-kolorze-czerwonym-i-bialym-rozmiar-40","status":"publish","type":"product","link":"https:\/\/www.soanam.de\/pl\/produkt\/wickelrock-in-midi-laenge-mit-blumendruck-in-rot-weiss-gr-40\/","title":{"rendered":"Sp\u00f3dnica o d\u0142ugo\u015bci midi z kwiatowym nadrukiem, czerwona, bia\u0142a, rozmiar 40"},"content":{"rendered":"<p>Owijana sp\u00f3dnica o linii A<br \/>\nD\u0142ugo\u015b\u0107 midi<br \/>\nKwiatowy nadruk<\/p>\n<p>Odkryj idealny str\u00f3j do ka\u017cdego stylu i na ka\u017cd\u0105 okazj\u0119 - niezale\u017cnie od tego, czy wolisz luz i swobod\u0119, czy elegancki styl. Stylizuj si\u0119 tak, jak lubisz.<br \/>\nDzi\u0119ki tej kopertowej sp\u00f3dnicy zawsze b\u0119dziesz dobrze ubrana. Ma modn\u0105 d\u0142ugo\u015b\u0107 midi, du\u017cy kwiatowy nadruk i jest wykonana z przyjemnie mi\u0119kkiej wiskozy.<\/p>\n<p>Materia\u0142: wiskoza 100%<br \/>\nWskaz\u00f3wki dotycz\u0105ce piel\u0119gnacji: Pra\u0107 w pralce<\/p>\n<p>Kolor: czerwony, bia\u0142y<br \/>\nWz\u00f3r: Kwiaty<br \/>\nRozmiar: 40<\/p>\n<p>Rozmiar talii: 72 cm<br \/>\nCa\u0142kowita d\u0142ugo\u015b\u0107: 83 cm<\/p>\n<p>&nbsp;<\/p>\n<p>Ten nowy przedmiot jest zwrotem klienta bez etykiety.<\/p>","protected":false},"excerpt":{"rendered":"<table class=\"dv_characteristicsTable\">\n<tbody>\n<tr>\n<td class=\"left\">Rozmiar<\/td>\n<td>40<\/td>\n<\/tr>\n<tr>\n<td class=\"left\">Sk\u0142ad materia\u0142u<\/td>\n<td>100% Wiskoza<\/td>\n<\/tr>\n<tr>\n<td class=\"left\">Optik<\/td>\n<td>Blumen-Muster<\/td>\n<\/tr>\n<tr>\n<td class=\"left\">Stil<\/td>\n<td>Wickelrock<\/td>\n<\/tr>\n<tr>\n<td class=\"left\">Kolor<\/td>\n<td>Czerwony, bia\u0142y<\/td>\n<\/tr>\n<tr>\n<td class=\"left\">Dopasowanie<\/td>\n<td>A-Linie<\/td>\n<\/tr>\n<\/tbody>\n<\/table>\n<table class=\"dv_characteristicsTable\" style=\"color: #333333; font-family: -apple-system, BlinkMacSystemFont, 'Segoe UI', Roboto, Oxygen-Sans, Ubuntu, Cantarell, 'Helvetica Neue', sans-serif; font-size: 16px;\">\n<tbody>\n<tr>\n<td class=\"left\">Verschluss<\/td>\n<td>\u00a0 \u00a0 \u00a0 \u00a0 \u00a0 \u00a0 \u00a0 \u00a0 \u00a0 \u00a0 \u00a0 \u00a0 \u00a0 Knopfverschluss<\/td>\n<\/tr>\n<\/tbody>\n<\/table>","protected":false},"featured_media":83051,"comment_status":"open","ping_status":"closed","template":"","meta":{"_seopress_robots_primary_cat":"","_seopress_titles_title":"","_seopress_titles_desc":"","_seopress_robots_index":""},"product_brand":[],"product_cat":[1348,1473,1474],"product_tag":[],"class_list":{"0":"post-82922","1":"product","2":"type-product","3":"status-publish","4":"has-post-thumbnail","6":"product_cat-damen-mode","7":"product_cat-roecke","8":"product_cat-midiroecke","9":"product_shipping_class-standard-versand","11":"first","12":"instock","13":"sale","14":"taxable","15":"shipping-taxable","16":"purchasable","17":"product-type-simple"},"_links":{"self":[{"href":"https:\/\/www.soanam.de\/pl\/wp-json\/wp\/v2\/product\/82922","targetHints":{"allow":["GET"]}}],"collection":[{"href":"https:\/\/www.soanam.de\/pl\/wp-json\/wp\/v2\/product"}],"about":[{"href":"https:\/\/www.soanam.de\/pl\/wp-json\/wp\/v2\/types\/product"}],"replies":[{"embeddable":true,"href":"https:\/\/www.soanam.de\/pl\/wp-json\/wp\/v2\/comments?post=82922"}],"wp:featuredmedia":[{"embeddable":true,"href":"https:\/\/www.soanam.de\/pl\/wp-json\/wp\/v2\/media\/83051"}],"wp:attachment":[{"href":"https:\/\/www.soanam.de\/pl\/wp-json\/wp\/v2\/media?parent=82922"}],"wp:term":[{"taxonomy":"product_brand","embeddable":true,"href":"https:\/\/www.soanam.de\/pl\/wp-json\/wp\/v2\/product_brand?post=82922"},{"taxonomy":"product_cat","embeddable":true,"href":"https:\/\/www.soanam.de\/pl\/wp-json\/wp\/v2\/product_cat?post=82922"},{"taxonomy":"product_tag","embeddable":true,"href":"https:\/\/www.soanam.de\/pl\/wp-json\/wp\/v2\/product_tag?post=82922"}],"curies":[{"name":"wp","href":"https:\/\/api.w.org\/{rel}","templated":true}]}}

Spódnica o długości midi z kwiatowym nadrukiem, czerwona, biała, rozmiar 40

<p>Owijana spódnica o linii A<br />
Długość midi<br />
Kwiatowy nadruk</p>
<p>Odkryj idealny strój do każdego stylu i na każdą okazję - niezależnie od tego, czy wolisz luz i swobodę, czy elegancki styl. Stylizuj się tak, jak lubisz.<br />
Dzięki tej kopertowej spódnicy zawsze będziesz dobrze ubrana. Ma modną długość midi, duży kwiatowy nadruk i jest wykonana z przyjemnie miękkiej wiskozy.</p>
<p>Materiał: wiskoza 100%<br />
Wskazówki dotyczące pielęgnacji: Prać w pralce</p>
<p>Kolor: czerwony, biały<br />
Wzór: Kwiaty<br />
Rozmiar: 40</p>
<p>Rozmiar talii: 72 cm<br />
Całkowita długość: 83 cm</p>
<p>&nbsp;</p>
<p>Ten nowy przedmiot jest zwrotem klienta bez etykiety.</p>

<table class="dv_characteristicsTable">
<tbody>
<tr>
<td class="left">Rozmiar</td>
<td>40</td>
</tr>
<tr>
<td class="left">Skład materiału</td>
<td>100% Wiskoza</td>
</tr>
<tr>
<td class="left">Optik</td>
<td>Blumen-Muster</td>
</tr>
<tr>
<td class="left">Stil</td>
<td>Wickelrock</td>
</tr>
<tr>
<td class="left">Kolor</td>
<td>Czerwony, biały</td>
</tr>
<tr>
<td class="left">Dopasowanie</td>
<td>A-Linie</td>
</tr>
</tbody>
</table>
<table class="dv_characteristicsTable" style="color: #333333; font-family: -apple-system, BlinkMacSystemFont, 'Segoe UI', Roboto, Oxygen-Sans, Ubuntu, Cantarell, 'Helvetica Neue', sans-serif; font-size: 16px;">
<tbody>
<tr>
<td class="left">Verschluss</td>
<td>                          Knopfverschluss</td>
</tr>
</tbody>
</table>
