{"id":82755,"date":"2023-12-14T03:05:13","date_gmt":"2023-12-14T02:05:13","guid":{"rendered":"https:\/\/www.soanam.de\/?post_type=product&#038;p=82755"},"modified":"2023-12-14T03:08:37","modified_gmt":"2023-12-14T02:08:37","slug":"vero-moda-strickkleid-vmfelicity-curve-in-cabernet-gr-46-48","status":"publish","type":"product","link":"https:\/\/www.soanam.de\/pl\/produkt\/vero-moda-strickkleid-vmfelicity-curve-in-cabernet-gr-46-48\/","title":{"rendered":"Vero Moda Strickkleid VMFELICITY CURVE, in Cabernet, Gr. 46\/48"},"content":{"rendered":"<p>Basic Strickkleid von VERO MODA<br \/>\nZ okr\u0105g\u0142ym dekoltem<br \/>\nR\u0119kaw 3\/4<br \/>\nAus der Curve Collection<br \/>\nSuper mi\u0119kka dzianina wiskozowa<\/p>\n<p>Das schlichte Strickkleid von Vero Moda passt zu einem femininen Auftritt.<\/p>\n<p>Der Feinstrick liegt angenehm auf der Haut und gibt dir ein komfortables Tragegef\u00fchl.<br \/>\nDank der Dehnbarkeit passt sich das Material deinen Bewegungen an.<br \/>\nSo sitzt es sehr bequem, auch wenn du lange unterwegs bist.<\/p>\n<p>&nbsp;<\/p>\n<p>Materia\u0142: poliester 65%, wiskoza 35%<br \/>\nWskaz\u00f3wki dotycz\u0105ce piel\u0119gnacji: Pra\u0107 w pralce<\/p>\n<p>Kolor: bordowy<br \/>\nWz\u00f3r: bez<br \/>\nGr\u00f6\u00dfe: M Curve<\/p>\n<p>Szeroko\u015b\u0107 ramion: 41 cm<br \/>\nSzeroko\u015b\u0107 klatki piersiowej: 106 cm<br \/>\nD\u0142ugo\u015b\u0107 r\u0119kawa: 47 cm<br \/>\nCa\u0142kowita d\u0142ugo\u015b\u0107: 95 cm<\/p>","protected":false},"excerpt":{"rendered":"<table class=\"dv_characteristicsTable\">\n<tbody>\n<tr>\n<td class=\"left\">Rozmiar<\/td>\n<td>46\/48<\/td>\n<\/tr>\n<tr>\n<td class=\"left\">Gr\u00f6\u00dfentyp<\/td>\n<td>Curve<\/td>\n<\/tr>\n<tr>\n<td class=\"left\">Sk\u0142ad materia\u0142u<\/td>\n<td>65% Polyester, 35% Viskose<\/td>\n<\/tr>\n<tr>\n<td class=\"left\">Materialart<\/td>\n<td>Feinstrick<\/td>\n<\/tr>\n<tr>\n<td class=\"left\">Materialeigenschaften<\/td>\n<td>elastisch<\/td>\n<\/tr>\n<tr>\n<td class=\"left\">Instrukcje dotycz\u0105ce piel\u0119gnacji<\/td>\n<td>Pranie w pralce<\/td>\n<\/tr>\n<tr>\n<td class=\"left\">Stil<\/td>\n<td>feminin<\/td>\n<\/tr>\n<tr>\n<td class=\"left\">Ausschnitt<\/td>\n<td>Rundhals<\/td>\n<\/tr>\n<tr>\n<td class=\"left\">\u00c4rmel<\/td>\n<td>R\u0119kawy 3\/4<\/td>\n<\/tr>\n<tr>\n<td class=\"left\">Kolor<\/td>\n<td>winetasting<\/td>\n<\/tr>\n<\/tbody>\n<\/table>","protected":false},"featured_media":82816,"comment_status":"open","ping_status":"closed","template":"","meta":{"_seopress_robots_primary_cat":"","_seopress_titles_title":"","_seopress_titles_desc":"","_seopress_robots_index":""},"product_brand":[],"product_cat":[1348,1379,1618],"product_tag":[],"class_list":{"0":"post-82755","1":"product","2":"type-product","3":"status-publish","4":"has-post-thumbnail","6":"product_cat-damen-mode","7":"product_cat-kleider","8":"product_cat-strickkleider","9":"product_shipping_class-standard-versand","11":"first","12":"instock","13":"sale","14":"taxable","15":"shipping-taxable","16":"purchasable","17":"product-type-simple"},"_links":{"self":[{"href":"https:\/\/www.soanam.de\/pl\/wp-json\/wp\/v2\/product\/82755","targetHints":{"allow":["GET"]}}],"collection":[{"href":"https:\/\/www.soanam.de\/pl\/wp-json\/wp\/v2\/product"}],"about":[{"href":"https:\/\/www.soanam.de\/pl\/wp-json\/wp\/v2\/types\/product"}],"replies":[{"embeddable":true,"href":"https:\/\/www.soanam.de\/pl\/wp-json\/wp\/v2\/comments?post=82755"}],"wp:featuredmedia":[{"embeddable":true,"href":"https:\/\/www.soanam.de\/pl\/wp-json\/wp\/v2\/media\/82816"}],"wp:attachment":[{"href":"https:\/\/www.soanam.de\/pl\/wp-json\/wp\/v2\/media?parent=82755"}],"wp:term":[{"taxonomy":"product_brand","embeddable":true,"href":"https:\/\/www.soanam.de\/pl\/wp-json\/wp\/v2\/product_brand?post=82755"},{"taxonomy":"product_cat","embeddable":true,"href":"https:\/\/www.soanam.de\/pl\/wp-json\/wp\/v2\/product_cat?post=82755"},{"taxonomy":"product_tag","embeddable":true,"href":"https:\/\/www.soanam.de\/pl\/wp-json\/wp\/v2\/product_tag?post=82755"}],"curies":[{"name":"wp","href":"https:\/\/api.w.org\/{rel}","templated":true}]}}

<p>Basic Strickkleid von VERO MODA<br />
Z okrągłym dekoltem<br />
Rękaw 3/4<br />
Aus der Curve Collection<br />
Super miękka dzianina wiskozowa</p>
<p>Das schlichte Strickkleid von Vero Moda passt zu einem femininen Auftritt.</p>
<p>Der Feinstrick liegt angenehm auf der Haut und gibt dir ein komfortables Tragegefühl.<br />
Dank der Dehnbarkeit passt sich das Material deinen Bewegungen an.<br />
So sitzt es sehr bequem, auch wenn du lange unterwegs bist.</p>
<p>&nbsp;</p>
<p>Materiał: poliester 65%, wiskoza 35%<br />
Wskazówki dotyczące pielęgnacji: Prać w pralce</p>
<p>Kolor: bordowy<br />
Wzór: bez<br />
Größe: M Curve</p>
<p>Szerokość ramion: 41 cm<br />
Szerokość klatki piersiowej: 106 cm<br />
Długość rękawa: 47 cm<br />
Całkowita długość: 95 cm</p>

<table class="dv_characteristicsTable">
<tbody>
<tr>
<td class="left">Rozmiar</td>
<td>46/48</td>
</tr>
<tr>
<td class="left">Größentyp</td>
<td>Curve</td>
</tr>
<tr>
<td class="left">Skład materiału</td>
<td>65% Polyester, 35% Viskose</td>
</tr>
<tr>
<td class="left">Materialart</td>
<td>Feinstrick</td>
</tr>
<tr>
<td class="left">Materialeigenschaften</td>
<td>elastisch</td>
</tr>
<tr>
<td class="left">Instrukcje dotyczące pielęgnacji</td>
<td>Pranie w pralce</td>
</tr>
<tr>
<td class="left">Stil</td>
<td>feminin</td>
</tr>
<tr>
<td class="left">Ausschnitt</td>
<td>Rundhals</td>
</tr>
<tr>
<td class="left">Ärmel</td>
<td>Rękawy 3/4</td>
</tr>
<tr>
<td class="left">Kolor</td>
<td>winetasting</td>
</tr>
</tbody>
</table>
