{"id":82753,"date":"2023-12-14T03:05:13","date_gmt":"2023-12-14T02:05:13","guid":{"rendered":"https:\/\/www.soanam.de\/?post_type=product&#038;p=82753"},"modified":"2023-12-14T03:07:50","modified_gmt":"2023-12-14T02:07:50","slug":"laura-scott-strickkleid-mit-aermeln-aus-ajourstrick-in-schwarz-gr-42","status":"publish","type":"product","link":"https:\/\/www.soanam.de\/pl\/produkt\/laura-scott-strickkleid-mit-aermeln-aus-ajourstrick-in-schwarz-gr-42\/","title":{"rendered":"Laura Scott Strickkleid mit \u00c4rmeln aus Ajourstrick, in Schwarz, Gr. 42"},"content":{"rendered":"<p>Elegantes Strickkleid von LAURA SCOTT<br \/>\nMit \u00c4rmeln aus Ajourstrick<br \/>\nSehr figurbetonte Passform<br \/>\nAus softem Viskosemix<\/p>\n<p>Mit dem Strickkleid von Laura Scott l\u00e4sst sich ganz einfach ein femininer und eleganter Look erzielen.<br \/>\nDer weite Rundhalsausschnitt zaubert ein sch\u00f6nes Dekollet\u00e9 und einen besonderen Blickfang bieten die langen \u00c4rmel aus Ajourstrick.<br \/>\nDie weiche Feinstrickware bietet Ihnen zudem Komfort.<\/p>\n<p>Material: 70% Viskose , 30% Polyamid<br \/>\nWskaz\u00f3wki dotycz\u0105ce piel\u0119gnacji: Pra\u0107 w pralce<\/p>\n<p>Kolor: czarny<br \/>\nMuster: Ajour<br \/>\nRozmiar: 42<\/p>\n<p>Szeroko\u015b\u0107 ramion: 42 cm<br \/>\nBrustweite: 97cm<br \/>\nD\u0142ugo\u015b\u0107 r\u0119kawa: 63 cm<br \/>\nCa\u0142kowita d\u0142ugo\u015b\u0107: 93 cm<\/p>","protected":false},"excerpt":{"rendered":"<table class=\"dv_characteristicsTable\">\n<tbody>\n<tr>\n<td class=\"left\">Rozmiar<\/td>\n<td>42<\/td>\n<\/tr>\n<tr>\n<td class=\"left\">Gr\u00f6\u00dfentyp<\/td>\n<td>Normalgr\u00f6\u00dfen<\/td>\n<\/tr>\n<tr>\n<td class=\"left\">Sk\u0142ad materia\u0142u<\/td>\n<td>Obermaterial: 70% Viskose, 30% Polyamid<\/td>\n<\/tr>\n<tr>\n<td class=\"left\">Materialart<\/td>\n<td>Strick<\/td>\n<\/tr>\n<tr>\n<td class=\"left\">Materialeigenschaften<\/td>\n<td>elastisch<\/td>\n<\/tr>\n<tr>\n<td class=\"left\">Instrukcje dotycz\u0105ce piel\u0119gnacji<\/td>\n<td>Pranie w pralce<\/td>\n<\/tr>\n<tr>\n<td class=\"left\">Stil<\/td>\n<td>feminin<\/td>\n<\/tr>\n<tr>\n<td class=\"left\">Ausschnitt<\/td>\n<td>Rundhals<\/td>\n<\/tr>\n<tr>\n<td class=\"left\">\u00c4rmel<\/td>\n<td>D\u0142ugi r\u0119kaw<\/td>\n<\/tr>\n<tr>\n<td class=\"left\">Dopasowanie<\/td>\n<td>sehr figurbetont<\/td>\n<\/tr>\n<tr>\n<td class=\"left\">Schnittform L\u00e4nge<\/td>\n<td>mini<\/td>\n<\/tr>\n<tr>\n<td class=\"left\">Kolor<\/td>\n<td>schwarz<\/td>\n<\/tr>\n<\/tbody>\n<\/table>","protected":false},"featured_media":82799,"comment_status":"open","ping_status":"closed","template":"","meta":{"_seopress_robots_primary_cat":"","_seopress_titles_title":"","_seopress_titles_desc":"","_seopress_robots_index":""},"product_brand":[],"product_cat":[1348,1379,1618],"product_tag":[],"class_list":{"0":"post-82753","1":"product","2":"type-product","3":"status-publish","4":"has-post-thumbnail","6":"product_cat-damen-mode","7":"product_cat-kleider","8":"product_cat-strickkleider","9":"product_shipping_class-standard-versand","11":"first","12":"instock","13":"taxable","14":"shipping-taxable","15":"purchasable","16":"product-type-simple"},"_links":{"self":[{"href":"https:\/\/www.soanam.de\/pl\/wp-json\/wp\/v2\/product\/82753","targetHints":{"allow":["GET"]}}],"collection":[{"href":"https:\/\/www.soanam.de\/pl\/wp-json\/wp\/v2\/product"}],"about":[{"href":"https:\/\/www.soanam.de\/pl\/wp-json\/wp\/v2\/types\/product"}],"replies":[{"embeddable":true,"href":"https:\/\/www.soanam.de\/pl\/wp-json\/wp\/v2\/comments?post=82753"}],"wp:featuredmedia":[{"embeddable":true,"href":"https:\/\/www.soanam.de\/pl\/wp-json\/wp\/v2\/media\/82799"}],"wp:attachment":[{"href":"https:\/\/www.soanam.de\/pl\/wp-json\/wp\/v2\/media?parent=82753"}],"wp:term":[{"taxonomy":"product_brand","embeddable":true,"href":"https:\/\/www.soanam.de\/pl\/wp-json\/wp\/v2\/product_brand?post=82753"},{"taxonomy":"product_cat","embeddable":true,"href":"https:\/\/www.soanam.de\/pl\/wp-json\/wp\/v2\/product_cat?post=82753"},{"taxonomy":"product_tag","embeddable":true,"href":"https:\/\/www.soanam.de\/pl\/wp-json\/wp\/v2\/product_tag?post=82753"}],"curies":[{"name":"wp","href":"https:\/\/api.w.org\/{rel}","templated":true}]}}

Laura Scott Strickkleid mit Ärmeln aus Ajourstrick, in Schwarz, Gr. 42

<p>Elegantes Strickkleid von LAURA SCOTT<br />
Mit Ärmeln aus Ajourstrick<br />
Sehr figurbetonte Passform<br />
Aus softem Viskosemix</p>
<p>Mit dem Strickkleid von Laura Scott lässt sich ganz einfach ein femininer und eleganter Look erzielen.<br />
Der weite Rundhalsausschnitt zaubert ein schönes Dekolleté und einen besonderen Blickfang bieten die langen Ärmel aus Ajourstrick.<br />
Die weiche Feinstrickware bietet Ihnen zudem Komfort.</p>
<p>Material: 70% Viskose , 30% Polyamid<br />
Wskazówki dotyczące pielęgnacji: Prać w pralce</p>
<p>Kolor: czarny<br />
Muster: Ajour<br />
Rozmiar: 42</p>
<p>Szerokość ramion: 42 cm<br />
Brustweite: 97cm<br />
Długość rękawa: 63 cm<br />
Całkowita długość: 93 cm</p>

<table class="dv_characteristicsTable">
<tbody>
<tr>
<td class="left">Rozmiar</td>
<td>42</td>
</tr>
<tr>
<td class="left">Größentyp</td>
<td>Normalgrößen</td>
</tr>
<tr>
<td class="left">Skład materiału</td>
<td>Obermaterial: 70% Viskose, 30% Polyamid</td>
</tr>
<tr>
<td class="left">Materialart</td>
<td>Strick</td>
</tr>
<tr>
<td class="left">Materialeigenschaften</td>
<td>elastisch</td>
</tr>
<tr>
<td class="left">Instrukcje dotyczące pielęgnacji</td>
<td>Pranie w pralce</td>
</tr>
<tr>
<td class="left">Stil</td>
<td>feminin</td>
</tr>
<tr>
<td class="left">Ausschnitt</td>
<td>Rundhals</td>
</tr>
<tr>
<td class="left">Ärmel</td>
<td>Długi rękaw</td>
</tr>
<tr>
<td class="left">Dopasowanie</td>
<td>sehr figurbetont</td>
</tr>
<tr>
<td class="left">Schnittform Länge</td>
<td>mini</td>
</tr>
<tr>
<td class="left">Kolor</td>
<td>schwarz</td>
</tr>
</tbody>
</table>
