{"id":82683,"date":"2023-12-14T02:30:49","date_gmt":"2023-12-14T01:30:49","guid":{"rendered":"https:\/\/www.soanam.de\/?post_type=product&#038;p=82683"},"modified":"2023-12-14T03:05:40","modified_gmt":"2023-12-14T02:05:40","slug":"sommerrock-fiona-mit-blumenmuster-in-hellblau-gr-l","status":"publish","type":"product","link":"https:\/\/www.soanam.de\/pl\/produkt\/sommerrock-fiona-mit-blumenmuster-in-hellblau-gr-l\/","title":{"rendered":"Sommerrock Fiona, mit Blumenmuster, in Hellblau, Gr. L"},"content":{"rendered":"<p>letnia sp\u00f3dnica o linii A<br \/>\nlekko rozszerzony<br \/>\ndo kolan<\/p>\n<p>Lato mo\u017ce nadej\u015b\u0107 - dzi\u0119ki tej lekkiej i wygodnej letniej sp\u00f3dnicy jeste\u015b doskonale wyposa\u017cona.<br \/>\nTa kolorowa sp\u00f3dnica wykonana z przyjemnie mi\u0119kkiego d\u017cerseju wiskozowego sprawi, \u017ce zapragniesz lata!<br \/>\nTkanina ma pi\u0119kny kwiatowy wz\u00f3r.<br \/>\nSp\u00f3dnica znajduje si\u0119 bezpo\u015brednio na wysoko\u015bci talii, a elastyczny pas zapewnia wygodne dopasowanie.<\/p>\n<p>Kolor: jasnoniebieski<br \/>\nMateria\u0142: wiskoza 92%, elastan 8%<br \/>\nPiel\u0119gnacja: Delikatne pranie<\/p>\n<p>Rozmiar talii: 82 cm<br \/>\nCa\u0142kowita d\u0142ugo\u015b\u0107: 56 cm<\/p>","protected":false},"excerpt":{"rendered":"<div class=\"pdp_details__characteristics-html\">\n<table class=\"dv_characteristicsTable\">\n<tbody>\n<tr>\n<td class=\"left\">\n<div><\/div>\n<div>Material\u00a0 \u00a0Viskose, Elasthan<\/div>\n<div>Farbe\u00a0 \u00a0 \u00a0 \u00a0hellblau<\/div>\n<div>Groesse\u00a0 L<\/div>\n<div>Optik\u00a0 \u00a0 \u00a0 \u00a0 gebluemt<\/div>\n<div>Merkmal\u00a0 \u00a0knieumspielend<\/div>\n<\/td>\n<td><\/td>\n<\/tr>\n<tr>\n<td class=\"left\"><\/td>\n<td><\/td>\n<\/tr>\n<tr>\n<td class=\"left\"><\/td>\n<td><\/td>\n<\/tr>\n<\/tbody>\n<\/table>\n<\/div>","protected":false},"featured_media":82758,"comment_status":"open","ping_status":"closed","template":"","meta":{"_seopress_robots_primary_cat":"","_seopress_titles_title":"","_seopress_titles_desc":"","_seopress_robots_index":""},"product_brand":[],"product_cat":[1348,1473,1474],"product_tag":[],"class_list":{"0":"post-82683","1":"product","2":"type-product","3":"status-publish","4":"has-post-thumbnail","6":"product_cat-damen-mode","7":"product_cat-roecke","8":"product_cat-midiroecke","9":"product_shipping_class-standard-versand","11":"first","12":"instock","13":"sale","14":"taxable","15":"shipping-taxable","16":"purchasable","17":"product-type-simple"},"_links":{"self":[{"href":"https:\/\/www.soanam.de\/pl\/wp-json\/wp\/v2\/product\/82683","targetHints":{"allow":["GET"]}}],"collection":[{"href":"https:\/\/www.soanam.de\/pl\/wp-json\/wp\/v2\/product"}],"about":[{"href":"https:\/\/www.soanam.de\/pl\/wp-json\/wp\/v2\/types\/product"}],"replies":[{"embeddable":true,"href":"https:\/\/www.soanam.de\/pl\/wp-json\/wp\/v2\/comments?post=82683"}],"wp:featuredmedia":[{"embeddable":true,"href":"https:\/\/www.soanam.de\/pl\/wp-json\/wp\/v2\/media\/82758"}],"wp:attachment":[{"href":"https:\/\/www.soanam.de\/pl\/wp-json\/wp\/v2\/media?parent=82683"}],"wp:term":[{"taxonomy":"product_brand","embeddable":true,"href":"https:\/\/www.soanam.de\/pl\/wp-json\/wp\/v2\/product_brand?post=82683"},{"taxonomy":"product_cat","embeddable":true,"href":"https:\/\/www.soanam.de\/pl\/wp-json\/wp\/v2\/product_cat?post=82683"},{"taxonomy":"product_tag","embeddable":true,"href":"https:\/\/www.soanam.de\/pl\/wp-json\/wp\/v2\/product_tag?post=82683"}],"curies":[{"name":"wp","href":"https:\/\/api.w.org\/{rel}","templated":true}]}}

<p>letnia spódnica o linii A<br />
lekko rozszerzony<br />
do kolan</p>
<p>Lato może nadejść - dzięki tej lekkiej i wygodnej letniej spódnicy jesteś doskonale wyposażona.<br />
Ta kolorowa spódnica wykonana z przyjemnie miękkiego dżerseju wiskozowego sprawi, że zapragniesz lata!<br />
Tkanina ma piękny kwiatowy wzór.<br />
Spódnica znajduje się bezpośrednio na wysokości talii, a elastyczny pas zapewnia wygodne dopasowanie.</p>
<p>Kolor: jasnoniebieski<br />
Materiał: wiskoza 92%, elastan 8%<br />
Pielęgnacja: Delikatne pranie</p>
<p>Rozmiar talii: 82 cm<br />
Całkowita długość: 56 cm</p>
