{"id":82643,"date":"2023-12-14T02:29:05","date_gmt":"2023-12-14T01:29:05","guid":{"rendered":"https:\/\/www.soanam.de\/?post_type=product&#038;p=82643"},"modified":"2023-12-14T02:34:50","modified_gmt":"2023-12-14T01:34:50","slug":"letnia-spodnica-nora-w-paski-bordowo-biala-gr-m","status":"publish","type":"product","link":"https:\/\/www.soanam.de\/pl\/produkt\/sommerrock-nora-gestreift-in-bordeaux-weiss-gr-m\/","title":{"rendered":"Letnia sp\u00f3dnica Nora w paski, bordowo-bia\u0142a, rozmiar M"},"content":{"rendered":"<p>letnia sp\u00f3dnica o linii A<br \/>\nlekko rozszerzony<br \/>\ndo kolan<\/p>\n<p>Lato mo\u017ce nadej\u015b\u0107 - dzi\u0119ki tej prostej i wygodnej letniej sp\u00f3dnicy jeste\u015b doskonale wyposa\u017cona.<br \/>\nLetnia sp\u00f3dnica do kolan jest lekko rozkloszowana i wykonana z wygodnego bawe\u0142nianego d\u017cerseju.<br \/>\nSp\u00f3dnica ma elastyczny pas i znajduje si\u0119 bezpo\u015brednio na wysoko\u015bci talii.<\/p>\n<p>Kolor: bordowo-bia\u0142y<br \/>\nMateria\u0142: bawe\u0142na 94%, elastan 6%<br \/>\nPiel\u0119gnacja: Delikatne pranie<\/p>\n<p>Rozmiar talii: 64 cm<br \/>\nCa\u0142kowita d\u0142ugo\u015b\u0107: 57 cm<\/p>","protected":false},"excerpt":{"rendered":"<div class=\"pdp_details__characteristics-html\">\n<table class=\"dv_characteristicsTable\">\n<tbody>\n<tr>\n<td class=\"left\">\n<div><\/div>\n<div>Material\u00a0 \u00a0Baumwolle, Elasthan<\/div>\n<div>Farbe\u00a0 \u00a0 \u00a0 \u00a0bordeaux, weiss<\/div>\n<div>\u00a0Groesse\u00a0 M<\/div>\n<div>Optik\u00a0 \u00a0 \u00a0 \u00a0 gestreift<\/div>\n<div>Merkmal\u00a0 \u00a0knieumspielend<\/div>\n<\/td>\n<td><\/td>\n<\/tr>\n<tr>\n<td class=\"left\"><\/td>\n<td><\/td>\n<\/tr>\n<tr>\n<td class=\"left\"><\/td>\n<td><\/td>\n<\/tr>\n<\/tbody>\n<\/table>\n<\/div>","protected":false},"featured_media":82734,"comment_status":"open","ping_status":"closed","template":"","meta":{"_seopress_robots_primary_cat":"","_seopress_titles_title":"","_seopress_titles_desc":"","_seopress_robots_index":""},"product_brand":[],"product_cat":[1348,1473,1474],"product_tag":[],"class_list":{"0":"post-82643","1":"product","2":"type-product","3":"status-publish","4":"has-post-thumbnail","6":"product_cat-damen-mode","7":"product_cat-roecke","8":"product_cat-midiroecke","9":"product_shipping_class-standard-versand","11":"first","12":"instock","13":"sale","14":"taxable","15":"shipping-taxable","16":"purchasable","17":"product-type-simple"},"_links":{"self":[{"href":"https:\/\/www.soanam.de\/pl\/wp-json\/wp\/v2\/product\/82643","targetHints":{"allow":["GET"]}}],"collection":[{"href":"https:\/\/www.soanam.de\/pl\/wp-json\/wp\/v2\/product"}],"about":[{"href":"https:\/\/www.soanam.de\/pl\/wp-json\/wp\/v2\/types\/product"}],"replies":[{"embeddable":true,"href":"https:\/\/www.soanam.de\/pl\/wp-json\/wp\/v2\/comments?post=82643"}],"wp:featuredmedia":[{"embeddable":true,"href":"https:\/\/www.soanam.de\/pl\/wp-json\/wp\/v2\/media\/82734"}],"wp:attachment":[{"href":"https:\/\/www.soanam.de\/pl\/wp-json\/wp\/v2\/media?parent=82643"}],"wp:term":[{"taxonomy":"product_brand","embeddable":true,"href":"https:\/\/www.soanam.de\/pl\/wp-json\/wp\/v2\/product_brand?post=82643"},{"taxonomy":"product_cat","embeddable":true,"href":"https:\/\/www.soanam.de\/pl\/wp-json\/wp\/v2\/product_cat?post=82643"},{"taxonomy":"product_tag","embeddable":true,"href":"https:\/\/www.soanam.de\/pl\/wp-json\/wp\/v2\/product_tag?post=82643"}],"curies":[{"name":"wp","href":"https:\/\/api.w.org\/{rel}","templated":true}]}}

Letnia spódnica Nora w paski, bordowo-biała, rozmiar M

<p>letnia spódnica o linii A<br />
lekko rozszerzony<br />
do kolan</p>
<p>Lato może nadejść - dzięki tej prostej i wygodnej letniej spódnicy jesteś doskonale wyposażona.<br />
Letnia spódnica do kolan jest lekko rozkloszowana i wykonana z wygodnego bawełnianego dżerseju.<br />
Spódnica ma elastyczny pas i znajduje się bezpośrednio na wysokości talii.</p>
<p>Kolor: bordowo-biały<br />
Materiał: bawełna 94%, elastan 6%<br />
Pielęgnacja: Delikatne pranie</p>
<p>Rozmiar talii: 64 cm<br />
Całkowita długość: 57 cm</p>
