{"id":82586,"date":"2023-12-14T02:27:37","date_gmt":"2023-12-14T01:27:37","guid":{"rendered":"https:\/\/www.soanam.de\/?post_type=product&#038;p=82586"},"modified":"2023-12-14T02:30:45","modified_gmt":"2023-12-14T01:30:45","slug":"modny-damski-pasek-ze-zlotym-wykonczeniem-i-klamra-w-kolorze-brazowym-rozmiar-95","status":"publish","type":"product","link":"https:\/\/www.soanam.de\/pl\/produkt\/modischer-damenguertel-mit-goldfarbigem-besatz-und-schliesse-in-braun-gr-95\/","title":{"rendered":"Modny damski pasek ze z\u0142otym wyko\u0144czeniem i klamr\u0105, w kolorze br\u0105zowym, rozmiar 95"},"content":{"rendered":"<p>Modny pasek damski<br \/>\nWysoka jako\u015b\u0107, styl, moda<br \/>\nSzeroko\u015b\u0107 paska: ok. 1,3 cm<br \/>\nZe z\u0142otymi \u0107wiekami, sprz\u0105czk\u0105 i p\u0119telk\u0105<\/p>\n<p>W\u0105ski damski pasek ze z\u0142ot\u0105 klamr\u0105 i pasuj\u0105c\u0105 szlufk\u0105. Z\u0142ote \u0107wieki sprawiaj\u0105, \u017ce ten uroczy pasek jest trendy.<br \/>\nPasek ma g\u0142adk\u0105 powierzchni\u0119 i jest wyj\u0105tkowo p\u0142aski, co zapewnia wygod\u0119.<br \/>\nSzeroko\u015b\u0107 mo\u017cna wygodnie regulowa\u0107 na wielu etapach.<\/p>\n<p>Materia\u0142: imitacja sk\u00f3ry<br \/>\nKolor: br\u0105zowy<br \/>\nRozmiar: 95<br \/>\nSzeroko\u015b\u0107: 1,3 cm<\/p>","protected":false},"excerpt":{"rendered":"<div class=\"pdp_details__characteristics-html\">\n<table class=\"dv_characteristicsTable\">\n<tbody>\n<tr>\n<td class=\"left\">Rozmiar<\/td>\n<td>95<\/td>\n<\/tr>\n<tr>\n<td class=\"left\">Materia\u0142<\/td>\n<td>Imitacja sk\u00f3ry<\/td>\n<\/tr>\n<tr>\n<td class=\"left\">Metal<\/td>\n<td>Nieten<\/td>\n<\/tr>\n<tr>\n<td class=\"left\">Material Schlie\u00dfe<\/td>\n<td>Metal<\/td>\n<\/tr>\n<tr>\n<td class=\"left\">Kolor<\/td>\n<td>braun<\/td>\n<\/tr>\n<tr>\n<td class=\"left\">Optik<\/td>\n<td>goldfarbiger Besatz<\/td>\n<\/tr>\n<tr>\n<td class=\"left\">Stil<\/td>\n<td>Basic, modern, klassisch<\/td>\n<\/tr>\n<tr>\n<td class=\"left\">Verschluss<\/td>\n<td>Einfachdornschlie\u00dfe<\/td>\n<\/tr>\n<tr>\n<td class=\"left\">Breite des G\u00fcrtels<\/td>\n<td>1,3 cm<\/td>\n<\/tr>\n<\/tbody>\n<\/table>\n<\/div>","protected":false},"featured_media":82679,"comment_status":"open","ping_status":"closed","template":"","meta":{"_seopress_robots_primary_cat":"","_seopress_titles_title":"","_seopress_titles_desc":"","_seopress_robots_index":""},"product_brand":[],"product_cat":[1348,1357,1716],"product_tag":[],"class_list":{"0":"post-82586","1":"product","2":"type-product","3":"status-publish","4":"has-post-thumbnail","6":"product_cat-damen-mode","7":"product_cat-accessoires","8":"product_cat-guertel-accessoires","9":"product_shipping_class-standard-versand","11":"first","12":"instock","13":"taxable","14":"shipping-taxable","15":"purchasable","16":"product-type-simple"},"_links":{"self":[{"href":"https:\/\/www.soanam.de\/pl\/wp-json\/wp\/v2\/product\/82586","targetHints":{"allow":["GET"]}}],"collection":[{"href":"https:\/\/www.soanam.de\/pl\/wp-json\/wp\/v2\/product"}],"about":[{"href":"https:\/\/www.soanam.de\/pl\/wp-json\/wp\/v2\/types\/product"}],"replies":[{"embeddable":true,"href":"https:\/\/www.soanam.de\/pl\/wp-json\/wp\/v2\/comments?post=82586"}],"wp:featuredmedia":[{"embeddable":true,"href":"https:\/\/www.soanam.de\/pl\/wp-json\/wp\/v2\/media\/82679"}],"wp:attachment":[{"href":"https:\/\/www.soanam.de\/pl\/wp-json\/wp\/v2\/media?parent=82586"}],"wp:term":[{"taxonomy":"product_brand","embeddable":true,"href":"https:\/\/www.soanam.de\/pl\/wp-json\/wp\/v2\/product_brand?post=82586"},{"taxonomy":"product_cat","embeddable":true,"href":"https:\/\/www.soanam.de\/pl\/wp-json\/wp\/v2\/product_cat?post=82586"},{"taxonomy":"product_tag","embeddable":true,"href":"https:\/\/www.soanam.de\/pl\/wp-json\/wp\/v2\/product_tag?post=82586"}],"curies":[{"name":"wp","href":"https:\/\/api.w.org\/{rel}","templated":true}]}}

Modny damski pasek ze złotym wykończeniem i klamrą, w kolorze brązowym, rozmiar 95

<p>Modny pasek damski<br />
Wysoka jakość, styl, moda<br />
Szerokość paska: ok. 1,3 cm<br />
Ze złotymi ćwiekami, sprzączką i pętelką</p>
<p>Wąski damski pasek ze złotą klamrą i pasującą szlufką. Złote ćwieki sprawiają, że ten uroczy pasek jest trendy.<br />
Pasek ma gładką powierzchnię i jest wyjątkowo płaski, co zapewnia wygodę.<br />
Szerokość można wygodnie regulować na wielu etapach.</p>
<p>Materiał: imitacja skóry<br />
Kolor: brązowy<br />
Rozmiar: 95<br />
Szerokość: 1,3 cm</p>

<div class="pdp_details__characteristics-html">
<table class="dv_characteristicsTable">
<tbody>
<tr>
<td class="left">Rozmiar</td>
<td>95</td>
</tr>
<tr>
<td class="left">Materiał</td>
<td>Imitacja skóry</td>
</tr>
<tr>
<td class="left">Metal</td>
<td>Nieten</td>
</tr>
<tr>
<td class="left">Material Schließe</td>
<td>Metal</td>
</tr>
<tr>
<td class="left">Kolor</td>
<td>braun</td>
</tr>
<tr>
<td class="left">Optik</td>
<td>goldfarbiger Besatz</td>
</tr>
<tr>
<td class="left">Stil</td>
<td>Basic, modern, klassisch</td>
</tr>
<tr>
<td class="left">Verschluss</td>
<td>Einfachdornschließe</td>
</tr>
<tr>
<td class="left">Breite des Gürtels</td>
<td>1,3 cm</td>
</tr>
</tbody>
</table>
</div>
