{"id":82569,"date":"2023-12-14T02:27:12","date_gmt":"2023-12-14T01:27:12","guid":{"rendered":"https:\/\/www.soanam.de\/?post_type=product&#038;p=82569"},"modified":"2023-12-14T02:30:29","modified_gmt":"2023-12-14T01:30:29","slug":"j-jayz-pasek-skorzany-gladka-skora-matowa-z-klasyczna-klamra-gr-95","status":"publish","type":"product","link":"https:\/\/www.soanam.de\/pl\/produkt\/j-jayz-lederguertel-glattleder-matt-mit-klassischer-dornschliesse-gr-95\/","title":{"rendered":"Sk\u00f3rzany pasek J.Jayz z g\u0142adkiej, matowej sk\u00f3ry, z klasyczn\u0105 klamr\u0105, rozmiar 95"},"content":{"rendered":"<p>Klasyczny pasek damski<br \/>\nZ b\u0142yszcz\u0105cym zapi\u0119ciem<br \/>\nSk\u00f3ra powlekana<br \/>\nWszechstronny i przeno\u015bny<\/p>\n<p>Klasyczny sk\u00f3rzany pasek od J. Jayz charakteryzuje si\u0119 ponadczasowym, eleganckim stylem, kt\u00f3ry mo\u017cna \u0142atwo \u0142\u0105czy\u0107.<br \/>\nB\u0142yszcz\u0105ca, kanciasta sprz\u0105czka r\u00f3wnie\u017c idealnie pasuje do prostego, pi\u0119knego og\u00f3lnego wygl\u0105du akcesorium.<br \/>\nSzeroko\u015b\u0107 mo\u017cna \u0142atwo regulowa\u0107 w pi\u0119ciu stopniach.<\/p>\n<p>Materia\u0142: sk\u00f3ra 100%<br \/>\nKolor: koniakowy<br \/>\nRozmiar: 95<br \/>\nSzeroko\u015b\u0107: 3 cm<\/p>","protected":false},"excerpt":{"rendered":"<div class=\"pdp_details__characteristics-html\">\n<table class=\"dv_characteristicsTable\">\n<tbody>\n<tr>\n<td class=\"left\">Rozmiar<\/td>\n<td>95<\/td>\n<\/tr>\n<tr>\n<td class=\"left\">Sk\u0142ad materia\u0142u<\/td>\n<td>Obermaterial: 100% Leder<\/td>\n<\/tr>\n<tr>\n<td class=\"left\">Materia\u0142<\/td>\n<td>Sk\u00f3ra<\/td>\n<\/tr>\n<tr>\n<td class=\"left\">Material Schlie\u00dfe<\/td>\n<td>Metal<\/td>\n<\/tr>\n<tr>\n<td class=\"left\">Kolor<\/td>\n<td>cognac<\/td>\n<\/tr>\n<tr>\n<td class=\"left\">Optik<\/td>\n<td>unifarben<\/td>\n<\/tr>\n<tr>\n<td class=\"left\">Stil<\/td>\n<td>Basic, casual, modisch, klassisch<\/td>\n<\/tr>\n<tr>\n<td class=\"left\">Verschluss<\/td>\n<td>Einfachdornschlie\u00dfe<\/td>\n<\/tr>\n<tr>\n<td class=\"left\">Breite des G\u00fcrtels<\/td>\n<td>3 cm<\/td>\n<\/tr>\n<\/tbody>\n<\/table>\n<\/div>","protected":false},"featured_media":82673,"comment_status":"open","ping_status":"closed","template":"","meta":{"_seopress_robots_primary_cat":"","_seopress_titles_title":"","_seopress_titles_desc":"","_seopress_robots_index":""},"product_brand":[],"product_cat":[1348,1357,1716],"product_tag":[],"class_list":{"0":"post-82569","1":"product","2":"type-product","3":"status-publish","4":"has-post-thumbnail","6":"product_cat-damen-mode","7":"product_cat-accessoires","8":"product_cat-guertel-accessoires","9":"product_shipping_class-standard-versand","11":"first","12":"instock","13":"sale","14":"taxable","15":"shipping-taxable","16":"purchasable","17":"product-type-simple"},"_links":{"self":[{"href":"https:\/\/www.soanam.de\/pl\/wp-json\/wp\/v2\/product\/82569","targetHints":{"allow":["GET"]}}],"collection":[{"href":"https:\/\/www.soanam.de\/pl\/wp-json\/wp\/v2\/product"}],"about":[{"href":"https:\/\/www.soanam.de\/pl\/wp-json\/wp\/v2\/types\/product"}],"replies":[{"embeddable":true,"href":"https:\/\/www.soanam.de\/pl\/wp-json\/wp\/v2\/comments?post=82569"}],"wp:featuredmedia":[{"embeddable":true,"href":"https:\/\/www.soanam.de\/pl\/wp-json\/wp\/v2\/media\/82673"}],"wp:attachment":[{"href":"https:\/\/www.soanam.de\/pl\/wp-json\/wp\/v2\/media?parent=82569"}],"wp:term":[{"taxonomy":"product_brand","embeddable":true,"href":"https:\/\/www.soanam.de\/pl\/wp-json\/wp\/v2\/product_brand?post=82569"},{"taxonomy":"product_cat","embeddable":true,"href":"https:\/\/www.soanam.de\/pl\/wp-json\/wp\/v2\/product_cat?post=82569"},{"taxonomy":"product_tag","embeddable":true,"href":"https:\/\/www.soanam.de\/pl\/wp-json\/wp\/v2\/product_tag?post=82569"}],"curies":[{"name":"wp","href":"https:\/\/api.w.org\/{rel}","templated":true}]}}

Skórzany pasek J.Jayz z gładkiej, matowej skóry, z klasyczną klamrą, rozmiar 95

<p>Klasyczny pasek damski<br />
Z błyszczącym zapięciem<br />
Skóra powlekana<br />
Wszechstronny i przenośny</p>
<p>Klasyczny skórzany pasek od J. Jayz charakteryzuje się ponadczasowym, eleganckim stylem, który można łatwo łączyć.<br />
Błyszcząca, kanciasta sprzączka również idealnie pasuje do prostego, pięknego ogólnego wyglądu akcesorium.<br />
Szerokość można łatwo regulować w pięciu stopniach.</p>
<p>Materiał: skóra 100%<br />
Kolor: koniakowy<br />
Rozmiar: 95<br />
Szerokość: 3 cm</p>

<div class="pdp_details__characteristics-html">
<table class="dv_characteristicsTable">
<tbody>
<tr>
<td class="left">Rozmiar</td>
<td>95</td>
</tr>
<tr>
<td class="left">Skład materiału</td>
<td>Obermaterial: 100% Leder</td>
</tr>
<tr>
<td class="left">Materiał</td>
<td>Skóra</td>
</tr>
<tr>
<td class="left">Material Schließe</td>
<td>Metal</td>
</tr>
<tr>
<td class="left">Kolor</td>
<td>cognac</td>
</tr>
<tr>
<td class="left">Optik</td>
<td>unifarben</td>
</tr>
<tr>
<td class="left">Stil</td>
<td>Basic, casual, modisch, klassisch</td>
</tr>
<tr>
<td class="left">Verschluss</td>
<td>Einfachdornschließe</td>
</tr>
<tr>
<td class="left">Breite des Gürtels</td>
<td>3 cm</td>
</tr>
</tbody>
</table>
</div>
