{"id":82567,"date":"2023-12-14T02:27:12","date_gmt":"2023-12-14T01:27:12","guid":{"rendered":"https:\/\/www.soanam.de\/?post_type=product&#038;p=82567"},"modified":"2023-12-14T02:30:17","modified_gmt":"2023-12-14T01:30:17","slug":"h-i-s-lederguertel-in-dunkelbraun-gr-95","status":"publish","type":"product","link":"https:\/\/www.soanam.de\/pl\/produkt\/h-i-s-lederguertel-in-dunkelbraun-gr-95\/","title":{"rendered":"H.I.S. Lederg\u00fcrtel in Dunkelbraun, Gr. 95"},"content":{"rendered":"<p>Modny pasek m\u0119ski<br \/>\nEckige Schlie\u00dfe<br \/>\nLoge auf der G\u00fcrtelspitze<br \/>\nWszechstronny i przeno\u015bny<\/p>\n<p>Sk\u00f3rzany pasek od H.I.S to akcesorium, kt\u00f3re jest r\u00f3wnie klasyczne, co trwa\u0142e.<br \/>\nNieskomplikowana klamra z pojedynczym bolcem zamyka i zabezpiecza pasek.<br \/>\nProsty design jest elegancki i pasuje zar\u00f3wno do prostych stroj\u00f3w, jak i do bardziej nietypowych stylizacji.<br \/>\nWytrzyma\u0142a sk\u00f3ra jest elastyczna, ale zachowuje sw\u00f3j kszta\u0142t.<\/p>\n<p>Materia\u0142: sk\u00f3ra 100%<br \/>\nFarbe: dunkelbraun<br \/>\nRozmiar: 95<br \/>\nBreite: 3,5 cm<\/p>","protected":false},"excerpt":{"rendered":"<div class=\"pdp_details__characteristics-html\">\n<table class=\"dv_characteristicsTable\">\n<tbody>\n<tr>\n<td class=\"left\">Rozmiar<\/td>\n<td>95<\/td>\n<\/tr>\n<tr>\n<td class=\"left\">Sk\u0142ad materia\u0142u<\/td>\n<td>Obermaterial: 100% Leder<\/td>\n<\/tr>\n<tr>\n<td class=\"left\">Materia\u0142<\/td>\n<td>Sk\u00f3ra<\/td>\n<\/tr>\n<tr>\n<td class=\"left\">Material Schlie\u00dfe<\/td>\n<td>Metal<\/td>\n<\/tr>\n<tr>\n<td class=\"left\">Kolor<\/td>\n<td>dunkelbraun<\/td>\n<\/tr>\n<tr>\n<td class=\"left\">Optik<\/td>\n<td>unifarben<\/td>\n<\/tr>\n<tr>\n<td class=\"left\">Stil<\/td>\n<td>Basic, casual, modisch, klassisch<\/td>\n<\/tr>\n<tr>\n<td class=\"left\">Verschluss<\/td>\n<td>Einfachdornschlie\u00dfe<\/td>\n<\/tr>\n<tr>\n<td class=\"left\">Breite des G\u00fcrtels<\/td>\n<td>3,5 cm<\/td>\n<\/tr>\n<\/tbody>\n<\/table>\n<\/div>","protected":false},"featured_media":82662,"comment_status":"open","ping_status":"closed","template":"","meta":{"_seopress_robots_primary_cat":"","_seopress_titles_title":"","_seopress_titles_desc":"","_seopress_robots_index":""},"product_brand":[],"product_cat":[1345,1387,1715],"product_tag":[],"class_list":{"0":"post-82567","1":"product","2":"type-product","3":"status-publish","4":"has-post-thumbnail","6":"product_cat-herrenmode","7":"product_cat-accessoires-herrenmode","8":"product_cat-guertel","9":"product_shipping_class-standard-versand","11":"first","12":"instock","13":"taxable","14":"shipping-taxable","15":"purchasable","16":"product-type-simple"},"_links":{"self":[{"href":"https:\/\/www.soanam.de\/pl\/wp-json\/wp\/v2\/product\/82567","targetHints":{"allow":["GET"]}}],"collection":[{"href":"https:\/\/www.soanam.de\/pl\/wp-json\/wp\/v2\/product"}],"about":[{"href":"https:\/\/www.soanam.de\/pl\/wp-json\/wp\/v2\/types\/product"}],"replies":[{"embeddable":true,"href":"https:\/\/www.soanam.de\/pl\/wp-json\/wp\/v2\/comments?post=82567"}],"wp:featuredmedia":[{"embeddable":true,"href":"https:\/\/www.soanam.de\/pl\/wp-json\/wp\/v2\/media\/82662"}],"wp:attachment":[{"href":"https:\/\/www.soanam.de\/pl\/wp-json\/wp\/v2\/media?parent=82567"}],"wp:term":[{"taxonomy":"product_brand","embeddable":true,"href":"https:\/\/www.soanam.de\/pl\/wp-json\/wp\/v2\/product_brand?post=82567"},{"taxonomy":"product_cat","embeddable":true,"href":"https:\/\/www.soanam.de\/pl\/wp-json\/wp\/v2\/product_cat?post=82567"},{"taxonomy":"product_tag","embeddable":true,"href":"https:\/\/www.soanam.de\/pl\/wp-json\/wp\/v2\/product_tag?post=82567"}],"curies":[{"name":"wp","href":"https:\/\/api.w.org\/{rel}","templated":true}]}}

H.I.S. Ledergürtel in Dunkelbraun, Gr. 95

<p>Modny pasek męski<br />
Eckige Schließe<br />
Loge auf der Gürtelspitze<br />
Wszechstronny i przenośny</p>
<p>Skórzany pasek od H.I.S to akcesorium, które jest równie klasyczne, co trwałe.<br />
Nieskomplikowana klamra z pojedynczym bolcem zamyka i zabezpiecza pasek.<br />
Prosty design jest elegancki i pasuje zarówno do prostych strojów, jak i do bardziej nietypowych stylizacji.<br />
Wytrzymała skóra jest elastyczna, ale zachowuje swój kształt.</p>
<p>Materiał: skóra 100%<br />
Farbe: dunkelbraun<br />
Rozmiar: 95<br />
Breite: 3,5 cm</p>

<div class="pdp_details__characteristics-html">
<table class="dv_characteristicsTable">
<tbody>
<tr>
<td class="left">Rozmiar</td>
<td>95</td>
</tr>
<tr>
<td class="left">Skład materiału</td>
<td>Obermaterial: 100% Leder</td>
</tr>
<tr>
<td class="left">Materiał</td>
<td>Skóra</td>
</tr>
<tr>
<td class="left">Material Schließe</td>
<td>Metal</td>
</tr>
<tr>
<td class="left">Kolor</td>
<td>dunkelbraun</td>
</tr>
<tr>
<td class="left">Optik</td>
<td>unifarben</td>
</tr>
<tr>
<td class="left">Stil</td>
<td>Basic, casual, modisch, klassisch</td>
</tr>
<tr>
<td class="left">Verschluss</td>
<td>Einfachdornschließe</td>
</tr>
<tr>
<td class="left">Breite des Gürtels</td>
<td>3,5 cm</td>
</tr>
</tbody>
</table>
</div>
