{"id":82520,"date":"2023-12-14T02:26:16","date_gmt":"2023-12-14T01:26:16","guid":{"rendered":"https:\/\/www.soanam.de\/?post_type=product&#038;p=82520"},"modified":"2023-12-14T02:27:59","modified_gmt":"2023-12-14T01:27:59","slug":"my-home-schiebegardine-maria-2stk-mit-klettschiene-in-weiss-grau-groesse-57cmx225cm","status":"publish","type":"product","link":"https:\/\/www.soanam.de\/pl\/produkt\/my-home-schiebegardine-maria-2stk-mit-klettschiene-in-weiss-grau-groesse-57cmx225cm\/","title":{"rendered":"my home Schiebegardine Maria, 2Stk. mit Klettschiene, in Wei\u00df-Grau, Gr\u00f6\u00dfe 57cmx225cm"},"content":{"rendered":"<p>Przezroczysta tkanina<br \/>\nNadruk z jednej strony<br \/>\nLeicht gl\u00e4nzend<br \/>\nLekka jako\u015b\u0107<br \/>\nMo\u017cna pra\u0107 w temperaturze 30 stopni w delikatnym cyklu<\/p>\n<p>Ein elegant modernes Flair bringt die Schiebegardine Maria von My Home mit schicken Querstreifen in das eigene Zuhause, das durch feine Linienmuster sowie die harmonische Farbgebung noch abgerundet wird.<br \/>\nIm Lieferumfang sind zwei Gardinen enthalten, um den Fensterbereich beidseitig zu best\u00fccken.<br \/>\nDank der Klettschiene ist der Schiebevorhang mit wenigen Handgriffen angebracht. Die Beschwerungsstange sorgt f\u00fcr einen glatten Fall.<br \/>\nHergestellt wird der Schiebevorhang in seidig gl\u00e4nzender Qualit\u00e4t.<\/p>\n<p>Materia\u0142: Materia\u0142 cholewki: poliester 100%<br \/>\nWskaz\u00f3wki dotycz\u0105ce piel\u0119gnacji: Delikatne pranie<\/p>\n<p>Kolor: bia\u0142o-szary<br \/>\nMuster: Querstreifen<br \/>\nRozmiar: 57 cm x 225 cm<\/p>\n<p>Uwaga: Podane wymiary s\u0105 wymiarami tkaniny.<\/p>\n<p>Zawieszany za pomoc\u0105 szyny z haczykami i p\u0119tlami w szynie karnisza lub na dr\u0105\u017cku karnisza.<\/p>","protected":false},"excerpt":{"rendered":"<table class=\"dv_characteristicsTable\">\n<tbody>\n<tr>\n<td class=\"left\">Gewicht<\/td>\n<td>52 g\/m\u00b2<\/td>\n<\/tr>\n<tr>\n<td class=\"left\">Breite<\/td>\n<td>57 cm<\/td>\n<\/tr>\n<tr>\n<td class=\"left\">H\u00f6he<\/td>\n<td>225 cm<\/td>\n<\/tr>\n<\/tbody>\n<\/table>\n<table class=\"dv_characteristicsTable\">\n<tbody>\n<tr>\n<td class=\"left\">Aufh\u00e4ngung<\/td>\n<td>Klettschiene<\/td>\n<\/tr>\n<tr>\n<td class=\"left\">Abschluss<\/td>\n<td>gerader Abschluss<\/td>\n<\/tr>\n<\/tbody>\n<\/table>\n<table class=\"dv_characteristicsTable\">\n<tbody>\n<tr>\n<td class=\"left\">Kolor<\/td>\n<td>grau<\/td>\n<\/tr>\n<tr>\n<td class=\"left\">Transparenz<\/td>\n<td>transparent<\/td>\n<\/tr>\n<tr>\n<td class=\"left\">Oberfl\u00e4chenstruktur<\/td>\n<td>glatt<\/td>\n<\/tr>\n<tr>\n<td class=\"left\">Design<\/td>\n<td>gemustert<\/td>\n<\/tr>\n<tr>\n<td class=\"left\">Designerstellungsart<\/td>\n<td>bedruckt<\/td>\n<\/tr>\n<\/tbody>\n<\/table>\n<table class=\"dv_characteristicsTable\">\n<tbody>\n<tr>\n<td class=\"left\">Materialart<\/td>\n<td>Poliester<\/td>\n<\/tr>\n<tr>\n<td class=\"left\">Sk\u0142ad materia\u0142u<\/td>\n<td>\u00a0100% Poliester<\/td>\n<\/tr>\n<tr>\n<td class=\"left\">Materia\u0142<\/td>\n<td>Poliester<\/td>\n<\/tr>\n<\/tbody>\n<\/table>\n<table class=\"dv_characteristicsTable\">\n<tbody>\n<tr>\n<td class=\"left\">Anzahl Teile<\/td>\n<td>2 St.<\/td>\n<\/tr>\n<tr>\n<td class=\"left\">Zakres dostawy<\/td>\n<td>Befestigungszubeh\u00f6r<br \/>\nMontageanleitung<\/td>\n<\/tr>\n<\/tbody>\n<\/table>\n<table class=\"dv_characteristicsTable\">\n<tbody>\n<tr>\n<td class=\"left\">Instrukcje dotycz\u0105ce piel\u0119gnacji<\/td>\n<td>30\u00b0C Schonw\u00e4sche<\/td>\n<\/tr>\n<\/tbody>\n<\/table>\n<p>&nbsp;<\/p>\n<p>&nbsp;<\/p>\n<p>&nbsp;<\/p>","protected":false},"featured_media":82601,"comment_status":"open","ping_status":"closed","template":"","meta":{"_seopress_robots_primary_cat":"","_seopress_titles_title":"","_seopress_titles_desc":"","_seopress_robots_index":""},"product_brand":[],"product_cat":[1400,1420],"product_tag":[],"class_list":{"0":"post-82520","1":"product","2":"type-product","3":"status-publish","4":"has-post-thumbnail","6":"product_cat-wohnzubehoer","7":"product_cat-wohndekoration","8":"product_shipping_class-standard-versand","10":"first","11":"instock","12":"sale","13":"taxable","14":"shipping-taxable","15":"purchasable","16":"product-type-simple"},"_links":{"self":[{"href":"https:\/\/www.soanam.de\/pl\/wp-json\/wp\/v2\/product\/82520","targetHints":{"allow":["GET"]}}],"collection":[{"href":"https:\/\/www.soanam.de\/pl\/wp-json\/wp\/v2\/product"}],"about":[{"href":"https:\/\/www.soanam.de\/pl\/wp-json\/wp\/v2\/types\/product"}],"replies":[{"embeddable":true,"href":"https:\/\/www.soanam.de\/pl\/wp-json\/wp\/v2\/comments?post=82520"}],"wp:featuredmedia":[{"embeddable":true,"href":"https:\/\/www.soanam.de\/pl\/wp-json\/wp\/v2\/media\/82601"}],"wp:attachment":[{"href":"https:\/\/www.soanam.de\/pl\/wp-json\/wp\/v2\/media?parent=82520"}],"wp:term":[{"taxonomy":"product_brand","embeddable":true,"href":"https:\/\/www.soanam.de\/pl\/wp-json\/wp\/v2\/product_brand?post=82520"},{"taxonomy":"product_cat","embeddable":true,"href":"https:\/\/www.soanam.de\/pl\/wp-json\/wp\/v2\/product_cat?post=82520"},{"taxonomy":"product_tag","embeddable":true,"href":"https:\/\/www.soanam.de\/pl\/wp-json\/wp\/v2\/product_tag?post=82520"}],"curies":[{"name":"wp","href":"https:\/\/api.w.org\/{rel}","templated":true}]}}

my home Schiebegardine Maria, 2Stk. mit Klettschiene, in Weiß-Grau, Größe 57cmx225cm

<p>Przezroczysta tkanina<br />
Nadruk z jednej strony<br />
Leicht glänzend<br />
Lekka jakość<br />
Można prać w temperaturze 30 stopni w delikatnym cyklu</p>
<p>Ein elegant modernes Flair bringt die Schiebegardine Maria von My Home mit schicken Querstreifen in das eigene Zuhause, das durch feine Linienmuster sowie die harmonische Farbgebung noch abgerundet wird.<br />
Im Lieferumfang sind zwei Gardinen enthalten, um den Fensterbereich beidseitig zu bestücken.<br />
Dank der Klettschiene ist der Schiebevorhang mit wenigen Handgriffen angebracht. Die Beschwerungsstange sorgt für einen glatten Fall.<br />
Hergestellt wird der Schiebevorhang in seidig glänzender Qualität.</p>
<p>Materiał: Materiał cholewki: poliester 100%<br />
Wskazówki dotyczące pielęgnacji: Delikatne pranie</p>
<p>Kolor: biało-szary<br />
Muster: Querstreifen<br />
Rozmiar: 57 cm x 225 cm</p>
<p>Uwaga: Podane wymiary są wymiarami tkaniny.</p>
<p>Zawieszany za pomocą szyny z haczykami i pętlami w szynie karnisza lub na drążku karnisza.</p>

<table class="dv_characteristicsTable">
<tbody>
<tr>
<td class="left">Gewicht</td>
<td>52 g/m²</td>
</tr>
<tr>
<td class="left">Breite</td>
<td>57 cm</td>
</tr>
<tr>
<td class="left">Höhe</td>
<td>225 cm</td>
</tr>
</tbody>
</table>
<table class="dv_characteristicsTable">
<tbody>
<tr>
<td class="left">Aufhängung</td>
<td>Klettschiene</td>
</tr>
<tr>
<td class="left">Abschluss</td>
<td>gerader Abschluss</td>
</tr>
</tbody>
</table>
<table class="dv_characteristicsTable">
<tbody>
<tr>
<td class="left">Kolor</td>
<td>grau</td>
</tr>
<tr>
<td class="left">Transparenz</td>
<td>transparent</td>
</tr>
<tr>
<td class="left">Oberflächenstruktur</td>
<td>glatt</td>
</tr>
<tr>
<td class="left">Design</td>
<td>gemustert</td>
</tr>
<tr>
<td class="left">Designerstellungsart</td>
<td>bedruckt</td>
</tr>
</tbody>
</table>
<table class="dv_characteristicsTable">
<tbody>
<tr>
<td class="left">Materialart</td>
<td>Poliester</td>
</tr>
<tr>
<td class="left">Skład materiału</td>
<td> 100% Poliester</td>
</tr>
<tr>
<td class="left">Materiał</td>
<td>Poliester</td>
</tr>
</tbody>
</table>
<table class="dv_characteristicsTable">
<tbody>
<tr>
<td class="left">Anzahl Teile</td>
<td>2 St.</td>
</tr>
<tr>
<td class="left">Zakres dostawy</td>
<td>Befestigungszubehör<br />
Montageanleitung</td>
</tr>
</tbody>
</table>
<table class="dv_characteristicsTable">
<tbody>
<tr>
<td class="left">Instrukcje dotyczące pielęgnacji</td>
<td>30°C Schonwäsche</td>
</tr>
</tbody>
</table>
<p>&nbsp;</p>
<p>&nbsp;</p>
<p>&nbsp;</p>
