{"id":82500,"date":"2023-12-14T02:25:51","date_gmt":"2023-12-14T01:25:51","guid":{"rendered":"https:\/\/www.soanam.de\/?post_type=product&#038;p=82500"},"modified":"2023-12-14T02:27:41","modified_gmt":"2023-12-14T01:27:41","slug":"my-home-raffrollo-1stk-mit-schlaufen-in-weiss-grau-groesse-100cmx140cm","status":"publish","type":"product","link":"https:\/\/www.soanam.de\/pl\/produkt\/my-home-raffrollo-1stk-mit-schlaufen-in-weiss-grau-groesse-100cmx140cm\/","title":{"rendered":"my home Raffrollo, 1Stk. mit Schlaufen, in Wei\u00df-Grau, Gr\u00f6\u00dfe 100cmx140cm"},"content":{"rendered":"<p>Transparenter Stoff mit Schlaufen<br \/>\nBestickt mit Wellen<br \/>\nOryginalny woal<br \/>\nLekka jako\u015b\u0107<br \/>\nMo\u017cna pra\u0107 w temperaturze 30 stopni w delikatnym cyklu<\/p>\n<p>Eine attraktive Fensterdekoration ist das transparente Raffrollo von my home.<br \/>\nDie Oberfl\u00e4che ist dezent bestickt und zeitlos gestaltet.<br \/>\nEs ist aus einer leichten Qualit\u00e4t, die luftig locker f\u00e4llt.<br \/>\nBei Bedarf wird der Stoff bei 30 \u00b0C im Schonwaschgang gereinigt.<\/p>\n<p>Materia\u0142: Materia\u0142 cholewki: poliester 100%<br \/>\nWskaz\u00f3wki dotycz\u0105ce piel\u0119gnacji: Delikatne pranie<\/p>\n<p>Kolor: bia\u0142y<br \/>\nWz\u00f3r: Fale<br \/>\nGr\u00f6\u00dfe: 100cm x 140cm<\/p>\n<p>Uwaga: Podane wymiary s\u0105 wymiarami tkaniny.<\/p>\n<p>Zawieszane za pomoc\u0105 p\u0119tli na dr\u0105\u017cku kurtyny.<\/p>\n<p>Zbieranie odbywa si\u0119 za pomoc\u0105 bocznych linek i mo\u017ce by\u0107 zamocowane na dowolnej wysoko\u015bci. W tym celu w \u015bcianie montuje si\u0119 blokad\u0119 sznurka ze \u015brub\u0105 i ko\u0142kiem.<\/p>","protected":false},"excerpt":{"rendered":"<table class=\"dv_characteristicsTable\">\n<tbody>\n<tr>\n<td class=\"left\">Aufh\u00e4ngung<\/td>\n<td>Schlaufen<\/td>\n<\/tr>\n<tr>\n<td class=\"left\">Abschluss<\/td>\n<td>gerader Abschluss<\/td>\n<\/tr>\n<\/tbody>\n<\/table>\n<table class=\"dv_characteristicsTable\">\n<tbody>\n<tr>\n<td class=\"left\">Kolor<\/td>\n<td>wei\u00df<br \/>\ngrau<\/td>\n<\/tr>\n<tr>\n<td class=\"left\">Transparenz<\/td>\n<td>transparent<\/td>\n<\/tr>\n<tr>\n<td class=\"left\">Oberfl\u00e4chenstruktur<\/td>\n<td>strukturiert<\/td>\n<\/tr>\n<tr>\n<td class=\"left\">Design<\/td>\n<td>bestickt<\/td>\n<\/tr>\n<tr>\n<td class=\"left\">Motiv<\/td>\n<td>Wellen<\/td>\n<\/tr>\n<tr>\n<td class=\"left\">Designerstellungsart<\/td>\n<td>bestickt<\/td>\n<\/tr>\n<\/tbody>\n<\/table>\n<table class=\"dv_characteristicsTable\">\n<tbody>\n<tr>\n<td class=\"left\">Sk\u0142ad materia\u0142u<\/td>\n<td>\u00a0100% Poliester<\/td>\n<\/tr>\n<\/tbody>\n<\/table>\n<table class=\"dv_characteristicsTable\">\n<tbody>\n<tr>\n<td class=\"left\">Breite<\/td>\n<td>100 cm<\/td>\n<\/tr>\n<tr>\n<td class=\"left\">H\u00f6he<\/td>\n<td>140 cm<\/td>\n<\/tr>\n<\/tbody>\n<\/table>\n<table class=\"dv_characteristicsTable\">\n<tbody>\n<tr>\n<td class=\"left\">Materialart<\/td>\n<td>Voile<\/td>\n<\/tr>\n<\/tbody>\n<\/table>\n<table class=\"dv_characteristicsTable\">\n<tbody>\n<tr>\n<td class=\"left\">Anzahl Teile<\/td>\n<td>1 St.<\/td>\n<\/tr>\n<tr>\n<td class=\"left\">Zakres dostawy<\/td>\n<td>Montageanleitung<br \/>\nBefestigungszubeh\u00f6r<br \/>\nBeschwerungsstange<\/td>\n<\/tr>\n<\/tbody>\n<\/table>\n<table class=\"dv_characteristicsTable\">\n<tbody>\n<tr>\n<td class=\"left\">Instrukcje dotycz\u0105ce piel\u0119gnacji<\/td>\n<td>30\u00b0C Schonw\u00e4sche<\/td>\n<\/tr>\n<\/tbody>\n<\/table>\n<table class=\"dv_characteristicsTable\">\n<tbody>\n<tr>\n<td class=\"left\"><\/td>\n<td>.<\/td>\n<\/tr>\n<\/tbody>\n<\/table>","protected":false},"featured_media":82589,"comment_status":"open","ping_status":"closed","template":"","meta":{"_seopress_robots_primary_cat":"","_seopress_titles_title":"","_seopress_titles_desc":"","_seopress_robots_index":""},"product_brand":[],"product_cat":[1400,1420],"product_tag":[],"class_list":{"0":"post-82500","1":"product","2":"type-product","3":"status-publish","4":"has-post-thumbnail","6":"product_cat-wohnzubehoer","7":"product_cat-wohndekoration","8":"product_shipping_class-standard-versand","10":"first","11":"instock","12":"sale","13":"taxable","14":"shipping-taxable","15":"purchasable","16":"product-type-simple"},"_links":{"self":[{"href":"https:\/\/www.soanam.de\/pl\/wp-json\/wp\/v2\/product\/82500","targetHints":{"allow":["GET"]}}],"collection":[{"href":"https:\/\/www.soanam.de\/pl\/wp-json\/wp\/v2\/product"}],"about":[{"href":"https:\/\/www.soanam.de\/pl\/wp-json\/wp\/v2\/types\/product"}],"replies":[{"embeddable":true,"href":"https:\/\/www.soanam.de\/pl\/wp-json\/wp\/v2\/comments?post=82500"}],"wp:featuredmedia":[{"embeddable":true,"href":"https:\/\/www.soanam.de\/pl\/wp-json\/wp\/v2\/media\/82589"}],"wp:attachment":[{"href":"https:\/\/www.soanam.de\/pl\/wp-json\/wp\/v2\/media?parent=82500"}],"wp:term":[{"taxonomy":"product_brand","embeddable":true,"href":"https:\/\/www.soanam.de\/pl\/wp-json\/wp\/v2\/product_brand?post=82500"},{"taxonomy":"product_cat","embeddable":true,"href":"https:\/\/www.soanam.de\/pl\/wp-json\/wp\/v2\/product_cat?post=82500"},{"taxonomy":"product_tag","embeddable":true,"href":"https:\/\/www.soanam.de\/pl\/wp-json\/wp\/v2\/product_tag?post=82500"}],"curies":[{"name":"wp","href":"https:\/\/api.w.org\/{rel}","templated":true}]}}

my home Raffrollo, 1Stk. mit Schlaufen, in Weiß-Grau, Größe 100cmx140cm

<p>Transparenter Stoff mit Schlaufen<br />
Bestickt mit Wellen<br />
Oryginalny woal<br />
Lekka jakość<br />
Można prać w temperaturze 30 stopni w delikatnym cyklu</p>
<p>Eine attraktive Fensterdekoration ist das transparente Raffrollo von my home.<br />
Die Oberfläche ist dezent bestickt und zeitlos gestaltet.<br />
Es ist aus einer leichten Qualität, die luftig locker fällt.<br />
Bei Bedarf wird der Stoff bei 30 °C im Schonwaschgang gereinigt.</p>
<p>Materiał: Materiał cholewki: poliester 100%<br />
Wskazówki dotyczące pielęgnacji: Delikatne pranie</p>
<p>Kolor: biały<br />
Wzór: Fale<br />
Größe: 100cm x 140cm</p>
<p>Uwaga: Podane wymiary są wymiarami tkaniny.</p>
<p>Zawieszane za pomocą pętli na drążku kurtyny.</p>
<p>Zbieranie odbywa się za pomocą bocznych linek i może być zamocowane na dowolnej wysokości. W tym celu w ścianie montuje się blokadę sznurka ze śrubą i kołkiem.</p>

<table class="dv_characteristicsTable">
<tbody>
<tr>
<td class="left">Aufhängung</td>
<td>Schlaufen</td>
</tr>
<tr>
<td class="left">Abschluss</td>
<td>gerader Abschluss</td>
</tr>
</tbody>
</table>
<table class="dv_characteristicsTable">
<tbody>
<tr>
<td class="left">Kolor</td>
<td>weiß<br />
grau</td>
</tr>
<tr>
<td class="left">Transparenz</td>
<td>transparent</td>
</tr>
<tr>
<td class="left">Oberflächenstruktur</td>
<td>strukturiert</td>
</tr>
<tr>
<td class="left">Design</td>
<td>bestickt</td>
</tr>
<tr>
<td class="left">Motiv</td>
<td>Wellen</td>
</tr>
<tr>
<td class="left">Designerstellungsart</td>
<td>bestickt</td>
</tr>
</tbody>
</table>
<table class="dv_characteristicsTable">
<tbody>
<tr>
<td class="left">Skład materiału</td>
<td> 100% Poliester</td>
</tr>
</tbody>
</table>
<table class="dv_characteristicsTable">
<tbody>
<tr>
<td class="left">Breite</td>
<td>100 cm</td>
</tr>
<tr>
<td class="left">Höhe</td>
<td>140 cm</td>
</tr>
</tbody>
</table>
<table class="dv_characteristicsTable">
<tbody>
<tr>
<td class="left">Materialart</td>
<td>Voile</td>
</tr>
</tbody>
</table>
<table class="dv_characteristicsTable">
<tbody>
<tr>
<td class="left">Anzahl Teile</td>
<td>1 St.</td>
</tr>
<tr>
<td class="left">Zakres dostawy</td>
<td>Montageanleitung<br />
Befestigungszubehör<br />
Beschwerungsstange</td>
</tr>
</tbody>
</table>
<table class="dv_characteristicsTable">
<tbody>
<tr>
<td class="left">Instrukcje dotyczące pielęgnacji</td>
<td>30°C Schonwäsche</td>
</tr>
</tbody>
</table>
<table class="dv_characteristicsTable">
<tbody>
<tr>
<td class="left"></td>
<td>.</td>
</tr>
</tbody>
</table>
