{"id":82498,"date":"2023-12-14T02:25:51","date_gmt":"2023-12-14T01:25:51","guid":{"rendered":"https:\/\/www.soanam.de\/?post_type=product&#038;p=82498"},"modified":"2023-12-14T02:27:30","modified_gmt":"2023-12-14T01:27:30","slug":"laura-scott-parka-mit-abnehmbarer-kapuze-in-schwarz-groesse-46","status":"publish","type":"product","link":"https:\/\/www.soanam.de\/pl\/produkt\/laura-scott-parka-mit-abnehmbarer-kapuze-in-schwarz-groesse-46\/","title":{"rendered":"Laura Scott Parka mit abnehmbarer Kapuze, in Schwarz, Gr\u00f6\u00dfe 46"},"content":{"rendered":"<p>Parka ze z\u0142otymi dodatkami od Laura Scott<br \/>\nZimowa kurtka outdoorowa z odpinanym kapturem i wyko\u0144czeniem ze sztucznego futra<br \/>\nParka o dopasowanej sylwetce, kr\u00f3tsza z przodu ni\u017c z ty\u0142u.<br \/>\nBardzo ciep\u0142a wy\u015bci\u00f3\u0142ka poliestrowa<br \/>\nD\u0142ugie r\u0119kawy z pr\u0105\u017ckowanymi mankietami<\/p>\n<p>Ciep\u0142a, podszyta kurtka Laura Scott z du\u017cym, odpinanym kapturem jest idealnym towarzyszem na \u015bwie\u017cym powietrzu.<br \/>\nMi\u0119kkie wyko\u0144czenie ze sztucznego futra na ko\u0142nierzu jest bardzo przytulne.<br \/>\nWygodny kr\u00f3j i marszczenie w talii pi\u0119knie podkre\u015blaj\u0105 figur\u0119.<br \/>\nElegancki wygl\u0105d parki ze z\u0142otymi akcentami gwarantuje przyci\u0105gaj\u0105cy wzrok efekt.<\/p>\n<p>Materia\u0142: Materia\u0142 zewn\u0119trzny: poliester 100%. Podszewka: poliester 100%. Wyko\u0144czenie: 80% poliakryl, 20% poliester. Wy\u015bci\u00f3\u0142ka: 100% poliester. Mankiety: poliester 95%, elastan 5%<br \/>\nWskaz\u00f3wki dotycz\u0105ce piel\u0119gnacji: Pra\u0107 w pralce<\/p>\n<p>Kolor: czarny<br \/>\nWz\u00f3r: bez<br \/>\nRozmiar: 46<\/p>\n<p>Szeroko\u015b\u0107 ramion: 44 cm<br \/>\nSzeroko\u015b\u0107 klatki piersiowej: 122 cm<br \/>\nD\u0142ugo\u015b\u0107 r\u0119kawa: 63 cm<br \/>\nCa\u0142kowita d\u0142ugo\u015b\u0107: 94 cm<\/p>\n<p>&nbsp;<\/p>\n<p>Ten nowy przedmiot jest zwrotem klienta bez etykiety.<\/p>","protected":false},"excerpt":{"rendered":"<table class=\"dv_characteristicsTable\">\n<tbody>\n<tr>\n<td class=\"left\">Rozmiar<\/td>\n<td>46<\/td>\n<\/tr>\n<tr>\n<td class=\"left\">Gr\u00f6\u00dfentyp<\/td>\n<td>Normalgr\u00f6\u00dfen<\/td>\n<\/tr>\n<tr>\n<td class=\"left\">Sk\u0142ad materia\u0142u<\/td>\n<td>Obermaterial: 100% Polyester. Futter: 100% Polyester. Besatz: 80% Polyacryl, 20% Polyester. Wattierung: 100% Polyester. B\u00fcndchen: 95% Polyester, 5% Elasthan<\/td>\n<\/tr>\n<tr>\n<td class=\"left\">Instrukcje dotycz\u0105ce piel\u0119gnacji<\/td>\n<td>Pranie w pralce<\/td>\n<\/tr>\n<tr>\n<td class=\"left\">Optik<\/td>\n<td>unifarben<\/td>\n<\/tr>\n<tr>\n<td class=\"left\">Stil<\/td>\n<td>feminin<\/td>\n<\/tr>\n<tr>\n<td class=\"left\">Kolor<\/td>\n<td>schwarz<\/td>\n<\/tr>\n<tr>\n<td class=\"left\">Kragen<\/td>\n<td>Fellimitatkragen<\/td>\n<\/tr>\n<tr>\n<td class=\"left\">Kragendetails<\/td>\n<td>abnehmbar<\/td>\n<\/tr>\n<tr>\n<td class=\"left\">\u00c4rmel<\/td>\n<td>D\u0142ugi r\u0119kaw<\/td>\n<\/tr>\n<tr>\n<td class=\"left\">Rumpfabschlussdetails<\/td>\n<td>mit Kordelzug<\/td>\n<\/tr>\n<tr>\n<td class=\"left\">Dopasowanie<\/td>\n<td>l\u00e4ssig geschnitten<\/td>\n<\/tr>\n<tr>\n<td class=\"left\">Schnittdetails<\/td>\n<td>L\u00e4ngsteilungsnaht<\/td>\n<\/tr>\n<tr>\n<td class=\"left\">Schnittform L\u00e4nge<\/td>\n<td>ca. Mitte Oberschenkel<\/td>\n<\/tr>\n<tr>\n<td class=\"left\">Kaptur<\/td>\n<td>mit Kapuze<\/td>\n<\/tr>\n<tr>\n<td class=\"left\">Kapuzendetails<\/td>\n<td>abnehmbar<\/td>\n<\/tr>\n<tr>\n<td class=\"left\">Applikationen<\/td>\n<td>Druckkn\u00f6pfe<\/td>\n<\/tr>\n<tr>\n<td class=\"left\">Torby<\/td>\n<td>Rei\u00dfverschlusstaschen<\/td>\n<\/tr>\n<tr>\n<td class=\"left\">Verschluss<\/td>\n<td>Rei\u00dfverschluss, Knopfleiste<\/td>\n<\/tr>\n<tr>\n<td class=\"left\">Besondere Merkmale<\/td>\n<td>mit abnehmbarer Kapuze<\/td>\n<\/tr>\n<\/tbody>\n<\/table>","protected":false},"featured_media":82578,"comment_status":"open","ping_status":"closed","template":"","meta":{"_seopress_robots_primary_cat":"","_seopress_titles_title":"","_seopress_titles_desc":"","_seopress_robots_index":""},"product_brand":[],"product_cat":[1348,1354,1375,1440],"product_tag":[],"class_list":{"0":"post-82498","1":"product","2":"type-product","3":"status-publish","4":"has-post-thumbnail","6":"product_cat-damen-mode","7":"product_cat-jacken-maentel","8":"product_cat-winterjacken","9":"product_cat-parkas-winterjacken","10":"product_shipping_class-standard-versand","12":"first","13":"instock","14":"sale","15":"taxable","16":"shipping-taxable","17":"purchasable","18":"product-type-simple"},"_links":{"self":[{"href":"https:\/\/www.soanam.de\/pl\/wp-json\/wp\/v2\/product\/82498","targetHints":{"allow":["GET"]}}],"collection":[{"href":"https:\/\/www.soanam.de\/pl\/wp-json\/wp\/v2\/product"}],"about":[{"href":"https:\/\/www.soanam.de\/pl\/wp-json\/wp\/v2\/types\/product"}],"replies":[{"embeddable":true,"href":"https:\/\/www.soanam.de\/pl\/wp-json\/wp\/v2\/comments?post=82498"}],"wp:featuredmedia":[{"embeddable":true,"href":"https:\/\/www.soanam.de\/pl\/wp-json\/wp\/v2\/media\/82578"}],"wp:attachment":[{"href":"https:\/\/www.soanam.de\/pl\/wp-json\/wp\/v2\/media?parent=82498"}],"wp:term":[{"taxonomy":"product_brand","embeddable":true,"href":"https:\/\/www.soanam.de\/pl\/wp-json\/wp\/v2\/product_brand?post=82498"},{"taxonomy":"product_cat","embeddable":true,"href":"https:\/\/www.soanam.de\/pl\/wp-json\/wp\/v2\/product_cat?post=82498"},{"taxonomy":"product_tag","embeddable":true,"href":"https:\/\/www.soanam.de\/pl\/wp-json\/wp\/v2\/product_tag?post=82498"}],"curies":[{"name":"wp","href":"https:\/\/api.w.org\/{rel}","templated":true}]}}

Laura Scott Parka mit abnehmbarer Kapuze, in Schwarz, Größe 46

<p>Parka ze złotymi dodatkami od Laura Scott<br />
Zimowa kurtka outdoorowa z odpinanym kapturem i wykończeniem ze sztucznego futra<br />
Parka o dopasowanej sylwetce, krótsza z przodu niż z tyłu.<br />
Bardzo ciepła wyściółka poliestrowa<br />
Długie rękawy z prążkowanymi mankietami</p>
<p>Ciepła, podszyta kurtka Laura Scott z dużym, odpinanym kapturem jest idealnym towarzyszem na świeżym powietrzu.<br />
Miękkie wykończenie ze sztucznego futra na kołnierzu jest bardzo przytulne.<br />
Wygodny krój i marszczenie w talii pięknie podkreślają figurę.<br />
Elegancki wygląd parki ze złotymi akcentami gwarantuje przyciągający wzrok efekt.</p>
<p>Materiał: Materiał zewnętrzny: poliester 100%. Podszewka: poliester 100%. Wykończenie: 80% poliakryl, 20% poliester. Wyściółka: 100% poliester. Mankiety: poliester 95%, elastan 5%<br />
Wskazówki dotyczące pielęgnacji: Prać w pralce</p>
<p>Kolor: czarny<br />
Wzór: bez<br />
Rozmiar: 46</p>
<p>Szerokość ramion: 44 cm<br />
Szerokość klatki piersiowej: 122 cm<br />
Długość rękawa: 63 cm<br />
Całkowita długość: 94 cm</p>
<p>&nbsp;</p>
<p>Ten nowy przedmiot jest zwrotem klienta bez etykiety.</p>

<table class="dv_characteristicsTable">
<tbody>
<tr>
<td class="left">Rozmiar</td>
<td>46</td>
</tr>
<tr>
<td class="left">Größentyp</td>
<td>Normalgrößen</td>
</tr>
<tr>
<td class="left">Skład materiału</td>
<td>Obermaterial: 100% Polyester. Futter: 100% Polyester. Besatz: 80% Polyacryl, 20% Polyester. Wattierung: 100% Polyester. Bündchen: 95% Polyester, 5% Elasthan</td>
</tr>
<tr>
<td class="left">Instrukcje dotyczące pielęgnacji</td>
<td>Pranie w pralce</td>
</tr>
<tr>
<td class="left">Optik</td>
<td>unifarben</td>
</tr>
<tr>
<td class="left">Stil</td>
<td>feminin</td>
</tr>
<tr>
<td class="left">Kolor</td>
<td>schwarz</td>
</tr>
<tr>
<td class="left">Kragen</td>
<td>Fellimitatkragen</td>
</tr>
<tr>
<td class="left">Kragendetails</td>
<td>abnehmbar</td>
</tr>
<tr>
<td class="left">Ärmel</td>
<td>Długi rękaw</td>
</tr>
<tr>
<td class="left">Rumpfabschlussdetails</td>
<td>mit Kordelzug</td>
</tr>
<tr>
<td class="left">Dopasowanie</td>
<td>lässig geschnitten</td>
</tr>
<tr>
<td class="left">Schnittdetails</td>
<td>Längsteilungsnaht</td>
</tr>
<tr>
<td class="left">Schnittform Länge</td>
<td>ca. Mitte Oberschenkel</td>
</tr>
<tr>
<td class="left">Kaptur</td>
<td>mit Kapuze</td>
</tr>
<tr>
<td class="left">Kapuzendetails</td>
<td>abnehmbar</td>
</tr>
<tr>
<td class="left">Applikationen</td>
<td>Druckknöpfe</td>
</tr>
<tr>
<td class="left">Torby</td>
<td>Reißverschlusstaschen</td>
</tr>
<tr>
<td class="left">Verschluss</td>
<td>Reißverschluss, Knopfleiste</td>
</tr>
<tr>
<td class="left">Besondere Merkmale</td>
<td>mit abnehmbarer Kapuze</td>
</tr>
</tbody>
</table>
