{"id":82493,"date":"2023-12-14T02:25:49","date_gmt":"2023-12-14T01:25:49","guid":{"rendered":"https:\/\/www.soanam.de\/?post_type=product&#038;p=82493"},"modified":"2023-12-14T02:26:58","modified_gmt":"2023-12-14T01:26:58","slug":"my-home-vorhang-raja-2-stk-mit-oesen-in-beere-groesse-140cmx245cm","status":"publish","type":"product","link":"https:\/\/www.soanam.de\/pl\/produkt\/my-home-vorhang-raja-2-stk-mit-oesen-in-beere-groesse-140cmx245cm\/","title":{"rendered":"my home Vorhang Raja, 2 Stk, mit \u00d6sen, in Beere, Gr\u00f6\u00dfe 140cmx245cm"},"content":{"rendered":"<p>Blickdichter Stoff: Zum leichten Abdunkeln von R\u00e4umen.<br \/>\nPflegeleichte Microfaser<br \/>\nSehr d\u00fcnne &amp; leichte Qualit\u00e4t, nur 90 g\/m\u00b2<br \/>\nZ oczkami<\/p>\n<p>Der elegante Vorhang Raja von my home im 2er-Pack sorgt f\u00fcr eine frische Note an jedem Fenster.<br \/>\nDas pflegeleichte Material in sehr leichter Qualit\u00e4t l\u00e4sst sich gekonnt dekorieren und durch den unifarbenen Stoff auch mit anderen Schals kombinieren.<br \/>\nDie Aufh\u00e4ngung erfolgt mittels \u00d6sen (Durchmesser ca. 35 mm) an der Gardinenstange.<br \/>\nZas\u0142ony mo\u017cna pra\u0107 w pralce w delikatnym cyklu w temperaturze 30\u00b0C.<\/p>\n<p>Materia\u0142: Materia\u0142 cholewki: poliester 100%<br \/>\nWskaz\u00f3wki dotycz\u0105ce piel\u0119gnacji: Delikatne pranie<\/p>\n<p>Kolor: jagodowy<br \/>\nWz\u00f3r: bez<br \/>\nRozmiar: szeroko\u015b\u0107 140 cm x d\u0142ugo\u015b\u0107 245 cm<br \/>\nUwaga: Podane wymiary s\u0105 wymiarami tkaniny. W przypadku pe\u0142nej dekoracji na oknie szeroko\u015b\u0107 zmniejsza si\u0119 o oko\u0142o po\u0142ow\u0119.<\/p>\n<p>Zawieszany za pomoc\u0105 oczek (\u015brednica ok. 35 mm) na dr\u0105\u017cku karnisza.<\/p>","protected":false},"excerpt":{"rendered":"<table class=\"dv_characteristicsTable\">\n<tbody>\n<tr>\n<td class=\"left\">Gewicht<\/td>\n<td>90 g\/m\u00b2<\/td>\n<\/tr>\n<tr>\n<td class=\"left\">Breite<\/td>\n<td>140 cm<\/td>\n<\/tr>\n<tr>\n<td class=\"left\">H\u00f6he<\/td>\n<td>245 cm<\/td>\n<\/tr>\n<\/tbody>\n<\/table>\n<table class=\"dv_characteristicsTable\">\n<tbody>\n<tr>\n<td class=\"left\">Aufh\u00e4ngung<\/td>\n<td>\u00d6sen<\/td>\n<\/tr>\n<tr>\n<td class=\"left\">Abschluss<\/td>\n<td>gerader Abschluss<\/td>\n<\/tr>\n<\/tbody>\n<\/table>\n<table class=\"dv_characteristicsTable\">\n<tbody>\n<tr>\n<td class=\"left\">Kolor<\/td>\n<td>beere<\/td>\n<\/tr>\n<tr>\n<td class=\"left\">Transparenz<\/td>\n<td>blickdicht<\/td>\n<\/tr>\n<tr>\n<td class=\"left\">Oberfl\u00e4chenstruktur<\/td>\n<td>glatt<\/td>\n<\/tr>\n<tr>\n<td class=\"left\">Design<\/td>\n<td>unifarben<\/td>\n<\/tr>\n<tr>\n<td class=\"left\">Designerstellungsart<\/td>\n<td>gewebt<\/td>\n<\/tr>\n<\/tbody>\n<\/table>\n<table class=\"dv_characteristicsTable\">\n<tbody>\n<tr>\n<td class=\"left\">Materialart<\/td>\n<td>Poliester<\/td>\n<\/tr>\n<tr>\n<td class=\"left\">Sk\u0142ad materia\u0142u<\/td>\n<td>Obermaterial: 100% Polyester<\/td>\n<\/tr>\n<tr>\n<td class=\"left\">Materia\u0142<\/td>\n<td>Poliester<\/td>\n<\/tr>\n<tr>\n<td class=\"left\">Material Aufh\u00e4ngung<\/td>\n<td>Metal<\/td>\n<\/tr>\n<\/tbody>\n<\/table>\n<table class=\"dv_characteristicsTable\">\n<tbody>\n<tr>\n<td class=\"left\">Anzahl Teile<\/td>\n<td>2 St.<\/td>\n<\/tr>\n<\/tbody>\n<\/table>\n<table class=\"dv_characteristicsTable\">\n<tbody>\n<tr>\n<td class=\"left\">Instrukcje dotycz\u0105ce piel\u0119gnacji<\/td>\n<td>30\u00b0C Schonw\u00e4sche<\/td>\n<\/tr>\n<\/tbody>\n<\/table>","protected":false},"featured_media":82555,"comment_status":"open","ping_status":"closed","template":"","meta":{"_seopress_robots_primary_cat":"","_seopress_titles_title":"","_seopress_titles_desc":"","_seopress_robots_index":""},"product_brand":[],"product_cat":[1400,1420],"product_tag":[],"class_list":{"0":"post-82493","1":"product","2":"type-product","3":"status-publish","4":"has-post-thumbnail","6":"product_cat-wohnzubehoer","7":"product_cat-wohndekoration","8":"product_shipping_class-standard-versand","10":"first","11":"instock","12":"sale","13":"taxable","14":"shipping-taxable","15":"purchasable","16":"product-type-simple"},"_links":{"self":[{"href":"https:\/\/www.soanam.de\/pl\/wp-json\/wp\/v2\/product\/82493","targetHints":{"allow":["GET"]}}],"collection":[{"href":"https:\/\/www.soanam.de\/pl\/wp-json\/wp\/v2\/product"}],"about":[{"href":"https:\/\/www.soanam.de\/pl\/wp-json\/wp\/v2\/types\/product"}],"replies":[{"embeddable":true,"href":"https:\/\/www.soanam.de\/pl\/wp-json\/wp\/v2\/comments?post=82493"}],"wp:featuredmedia":[{"embeddable":true,"href":"https:\/\/www.soanam.de\/pl\/wp-json\/wp\/v2\/media\/82555"}],"wp:attachment":[{"href":"https:\/\/www.soanam.de\/pl\/wp-json\/wp\/v2\/media?parent=82493"}],"wp:term":[{"taxonomy":"product_brand","embeddable":true,"href":"https:\/\/www.soanam.de\/pl\/wp-json\/wp\/v2\/product_brand?post=82493"},{"taxonomy":"product_cat","embeddable":true,"href":"https:\/\/www.soanam.de\/pl\/wp-json\/wp\/v2\/product_cat?post=82493"},{"taxonomy":"product_tag","embeddable":true,"href":"https:\/\/www.soanam.de\/pl\/wp-json\/wp\/v2\/product_tag?post=82493"}],"curies":[{"name":"wp","href":"https:\/\/api.w.org\/{rel}","templated":true}]}}

my home Vorhang Raja, 2 Stk, mit Ösen, in Beere, Größe 140cmx245cm

<p>Blickdichter Stoff: Zum leichten Abdunkeln von Räumen.<br />
Pflegeleichte Microfaser<br />
Sehr dünne &amp; leichte Qualität, nur 90 g/m²<br />
Z oczkami</p>
<p>Der elegante Vorhang Raja von my home im 2er-Pack sorgt für eine frische Note an jedem Fenster.<br />
Das pflegeleichte Material in sehr leichter Qualität lässt sich gekonnt dekorieren und durch den unifarbenen Stoff auch mit anderen Schals kombinieren.<br />
Die Aufhängung erfolgt mittels Ösen (Durchmesser ca. 35 mm) an der Gardinenstange.<br />
Zasłony można prać w pralce w delikatnym cyklu w temperaturze 30°C.</p>
<p>Materiał: Materiał cholewki: poliester 100%<br />
Wskazówki dotyczące pielęgnacji: Delikatne pranie</p>
<p>Kolor: jagodowy<br />
Wzór: bez<br />
Rozmiar: szerokość 140 cm x długość 245 cm<br />
Uwaga: Podane wymiary są wymiarami tkaniny. W przypadku pełnej dekoracji na oknie szerokość zmniejsza się o około połowę.</p>
<p>Zawieszany za pomocą oczek (średnica ok. 35 mm) na drążku karnisza.</p>

<table class="dv_characteristicsTable">
<tbody>
<tr>
<td class="left">Gewicht</td>
<td>90 g/m²</td>
</tr>
<tr>
<td class="left">Breite</td>
<td>140 cm</td>
</tr>
<tr>
<td class="left">Höhe</td>
<td>245 cm</td>
</tr>
</tbody>
</table>
<table class="dv_characteristicsTable">
<tbody>
<tr>
<td class="left">Aufhängung</td>
<td>Ösen</td>
</tr>
<tr>
<td class="left">Abschluss</td>
<td>gerader Abschluss</td>
</tr>
</tbody>
</table>
<table class="dv_characteristicsTable">
<tbody>
<tr>
<td class="left">Kolor</td>
<td>beere</td>
</tr>
<tr>
<td class="left">Transparenz</td>
<td>blickdicht</td>
</tr>
<tr>
<td class="left">Oberflächenstruktur</td>
<td>glatt</td>
</tr>
<tr>
<td class="left">Design</td>
<td>unifarben</td>
</tr>
<tr>
<td class="left">Designerstellungsart</td>
<td>gewebt</td>
</tr>
</tbody>
</table>
<table class="dv_characteristicsTable">
<tbody>
<tr>
<td class="left">Materialart</td>
<td>Poliester</td>
</tr>
<tr>
<td class="left">Skład materiału</td>
<td>Obermaterial: 100% Polyester</td>
</tr>
<tr>
<td class="left">Materiał</td>
<td>Poliester</td>
</tr>
<tr>
<td class="left">Material Aufhängung</td>
<td>Metal</td>
</tr>
</tbody>
</table>
<table class="dv_characteristicsTable">
<tbody>
<tr>
<td class="left">Anzahl Teile</td>
<td>2 St.</td>
</tr>
</tbody>
</table>
<table class="dv_characteristicsTable">
<tbody>
<tr>
<td class="left">Instrukcje dotyczące pielęgnacji</td>
<td>30°C Schonwäsche</td>
</tr>
</tbody>
</table>
