{"id":82492,"date":"2023-12-14T02:25:48","date_gmt":"2023-12-14T01:25:48","guid":{"rendered":"https:\/\/www.soanam.de\/?post_type=product&#038;p=82492"},"modified":"2023-12-14T02:26:55","modified_gmt":"2023-12-14T01:26:55","slug":"my-home-zaslona-zaciemniajaca-solana-2-sztuki-z-oczkami-w-kolorze-piaskowym-rozmiar-140cmx225cm-b-ware","status":"publish","type":"product","link":"https:\/\/www.soanam.de\/pl\/produkt\/my-home-verdunklungsvorhang-solana-2-stk-mit-oesen-in-sand-groesse-140cmx225cm-b-ware\/","title":{"rendered":"zas\u0142ona zaciemniaj\u0105ca my home Solana, 2 szt., z oczkami, w kolorze piaskowym, rozmiar 140cmx225cm, B-goods"},"content":{"rendered":"<p>Tkanina zaciemniaj\u0105ca<br \/>\nTkanina odporna na ciep\u0142o i zimno<br \/>\nZakres dostawy: 2 chusty<br \/>\nZ oczkami<\/p>\n<p>Jednokolorowa zas\u0142ona Solana z serii my home wyznacza nowe akcenty.<br \/>\nZastosowana tkanina jest zaciemniaj\u0105ca i dlatego s\u0142u\u017cy r\u00f3wnie\u017c jako niezawodny ekran prywatno\u015bci przed niechcianymi spojrzeniami z zewn\u0105trz.<br \/>\nMateria\u0142 ten ma r\u00f3wnie\u017c t\u0119 zalet\u0119, \u017ce odpycha ciep\u0142o i zimno, tworz\u0105c w ten spos\u00f3b dobry klimat w pomieszczeniu<br \/>\nZas\u0142ony mo\u017cna pra\u0107 w pralce w delikatnym cyklu w temperaturze 30\u00b0C.<\/p>\n<p>Materia\u0142: Materia\u0142 cholewki: poliester 100%<br \/>\nWskaz\u00f3wki dotycz\u0105ce piel\u0119gnacji: Delikatne pranie<\/p>\n<p>Kolor: piaskowy<br \/>\nWz\u00f3r: bez<br \/>\nRozmiar: szeroko\u015b\u0107 140 cm x d\u0142ugo\u015b\u0107 225 cm<br \/>\nUwaga: Podane wymiary s\u0105 wymiarami tkaniny. W przypadku pe\u0142nej dekoracji na oknie szeroko\u015b\u0107 zmniejsza si\u0119 o oko\u0142o po\u0142ow\u0119.<\/p>\n<p>Zawieszany za pomoc\u0105 oczek (\u015brednica ok. 35 mm) na dr\u0105\u017cku karnisza.<\/p>\n<p>Uwaga: jest to towar klasy B. Z jednego z dw\u00f3ch szalik\u00f3w zosta\u0142a wyci\u0105gni\u0119ta ni\u0107, patrz ostatnie zdj\u0119cie.<\/p>","protected":false},"excerpt":{"rendered":"<table class=\"dv_characteristicsTable\">\n<tbody>\n<tr>\n<td class=\"left\">Gewicht<\/td>\n<td>230 g\/m\u00b2<\/td>\n<\/tr>\n<tr>\n<td class=\"left\">Breite<\/td>\n<td>140 cm<\/td>\n<\/tr>\n<tr>\n<td class=\"left\">H\u00f6he<\/td>\n<td>225 cm<\/td>\n<\/tr>\n<\/tbody>\n<\/table>\n<table class=\"dv_characteristicsTable\">\n<tbody>\n<tr>\n<td class=\"left\">Aufh\u00e4ngung<\/td>\n<td>\u00d6sen<\/td>\n<\/tr>\n<\/tbody>\n<\/table>\n<table class=\"dv_characteristicsTable\">\n<tbody>\n<tr>\n<td class=\"left\">Funkcje<\/td>\n<td>energiesparend<\/td>\n<\/tr>\n<\/tbody>\n<\/table>\n<table class=\"dv_characteristicsTable\">\n<tbody>\n<tr>\n<td class=\"left\">Kolor<\/td>\n<td>piasek<\/td>\n<\/tr>\n<tr>\n<td class=\"left\">Transparenz<\/td>\n<td>verdunkelnd<\/td>\n<\/tr>\n<tr>\n<td class=\"left\">Oberfl\u00e4chenstruktur<\/td>\n<td>glatt<\/td>\n<\/tr>\n<tr>\n<td class=\"left\">Design<\/td>\n<td>unifarben<\/td>\n<\/tr>\n<\/tbody>\n<\/table>\n<table class=\"dv_characteristicsTable\">\n<tbody>\n<tr>\n<td class=\"left\">Sk\u0142ad materia\u0142u<\/td>\n<td>Obermaterial: 100% Polyester<\/td>\n<\/tr>\n<tr>\n<td class=\"left\">Materia\u0142<\/td>\n<td>Poliester<\/td>\n<\/tr>\n<tr>\n<td class=\"left\">Material Aufh\u00e4ngung<\/td>\n<td>Metal<\/td>\n<\/tr>\n<\/tbody>\n<\/table>\n<table class=\"dv_characteristicsTable\">\n<tbody>\n<tr>\n<td class=\"left\">Anzahl Teile<\/td>\n<td>2 St.<\/td>\n<\/tr>\n<\/tbody>\n<\/table>\n<table class=\"dv_characteristicsTable\">\n<tbody>\n<tr>\n<td class=\"left\">Instrukcje dotycz\u0105ce piel\u0119gnacji<\/td>\n<td>30\u00b0C Schonw\u00e4sche<\/td>\n<\/tr>\n<\/tbody>\n<\/table>","protected":false},"featured_media":82551,"comment_status":"open","ping_status":"closed","template":"","meta":{"_seopress_robots_primary_cat":"","_seopress_titles_title":"","_seopress_titles_desc":"","_seopress_robots_index":""},"product_brand":[],"product_cat":[1400,1420],"product_tag":[],"class_list":{"0":"post-82492","1":"product","2":"type-product","3":"status-publish","4":"has-post-thumbnail","6":"product_cat-wohnzubehoer","7":"product_cat-wohndekoration","8":"product_shipping_class-standard-versand","10":"first","11":"instock","12":"sale","13":"taxable","14":"shipping-taxable","15":"purchasable","16":"product-type-simple"},"_links":{"self":[{"href":"https:\/\/www.soanam.de\/pl\/wp-json\/wp\/v2\/product\/82492","targetHints":{"allow":["GET"]}}],"collection":[{"href":"https:\/\/www.soanam.de\/pl\/wp-json\/wp\/v2\/product"}],"about":[{"href":"https:\/\/www.soanam.de\/pl\/wp-json\/wp\/v2\/types\/product"}],"replies":[{"embeddable":true,"href":"https:\/\/www.soanam.de\/pl\/wp-json\/wp\/v2\/comments?post=82492"}],"wp:featuredmedia":[{"embeddable":true,"href":"https:\/\/www.soanam.de\/pl\/wp-json\/wp\/v2\/media\/82551"}],"wp:attachment":[{"href":"https:\/\/www.soanam.de\/pl\/wp-json\/wp\/v2\/media?parent=82492"}],"wp:term":[{"taxonomy":"product_brand","embeddable":true,"href":"https:\/\/www.soanam.de\/pl\/wp-json\/wp\/v2\/product_brand?post=82492"},{"taxonomy":"product_cat","embeddable":true,"href":"https:\/\/www.soanam.de\/pl\/wp-json\/wp\/v2\/product_cat?post=82492"},{"taxonomy":"product_tag","embeddable":true,"href":"https:\/\/www.soanam.de\/pl\/wp-json\/wp\/v2\/product_tag?post=82492"}],"curies":[{"name":"wp","href":"https:\/\/api.w.org\/{rel}","templated":true}]}}

zasłona zaciemniająca my home Solana, 2 szt., z oczkami, w kolorze piaskowym, rozmiar 140cmx225cm, B-goods

<p>Tkanina zaciemniająca<br />
Tkanina odporna na ciepło i zimno<br />
Zakres dostawy: 2 chusty<br />
Z oczkami</p>
<p>Jednokolorowa zasłona Solana z serii my home wyznacza nowe akcenty.<br />
Zastosowana tkanina jest zaciemniająca i dlatego służy również jako niezawodny ekran prywatności przed niechcianymi spojrzeniami z zewnątrz.<br />
Materiał ten ma również tę zaletę, że odpycha ciepło i zimno, tworząc w ten sposób dobry klimat w pomieszczeniu<br />
Zasłony można prać w pralce w delikatnym cyklu w temperaturze 30°C.</p>
<p>Materiał: Materiał cholewki: poliester 100%<br />
Wskazówki dotyczące pielęgnacji: Delikatne pranie</p>
<p>Kolor: piaskowy<br />
Wzór: bez<br />
Rozmiar: szerokość 140 cm x długość 225 cm<br />
Uwaga: Podane wymiary są wymiarami tkaniny. W przypadku pełnej dekoracji na oknie szerokość zmniejsza się o około połowę.</p>
<p>Zawieszany za pomocą oczek (średnica ok. 35 mm) na drążku karnisza.</p>
<p>Uwaga: jest to towar klasy B. Z jednego z dwóch szalików została wyciągnięta nić, patrz ostatnie zdjęcie.</p>

<table class="dv_characteristicsTable">
<tbody>
<tr>
<td class="left">Gewicht</td>
<td>230 g/m²</td>
</tr>
<tr>
<td class="left">Breite</td>
<td>140 cm</td>
</tr>
<tr>
<td class="left">Höhe</td>
<td>225 cm</td>
</tr>
</tbody>
</table>
<table class="dv_characteristicsTable">
<tbody>
<tr>
<td class="left">Aufhängung</td>
<td>Ösen</td>
</tr>
</tbody>
</table>
<table class="dv_characteristicsTable">
<tbody>
<tr>
<td class="left">Funkcje</td>
<td>energiesparend</td>
</tr>
</tbody>
</table>
<table class="dv_characteristicsTable">
<tbody>
<tr>
<td class="left">Kolor</td>
<td>piasek</td>
</tr>
<tr>
<td class="left">Transparenz</td>
<td>verdunkelnd</td>
</tr>
<tr>
<td class="left">Oberflächenstruktur</td>
<td>glatt</td>
</tr>
<tr>
<td class="left">Design</td>
<td>unifarben</td>
</tr>
</tbody>
</table>
<table class="dv_characteristicsTable">
<tbody>
<tr>
<td class="left">Skład materiału</td>
<td>Obermaterial: 100% Polyester</td>
</tr>
<tr>
<td class="left">Materiał</td>
<td>Poliester</td>
</tr>
<tr>
<td class="left">Material Aufhängung</td>
<td>Metal</td>
</tr>
</tbody>
</table>
<table class="dv_characteristicsTable">
<tbody>
<tr>
<td class="left">Anzahl Teile</td>
<td>2 St.</td>
</tr>
</tbody>
</table>
<table class="dv_characteristicsTable">
<tbody>
<tr>
<td class="left">Instrukcje dotyczące pielęgnacji</td>
<td>30°C Schonwäsche</td>
</tr>
</tbody>
</table>
