{"id":82489,"date":"2023-12-14T02:25:47","date_gmt":"2023-12-14T01:25:47","guid":{"rendered":"https:\/\/www.soanam.de\/?post_type=product&#038;p=82489"},"modified":"2023-12-14T02:26:36","modified_gmt":"2023-12-14T01:26:36","slug":"zaslona-zaluzjowa-w-kropki-1-sztuka-z-oczkami-w-kolorze-szarym-rozmiar-135cmx225cm","status":"publish","type":"product","link":"https:\/\/www.soanam.de\/pl\/produkt\/luettenhuett-verdunklungsvorhang-punkte-1-stk-mit-oesen-in-grau-groesse-135cmx225cm\/","title":{"rendered":"L\u00fcttenh\u00fctt zas\u0142ona zaciemniaj\u0105ca w kropki, 1 sztuka, z oczkami, w kolorze szarym, rozmiar 135cmx225cm"},"content":{"rendered":"<p>Tkanina zaciemniaj\u0105ca<br \/>\nNadruk po jednej stronie z kropkami<br \/>\nTkanina odporna na ciep\u0142o i zimno<br \/>\nZ oczkami<\/p>\n<p>Zas\u0142ona zaciemniaj\u0105ca w kropki od L\u00fcttenh\u00fctt przyci\u0105ga wzrok.<br \/>\nSzal dekoracyjny jest wykonany z nieprzezroczystego materia\u0142u, kt\u00f3ry odpycha ciep\u0142o i zimno. Utrzymuje przyjemne ciep\u0142o w pomieszczeniu zim\u0105 i ch\u0142\u00f3d latem.<br \/>\nKolejn\u0105 zalet\u0105 jest to, \u017ce zachowuje sw\u00f3j kszta\u0142t, jest wytrzyma\u0142y i mo\u017cna go pra\u0107 w pralce.<\/p>\n<p>Materia\u0142: Materia\u0142 cholewki: poliester 100%<br \/>\nWskaz\u00f3wki dotycz\u0105ce piel\u0119gnacji: Delikatne pranie<\/p>\n<p>Kolor: szary<br \/>\nWz\u00f3r: kropki<br \/>\nRozmiar: szeroko\u015b\u0107 135 cm x d\u0142ugo\u015b\u0107 225 cm<br \/>\nUwaga: Podane wymiary s\u0105 wymiarami tkaniny. W przypadku pe\u0142nej dekoracji na oknie szeroko\u015b\u0107 zmniejsza si\u0119 o oko\u0142o po\u0142ow\u0119.<\/p>\n<p>Zawieszany za pomoc\u0105 oczek (\u015brednica ok. 35 mm) na dr\u0105\u017cku karnisza.<\/p>","protected":false},"excerpt":{"rendered":"<table class=\"dv_characteristicsTable\">\n<tbody>\n<tr>\n<td class=\"left\">Gewicht<\/td>\n<td>230 g\/m\u00b2<\/td>\n<\/tr>\n<tr>\n<td class=\"left\">Breite<\/td>\n<td>135 cm<\/td>\n<\/tr>\n<tr>\n<td class=\"left\">H\u00f6he<\/td>\n<td>225 cm<\/td>\n<\/tr>\n<\/tbody>\n<\/table>\n<table class=\"dv_characteristicsTable\">\n<tbody>\n<tr>\n<td class=\"left\">Aufh\u00e4ngung<\/td>\n<td>\u00d6sen<\/td>\n<\/tr>\n<tr>\n<td class=\"left\">Abschluss<\/td>\n<td>gerader Abschluss<\/td>\n<\/tr>\n<\/tbody>\n<\/table>\n<table class=\"dv_characteristicsTable\">\n<tbody>\n<tr>\n<td class=\"left\">Funkcje<\/td>\n<td>energiesparend<br \/>\nk\u00e4lteabweisend<br \/>\nw\u00e4rmeabweisend<\/td>\n<\/tr>\n<\/tbody>\n<\/table>\n<table class=\"dv_characteristicsTable\">\n<tbody>\n<tr>\n<td class=\"left\">Kolor<\/td>\n<td>grau<\/td>\n<\/tr>\n<tr>\n<td class=\"left\">Transparenz<\/td>\n<td>verdunkelnd<\/td>\n<\/tr>\n<tr>\n<td class=\"left\">Oberfl\u00e4chenstruktur<\/td>\n<td>glatt<\/td>\n<\/tr>\n<tr>\n<td class=\"left\">Design<\/td>\n<td>gepunktet<\/td>\n<\/tr>\n<tr>\n<td class=\"left\">Motiv<\/td>\n<td>Punkte<\/td>\n<\/tr>\n<tr>\n<td class=\"left\">Designerstellungsart<\/td>\n<td>bedruckt<\/td>\n<\/tr>\n<\/tbody>\n<\/table>\n<table class=\"dv_characteristicsTable\">\n<tbody>\n<tr>\n<td class=\"left\">Sk\u0142ad materia\u0142u<\/td>\n<td>Obermaterial: 100% Polyester<\/td>\n<\/tr>\n<tr>\n<td class=\"left\">Materia\u0142<\/td>\n<td>Poliester<\/td>\n<\/tr>\n<tr>\n<td class=\"left\">Material Aufh\u00e4ngung<\/td>\n<td>Metal<\/td>\n<\/tr>\n<\/tbody>\n<\/table>\n<table class=\"dv_characteristicsTable\">\n<tbody>\n<tr>\n<td class=\"left\">Anzahl Teile<\/td>\n<td>1 St.<\/td>\n<\/tr>\n<\/tbody>\n<\/table>\n<table class=\"dv_characteristicsTable\">\n<tbody>\n<tr>\n<td class=\"left\">Instrukcje dotycz\u0105ce piel\u0119gnacji<\/td>\n<td>30\u00b0C Schonw\u00e4sche<\/td>\n<\/tr>\n<\/tbody>\n<\/table>","protected":false},"featured_media":82535,"comment_status":"open","ping_status":"closed","template":"","meta":{"_seopress_robots_primary_cat":"","_seopress_titles_title":"","_seopress_titles_desc":"","_seopress_robots_index":""},"product_brand":[],"product_cat":[1400,1420],"product_tag":[],"class_list":{"0":"post-82489","1":"product","2":"type-product","3":"status-publish","4":"has-post-thumbnail","6":"product_cat-wohnzubehoer","7":"product_cat-wohndekoration","8":"product_shipping_class-standard-versand","10":"first","11":"instock","12":"sale","13":"taxable","14":"shipping-taxable","15":"purchasable","16":"product-type-simple"},"_links":{"self":[{"href":"https:\/\/www.soanam.de\/pl\/wp-json\/wp\/v2\/product\/82489","targetHints":{"allow":["GET"]}}],"collection":[{"href":"https:\/\/www.soanam.de\/pl\/wp-json\/wp\/v2\/product"}],"about":[{"href":"https:\/\/www.soanam.de\/pl\/wp-json\/wp\/v2\/types\/product"}],"replies":[{"embeddable":true,"href":"https:\/\/www.soanam.de\/pl\/wp-json\/wp\/v2\/comments?post=82489"}],"wp:featuredmedia":[{"embeddable":true,"href":"https:\/\/www.soanam.de\/pl\/wp-json\/wp\/v2\/media\/82535"}],"wp:attachment":[{"href":"https:\/\/www.soanam.de\/pl\/wp-json\/wp\/v2\/media?parent=82489"}],"wp:term":[{"taxonomy":"product_brand","embeddable":true,"href":"https:\/\/www.soanam.de\/pl\/wp-json\/wp\/v2\/product_brand?post=82489"},{"taxonomy":"product_cat","embeddable":true,"href":"https:\/\/www.soanam.de\/pl\/wp-json\/wp\/v2\/product_cat?post=82489"},{"taxonomy":"product_tag","embeddable":true,"href":"https:\/\/www.soanam.de\/pl\/wp-json\/wp\/v2\/product_tag?post=82489"}],"curies":[{"name":"wp","href":"https:\/\/api.w.org\/{rel}","templated":true}]}}

Lüttenhütt zasłona zaciemniająca w kropki, 1 sztuka, z oczkami, w kolorze szarym, rozmiar 135cmx225cm

<p>Tkanina zaciemniająca<br />
Nadruk po jednej stronie z kropkami<br />
Tkanina odporna na ciepło i zimno<br />
Z oczkami</p>
<p>Zasłona zaciemniająca w kropki od Lüttenhütt przyciąga wzrok.<br />
Szal dekoracyjny jest wykonany z nieprzezroczystego materiału, który odpycha ciepło i zimno. Utrzymuje przyjemne ciepło w pomieszczeniu zimą i chłód latem.<br />
Kolejną zaletą jest to, że zachowuje swój kształt, jest wytrzymały i można go prać w pralce.</p>
<p>Materiał: Materiał cholewki: poliester 100%<br />
Wskazówki dotyczące pielęgnacji: Delikatne pranie</p>
<p>Kolor: szary<br />
Wzór: kropki<br />
Rozmiar: szerokość 135 cm x długość 225 cm<br />
Uwaga: Podane wymiary są wymiarami tkaniny. W przypadku pełnej dekoracji na oknie szerokość zmniejsza się o około połowę.</p>
<p>Zawieszany za pomocą oczek (średnica ok. 35 mm) na drążku karnisza.</p>

<table class="dv_characteristicsTable">
<tbody>
<tr>
<td class="left">Gewicht</td>
<td>230 g/m²</td>
</tr>
<tr>
<td class="left">Breite</td>
<td>135 cm</td>
</tr>
<tr>
<td class="left">Höhe</td>
<td>225 cm</td>
</tr>
</tbody>
</table>
<table class="dv_characteristicsTable">
<tbody>
<tr>
<td class="left">Aufhängung</td>
<td>Ösen</td>
</tr>
<tr>
<td class="left">Abschluss</td>
<td>gerader Abschluss</td>
</tr>
</tbody>
</table>
<table class="dv_characteristicsTable">
<tbody>
<tr>
<td class="left">Funkcje</td>
<td>energiesparend<br />
kälteabweisend<br />
wärmeabweisend</td>
</tr>
</tbody>
</table>
<table class="dv_characteristicsTable">
<tbody>
<tr>
<td class="left">Kolor</td>
<td>grau</td>
</tr>
<tr>
<td class="left">Transparenz</td>
<td>verdunkelnd</td>
</tr>
<tr>
<td class="left">Oberflächenstruktur</td>
<td>glatt</td>
</tr>
<tr>
<td class="left">Design</td>
<td>gepunktet</td>
</tr>
<tr>
<td class="left">Motiv</td>
<td>Punkte</td>
</tr>
<tr>
<td class="left">Designerstellungsart</td>
<td>bedruckt</td>
</tr>
</tbody>
</table>
<table class="dv_characteristicsTable">
<tbody>
<tr>
<td class="left">Skład materiału</td>
<td>Obermaterial: 100% Polyester</td>
</tr>
<tr>
<td class="left">Materiał</td>
<td>Poliester</td>
</tr>
<tr>
<td class="left">Material Aufhängung</td>
<td>Metal</td>
</tr>
</tbody>
</table>
<table class="dv_characteristicsTable">
<tbody>
<tr>
<td class="left">Anzahl Teile</td>
<td>1 St.</td>
</tr>
</tbody>
</table>
<table class="dv_characteristicsTable">
<tbody>
<tr>
<td class="left">Instrukcje dotyczące pielęgnacji</td>
<td>30°C Schonwäsche</td>
</tr>
</tbody>
</table>
