{"id":82374,"date":"2023-12-14T02:22:59","date_gmt":"2023-12-14T01:22:59","guid":{"rendered":"https:\/\/www.soanam.de\/?post_type=product&#038;p=82374"},"modified":"2023-12-14T02:24:57","modified_gmt":"2023-12-14T01:24:57","slug":"my-home-gardine-ari-1-stk-mit-multifunktionsband-weiss-groesse-140cmx295cm","status":"publish","type":"product","link":"https:\/\/www.soanam.de\/pl\/produkt\/my-home-gardine-ari-1-stk-mit-multifunktionsband-weiss-groesse-140cmx295cm\/","title":{"rendered":"my home Gardine Ari, 1 Stk, mit Multifunktionsband, Wei\u00df, Gr\u00f6\u00dfe 140cmx295cm"},"content":{"rendered":"<p>Halbtransparenter Stoff<br \/>\nSehr leichte Qualit\u00e4t<br \/>\nGlatte Oberfl\u00e4che<br \/>\nPflegeleicht<br \/>\nWaschbar bei 30 Grad, Schonwaschgang<\/p>\n<p>Der leichte Stoff der my home Gardine Ari f\u00e4llt angenehm sanft und erzeugt aufgrund des eleganten und schlichten Designs ein zeitloses Gesamtbild.<br \/>\nDie Oberfl\u00e4che ist glatt und unifarben gehalten, weshalb sich der Gardinenschal in nahezu jedes Raumkonzept integrieren l\u00e4sst \u2013 egal ob modern oder klassisch eingerichtet.<br \/>\nEin weiterer Vorteil ist die Pflegeleichtigkeit des verwendeten Materials. Die Gardine l\u00e4sst sich problemlos bei bis zu 30 \u00b0C in der Waschmaschine reinigen.<br \/>\nDank des lichtdurchl\u00e4ssigen Stoffes gelangt zudem gen\u00fcgend Tageslicht in den Raum, um diesen freundlich und offen wirken zu lassen.<\/p>\n<p>Materia\u0142: Materia\u0142 cholewki: poliester 100%<br \/>\nWskaz\u00f3wki dotycz\u0105ce piel\u0119gnacji: Delikatne pranie<\/p>\n<p>Kolor: bia\u0142y<br \/>\nWz\u00f3r: bez<br \/>\nGr\u00f6\u00dfe: Breite 140cm x L\u00e4nge 295cm<br \/>\nUwaga: Podane wymiary s\u0105 wymiarami tkaniny. W przypadku pe\u0142nej dekoracji na oknie szeroko\u015b\u0107 zmniejsza si\u0119 o oko\u0142o po\u0142ow\u0119.<\/p>\n<p>Montageart 1: Aufh\u00e4ngung mittels Gardinenr\u00f6llchen (nicht im Lieferumfang enthalten) in der Gardinenschiene.<\/p>\n<p>Montageart 2: Aufh\u00e4ngung mittels verdeckter Schlaufen an der Gardinenstange.<\/p>","protected":false},"excerpt":{"rendered":"<table class=\"dv_characteristicsTable\">\n<tbody>\n<tr>\n<td class=\"left\">Gewicht<\/td>\n<td>52 g\/m\u00b2<\/td>\n<\/tr>\n<tr>\n<td class=\"left\">Breite<\/td>\n<td>140 cm<\/td>\n<\/tr>\n<tr>\n<td class=\"left\">H\u00f6he<\/td>\n<td>295 cm<\/td>\n<\/tr>\n<\/tbody>\n<\/table>\n<table class=\"dv_characteristicsTable\">\n<tbody>\n<tr>\n<td class=\"left\">Aufh\u00e4ngung<\/td>\n<td>Multifunktionsband<\/td>\n<\/tr>\n<\/tbody>\n<\/table>\n<table class=\"dv_characteristicsTable\">\n<tbody>\n<tr>\n<td class=\"left\">Kolor<\/td>\n<td>wei\u00df<\/td>\n<\/tr>\n<tr>\n<td class=\"left\">Transparenz<\/td>\n<td>halbtransparent<\/td>\n<\/tr>\n<tr>\n<td class=\"left\">Oberfl\u00e4chenstruktur<\/td>\n<td>glatt<\/td>\n<\/tr>\n<tr>\n<td class=\"left\">Design<\/td>\n<td>unifarben<\/td>\n<\/tr>\n<\/tbody>\n<\/table>\n<table class=\"dv_characteristicsTable\">\n<tbody>\n<tr>\n<td class=\"left\">Materialart<\/td>\n<td>Voile<\/td>\n<\/tr>\n<tr>\n<td class=\"left\">Sk\u0142ad materia\u0142u<\/td>\n<td>Obermaterial: 100% Polyester<\/td>\n<\/tr>\n<tr>\n<td class=\"left\">Materia\u0142<\/td>\n<td>Poliester<\/td>\n<\/tr>\n<\/tbody>\n<\/table>\n<table class=\"dv_characteristicsTable\">\n<tbody>\n<tr>\n<td class=\"left\">Anzahl Teile<\/td>\n<td>1 St.<\/td>\n<\/tr>\n<\/tbody>\n<\/table>\n<table class=\"dv_characteristicsTable\">\n<tbody>\n<tr>\n<td class=\"left\">Instrukcje dotycz\u0105ce piel\u0119gnacji<\/td>\n<td>30\u00b0C Schonw\u00e4sche<\/td>\n<\/tr>\n<\/tbody>\n<\/table>","protected":false},"featured_media":82458,"comment_status":"open","ping_status":"closed","template":"","meta":{"_seopress_robots_primary_cat":"","_seopress_titles_title":"","_seopress_titles_desc":"","_seopress_robots_index":""},"product_brand":[],"product_cat":[1400,1420],"product_tag":[],"class_list":{"0":"post-82374","1":"product","2":"type-product","3":"status-publish","4":"has-post-thumbnail","6":"product_cat-wohnzubehoer","7":"product_cat-wohndekoration","8":"product_shipping_class-standard-versand","10":"first","11":"instock","12":"sale","13":"taxable","14":"shipping-taxable","15":"purchasable","16":"product-type-simple"},"_links":{"self":[{"href":"https:\/\/www.soanam.de\/pl\/wp-json\/wp\/v2\/product\/82374","targetHints":{"allow":["GET"]}}],"collection":[{"href":"https:\/\/www.soanam.de\/pl\/wp-json\/wp\/v2\/product"}],"about":[{"href":"https:\/\/www.soanam.de\/pl\/wp-json\/wp\/v2\/types\/product"}],"replies":[{"embeddable":true,"href":"https:\/\/www.soanam.de\/pl\/wp-json\/wp\/v2\/comments?post=82374"}],"wp:featuredmedia":[{"embeddable":true,"href":"https:\/\/www.soanam.de\/pl\/wp-json\/wp\/v2\/media\/82458"}],"wp:attachment":[{"href":"https:\/\/www.soanam.de\/pl\/wp-json\/wp\/v2\/media?parent=82374"}],"wp:term":[{"taxonomy":"product_brand","embeddable":true,"href":"https:\/\/www.soanam.de\/pl\/wp-json\/wp\/v2\/product_brand?post=82374"},{"taxonomy":"product_cat","embeddable":true,"href":"https:\/\/www.soanam.de\/pl\/wp-json\/wp\/v2\/product_cat?post=82374"},{"taxonomy":"product_tag","embeddable":true,"href":"https:\/\/www.soanam.de\/pl\/wp-json\/wp\/v2\/product_tag?post=82374"}],"curies":[{"name":"wp","href":"https:\/\/api.w.org\/{rel}","templated":true}]}}

my home Gardine Ari, 1 Stk, mit Multifunktionsband, Weiß, Größe 140cmx295cm

<p>Halbtransparenter Stoff<br />
Sehr leichte Qualität<br />
Glatte Oberfläche<br />
Pflegeleicht<br />
Waschbar bei 30 Grad, Schonwaschgang</p>
<p>Der leichte Stoff der my home Gardine Ari fällt angenehm sanft und erzeugt aufgrund des eleganten und schlichten Designs ein zeitloses Gesamtbild.<br />
Die Oberfläche ist glatt und unifarben gehalten, weshalb sich der Gardinenschal in nahezu jedes Raumkonzept integrieren lässt – egal ob modern oder klassisch eingerichtet.<br />
Ein weiterer Vorteil ist die Pflegeleichtigkeit des verwendeten Materials. Die Gardine lässt sich problemlos bei bis zu 30 °C in der Waschmaschine reinigen.<br />
Dank des lichtdurchlässigen Stoffes gelangt zudem genügend Tageslicht in den Raum, um diesen freundlich und offen wirken zu lassen.</p>
<p>Materiał: Materiał cholewki: poliester 100%<br />
Wskazówki dotyczące pielęgnacji: Delikatne pranie</p>
<p>Kolor: biały<br />
Wzór: bez<br />
Größe: Breite 140cm x Länge 295cm<br />
Uwaga: Podane wymiary są wymiarami tkaniny. W przypadku pełnej dekoracji na oknie szerokość zmniejsza się o około połowę.</p>
<p>Montageart 1: Aufhängung mittels Gardinenröllchen (nicht im Lieferumfang enthalten) in der Gardinenschiene.</p>
<p>Montageart 2: Aufhängung mittels verdeckter Schlaufen an der Gardinenstange.</p>

<table class="dv_characteristicsTable">
<tbody>
<tr>
<td class="left">Gewicht</td>
<td>52 g/m²</td>
</tr>
<tr>
<td class="left">Breite</td>
<td>140 cm</td>
</tr>
<tr>
<td class="left">Höhe</td>
<td>295 cm</td>
</tr>
</tbody>
</table>
<table class="dv_characteristicsTable">
<tbody>
<tr>
<td class="left">Aufhängung</td>
<td>Multifunktionsband</td>
</tr>
</tbody>
</table>
<table class="dv_characteristicsTable">
<tbody>
<tr>
<td class="left">Kolor</td>
<td>weiß</td>
</tr>
<tr>
<td class="left">Transparenz</td>
<td>halbtransparent</td>
</tr>
<tr>
<td class="left">Oberflächenstruktur</td>
<td>glatt</td>
</tr>
<tr>
<td class="left">Design</td>
<td>unifarben</td>
</tr>
</tbody>
</table>
<table class="dv_characteristicsTable">
<tbody>
<tr>
<td class="left">Materialart</td>
<td>Voile</td>
</tr>
<tr>
<td class="left">Skład materiału</td>
<td>Obermaterial: 100% Polyester</td>
</tr>
<tr>
<td class="left">Materiał</td>
<td>Poliester</td>
</tr>
</tbody>
</table>
<table class="dv_characteristicsTable">
<tbody>
<tr>
<td class="left">Anzahl Teile</td>
<td>1 St.</td>
</tr>
</tbody>
</table>
<table class="dv_characteristicsTable">
<tbody>
<tr>
<td class="left">Instrukcje dotyczące pielęgnacji</td>
<td>30°C Schonwäsche</td>
</tr>
</tbody>
</table>
