{"id":82276,"date":"2023-12-14T02:20:47","date_gmt":"2023-12-14T01:20:47","guid":{"rendered":"https:\/\/www.soanam.de\/?post_type=product&#038;p=82276"},"modified":"2023-12-14T02:23:36","modified_gmt":"2023-12-14T01:23:36","slug":"alpenblitz-wintermantel-slim-wai-in-olive-groesse-44","status":"publish","type":"product","link":"https:\/\/www.soanam.de\/pl\/produkt\/alpenblitz-wintermantel-slim-wai-in-olive-groesse-44\/","title":{"rendered":"P\u0142aszcz zimowy ALPENBLITZ Slim Wai, oliwkowy, rozmiar 44"},"content":{"rendered":"<p>Wintermantel mit abtrennbarer Kapuze von Alpenblitz<br \/>\nMit vielen Details, wie praktischem Doppelrei\u00dfverschluss, gro\u00dfe Rei\u00dfverschlusstaschen, eine Innentasche, eine elastische Raffung in der Taille, B\u00fcndchen an den \u00c4rmelenden die ebenfalls individuell einstellbar sind<br \/>\nMit Alpenblitz Logo auf dem \u00c4rmel<br \/>\nAus pflegeleichtem Material, leicht und w\u00e4rmend gef\u00fcttert<\/p>\n<p>Klassischer Wintermantel von ALPENBLITZ mit gro\u00dfer abnehmbarer Kapuze.<br \/>\nDer Parka ist in w\u00e4rmender, Po-bedeckender L\u00e4nge, mit regulierbarer Taillenpassform durch elastische Raffung, Figur schmeichelnd und edel geschnitten.<br \/>\nGro\u00dfe Rei\u00dfverschlusstaschen, Innentasche, B\u00fcndchen an den \u00c4rmelenden, die ebenfalls individuell einstellbar sind - das sind nur einige der vielen stylischen und praktischen Details.<br \/>\nDas Obermaterial ist aus leicht gl\u00e4nzendem pflegeleichten Material, w\u00e4rmend gef\u00fcttert.<\/p>\n<p>Material: Obermaterial: 100% Nylon<br \/>\nWskaz\u00f3wki dotycz\u0105ce piel\u0119gnacji: Pra\u0107 w pralce<\/p>\n<p>Kolor: oliwkowy<br \/>\nWz\u00f3r: bez<br \/>\nRozmiar: 44<\/p>\n<p>Szeroko\u015b\u0107 ramion: 46 cm<br \/>\nSzeroko\u015b\u0107 klatki piersiowej: 120 cm<br \/>\nD\u0142ugo\u015b\u0107 r\u0119kawa: 65 cm<br \/>\nCa\u0142kowita d\u0142ugo\u015b\u0107: 107 cm<\/p>","protected":false},"excerpt":{"rendered":"<table class=\"dv_characteristicsTable\">\n<tbody>\n<tr>\n<td class=\"left\">Rozmiar<\/td>\n<td>44<\/td>\n<\/tr>\n<tr>\n<td class=\"left\">Gr\u00f6\u00dfentyp<\/td>\n<td>Normalgr\u00f6\u00dfen<\/td>\n<\/tr>\n<tr>\n<td class=\"left\">Sk\u0142ad materia\u0142u<\/td>\n<td>Obermaterial: 100% Nylon. Futter: 100% Polyester.<\/td>\n<\/tr>\n<tr>\n<td class=\"left\">Materialart<\/td>\n<td>Web<\/td>\n<\/tr>\n<tr>\n<td class=\"left\">Instrukcje dotycz\u0105ce piel\u0119gnacji<\/td>\n<td>Pranie w pralce<\/td>\n<\/tr>\n<tr>\n<td class=\"left\">Optik<\/td>\n<td>unifarben, leicht gl\u00e4nzend<\/td>\n<\/tr>\n<tr>\n<td class=\"left\">Stil<\/td>\n<td>casual<\/td>\n<\/tr>\n<tr>\n<td class=\"left\">Kolor<\/td>\n<td>olive<\/td>\n<\/tr>\n<tr>\n<td class=\"left\">Ausschnitt<\/td>\n<td>Kragen<\/td>\n<\/tr>\n<tr>\n<td class=\"left\">\u00c4rmel<\/td>\n<td>D\u0142ugi r\u0119kaw<\/td>\n<\/tr>\n<tr>\n<td class=\"left\">\u00c4rmeldetails<\/td>\n<td>\u00c4rmel mit einstellbaren \u00c4rmelenden<\/td>\n<\/tr>\n<tr>\n<td class=\"left\">\u00c4rmelabschluss<\/td>\n<td>Pr\u0105\u017ckowane mankiety<\/td>\n<\/tr>\n<tr>\n<td class=\"left\">Kaptur<\/td>\n<td>mit Kapuze<\/td>\n<\/tr>\n<tr>\n<td class=\"left\">Dopasowanie<\/td>\n<td>figurumspielend<\/td>\n<\/tr>\n<tr>\n<td class=\"left\">Schnittform L\u00e4nge<\/td>\n<td>Po-bedeckend<\/td>\n<\/tr>\n<tr>\n<td class=\"left\">Applikationen<\/td>\n<td>Markenlabel<\/td>\n<\/tr>\n<tr>\n<td class=\"left\">Verschluss<\/td>\n<td>doppelter Rei\u00dfverschluss<\/td>\n<\/tr>\n<tr>\n<td class=\"left\"><\/td>\n<td><\/td>\n<\/tr>\n<tr>\n<td class=\"left\"><\/td>\n<td><\/td>\n<\/tr>\n<tr>\n<td class=\"left\"><\/td>\n<td><\/td>\n<\/tr>\n<tr>\n<td class=\"left\"><\/td>\n<td><\/td>\n<\/tr>\n<tr>\n<td class=\"left\"><\/td>\n<td><\/td>\n<\/tr>\n<tr>\n<td class=\"left\"><\/td>\n<td><\/td>\n<\/tr>\n<tr>\n<td class=\"left\"><\/td>\n<td><\/td>\n<\/tr>\n<tr>\n<td class=\"left\"><\/td>\n<td><\/td>\n<\/tr>\n<tr>\n<td class=\"left\"><\/td>\n<td><\/td>\n<\/tr>\n<\/tbody>\n<\/table>","protected":false},"featured_media":82401,"comment_status":"open","ping_status":"closed","template":"","meta":{"_seopress_robots_primary_cat":"","_seopress_titles_title":"","_seopress_titles_desc":"","_seopress_robots_index":""},"product_brand":[],"product_cat":[1348,1354,1375,1440],"product_tag":[],"class_list":{"0":"post-82276","1":"product","2":"type-product","3":"status-publish","4":"has-post-thumbnail","6":"product_cat-damen-mode","7":"product_cat-jacken-maentel","8":"product_cat-winterjacken","9":"product_cat-parkas-winterjacken","10":"product_shipping_class-standard-versand","12":"first","13":"instock","14":"sale","15":"taxable","16":"shipping-taxable","17":"purchasable","18":"product-type-simple"},"_links":{"self":[{"href":"https:\/\/www.soanam.de\/pl\/wp-json\/wp\/v2\/product\/82276","targetHints":{"allow":["GET"]}}],"collection":[{"href":"https:\/\/www.soanam.de\/pl\/wp-json\/wp\/v2\/product"}],"about":[{"href":"https:\/\/www.soanam.de\/pl\/wp-json\/wp\/v2\/types\/product"}],"replies":[{"embeddable":true,"href":"https:\/\/www.soanam.de\/pl\/wp-json\/wp\/v2\/comments?post=82276"}],"wp:featuredmedia":[{"embeddable":true,"href":"https:\/\/www.soanam.de\/pl\/wp-json\/wp\/v2\/media\/82401"}],"wp:attachment":[{"href":"https:\/\/www.soanam.de\/pl\/wp-json\/wp\/v2\/media?parent=82276"}],"wp:term":[{"taxonomy":"product_brand","embeddable":true,"href":"https:\/\/www.soanam.de\/pl\/wp-json\/wp\/v2\/product_brand?post=82276"},{"taxonomy":"product_cat","embeddable":true,"href":"https:\/\/www.soanam.de\/pl\/wp-json\/wp\/v2\/product_cat?post=82276"},{"taxonomy":"product_tag","embeddable":true,"href":"https:\/\/www.soanam.de\/pl\/wp-json\/wp\/v2\/product_tag?post=82276"}],"curies":[{"name":"wp","href":"https:\/\/api.w.org\/{rel}","templated":true}]}}

Płaszcz zimowy ALPENBLITZ Slim Wai, oliwkowy, rozmiar 44

<p>Wintermantel mit abtrennbarer Kapuze von Alpenblitz<br />
Mit vielen Details, wie praktischem Doppelreißverschluss, große Reißverschlusstaschen, eine Innentasche, eine elastische Raffung in der Taille, Bündchen an den Ärmelenden die ebenfalls individuell einstellbar sind<br />
Mit Alpenblitz Logo auf dem Ärmel<br />
Aus pflegeleichtem Material, leicht und wärmend gefüttert</p>
<p>Klassischer Wintermantel von ALPENBLITZ mit großer abnehmbarer Kapuze.<br />
Der Parka ist in wärmender, Po-bedeckender Länge, mit regulierbarer Taillenpassform durch elastische Raffung, Figur schmeichelnd und edel geschnitten.<br />
Große Reißverschlusstaschen, Innentasche, Bündchen an den Ärmelenden, die ebenfalls individuell einstellbar sind - das sind nur einige der vielen stylischen und praktischen Details.<br />
Das Obermaterial ist aus leicht glänzendem pflegeleichten Material, wärmend gefüttert.</p>
<p>Material: Obermaterial: 100% Nylon<br />
Wskazówki dotyczące pielęgnacji: Prać w pralce</p>
<p>Kolor: oliwkowy<br />
Wzór: bez<br />
Rozmiar: 44</p>
<p>Szerokość ramion: 46 cm<br />
Szerokość klatki piersiowej: 120 cm<br />
Długość rękawa: 65 cm<br />
Całkowita długość: 107 cm</p>

<table class="dv_characteristicsTable">
<tbody>
<tr>
<td class="left">Rozmiar</td>
<td>44</td>
</tr>
<tr>
<td class="left">Größentyp</td>
<td>Normalgrößen</td>
</tr>
<tr>
<td class="left">Skład materiału</td>
<td>Obermaterial: 100% Nylon. Futter: 100% Polyester.</td>
</tr>
<tr>
<td class="left">Materialart</td>
<td>Web</td>
</tr>
<tr>
<td class="left">Instrukcje dotyczące pielęgnacji</td>
<td>Pranie w pralce</td>
</tr>
<tr>
<td class="left">Optik</td>
<td>unifarben, leicht glänzend</td>
</tr>
<tr>
<td class="left">Stil</td>
<td>casual</td>
</tr>
<tr>
<td class="left">Kolor</td>
<td>olive</td>
</tr>
<tr>
<td class="left">Ausschnitt</td>
<td>Kragen</td>
</tr>
<tr>
<td class="left">Ärmel</td>
<td>Długi rękaw</td>
</tr>
<tr>
<td class="left">Ärmeldetails</td>
<td>Ärmel mit einstellbaren Ärmelenden</td>
</tr>
<tr>
<td class="left">Ärmelabschluss</td>
<td>Prążkowane mankiety</td>
</tr>
<tr>
<td class="left">Kaptur</td>
<td>mit Kapuze</td>
</tr>
<tr>
<td class="left">Dopasowanie</td>
<td>figurumspielend</td>
</tr>
<tr>
<td class="left">Schnittform Länge</td>
<td>Po-bedeckend</td>
</tr>
<tr>
<td class="left">Applikationen</td>
<td>Markenlabel</td>
</tr>
<tr>
<td class="left">Verschluss</td>
<td>doppelter Reißverschluss</td>
</tr>
<tr>
<td class="left"></td>
<td></td>
</tr>
<tr>
<td class="left"></td>
<td></td>
</tr>
<tr>
<td class="left"></td>
<td></td>
</tr>
<tr>
<td class="left"></td>
<td></td>
</tr>
<tr>
<td class="left"></td>
<td></td>
</tr>
<tr>
<td class="left"></td>
<td></td>
</tr>
<tr>
<td class="left"></td>
<td></td>
</tr>
<tr>
<td class="left"></td>
<td></td>
</tr>
<tr>
<td class="left"></td>
<td></td>
</tr>
</tbody>
</table>
