{"id":82275,"date":"2023-12-14T02:20:46","date_gmt":"2023-12-14T01:20:46","guid":{"rendered":"https:\/\/www.soanam.de\/?post_type=product&#038;p=82275"},"modified":"2023-12-14T02:23:32","modified_gmt":"2023-12-14T01:23:32","slug":"alpenblitz-parka-winter-charm-w-kolorze-taupe-rozmiar-48","status":"publish","type":"product","link":"https:\/\/www.soanam.de\/pl\/produkt\/alpenblitz-parka-wintercharme-in-taupe-groesse-48\/","title":{"rendered":"ALPENBLITZ parka winter charm, w kolorze taupe, rozmiar 48"},"content":{"rendered":"<p>P\u0142aszcz zimowy z odpinanym sztucznym futrem na kapturze marki Alpenblitz<br \/>\nZ wieloma detalami, takimi jak os\u0142ona podbr\u00f3dka, oznaczony zamek b\u0142yskawiczny i r\u0119kawy z ozdobnym pikowaniem<br \/>\nDopasowana do sylwetki, d\u0142uga kurtka ze sznurkiem w talii<br \/>\nPrzytulna i ciep\u0142a z podszewk\u0105 ze sztucznego futra wewn\u0105trz, wysoko zapinanym zamkiem b\u0142yskawicznym, podszytymi rozci\u0119tymi kieszeniami<br \/>\nWysokiej jako\u015bci konstrukcja, gruby i mi\u0119kki materia\u0142 cholewki<\/p>\n<p>Klasyczny p\u0142aszcz zimowy ALPENBLITZ ze stylowym pikowaniem, du\u017cym kapturem z odpinanym sztucznym futrem i wyj\u0105tkowo przytuln\u0105 podszewk\u0105 ze sztucznego futra.<br \/>\nParka ma pochlebny i elegancki kr\u00f3j w ciep\u0142ej, zakrywaj\u0105cej dno d\u0142ugo\u015bci, z regulowan\u0105 tali\u0105 i sznurkiem.<br \/>\nAufgesetzte Pattentaschen mit Druckknopf, Innentasche mit Rei\u00dfverschluss, robuster Zipper mit Puller mit Markenpr\u00e4gung, praktische Brusttasche mit Zipper - das sind nur einige der vielen stylischen und praktischen Details.<br \/>\nMateria\u0142 zewn\u0119trzny jest wykonany z lekko b\u0142yszcz\u0105cej, wytrzyma\u0142ej tkaniny, grubo wy\u015bcie\u0142anej, z przytulnym polarem wewn\u0105trz i w kapturze.<\/p>\n<p>Materia\u0142: Materia\u0142 zewn\u0119trzny: poliester 100%. Podszewka: poliester 100%. Podszewka r\u0119kaw\u00f3w: 100% poliester. Wyko\u0144czenie: 80% poliakryl, 20% poliester. Wy\u015bci\u00f3\u0142ka: 100% poliester. Mankiety, r\u0119kawy: 95% poliester, 5% elastan<\/p>\n<p>Wskaz\u00f3wki dotycz\u0105ce piel\u0119gnacji: Pra\u0107 w pralce<\/p>\n<p>Kolor: ciemnoszary<br \/>\nWz\u00f3r: bez<br \/>\nRozmiar: 48<\/p>\n<p>Szeroko\u015b\u0107 ramion: 47 cm<br \/>\nSzeroko\u015b\u0107 klatki piersiowej: 132 cm<br \/>\nD\u0142ugo\u015b\u0107 r\u0119kawa: 67 cm<br \/>\nCa\u0142kowita d\u0142ugo\u015b\u0107: 94 cm<\/p>","protected":false},"excerpt":{"rendered":"<table class=\"dv_characteristicsTable\">\n<tbody>\n<tr>\n<td class=\"left\">Rozmiar<\/td>\n<td>48<\/td>\n<\/tr>\n<tr>\n<td class=\"left\">Gr\u00f6\u00dfentyp<\/td>\n<td>Normalgr\u00f6\u00dfen<\/td>\n<\/tr>\n<tr>\n<td class=\"left\">Sk\u0142ad materia\u0142u<\/td>\n<td>Obermaterial: 100% Polyester. Futter: 100% Polyester. \u00c4rmelfutter: 100% Polyester. Besatz: 80% Polyacryl, 20% Polyester. Wattierung: 100% Polyester. B\u00fcndchen, \u00c4rmel: 95% Polyester, 5% Elasthan<\/td>\n<\/tr>\n<tr>\n<td class=\"left\">Materialart<\/td>\n<td>Web<\/td>\n<\/tr>\n<tr>\n<td class=\"left\">Instrukcje dotycz\u0105ce piel\u0119gnacji<\/td>\n<td>Pranie w pralce<\/td>\n<\/tr>\n<tr>\n<td class=\"left\">Optik<\/td>\n<td>unifarben mit Farbeins\u00e4tzen, leicht gl\u00e4nzend<\/td>\n<\/tr>\n<tr>\n<td class=\"left\">Stil<\/td>\n<td>casual<\/td>\n<\/tr>\n<tr>\n<td class=\"left\">Kolor<\/td>\n<td>taupe-beige<\/td>\n<\/tr>\n<tr>\n<td class=\"left\">Ausschnitt<\/td>\n<td>Rundhals<\/td>\n<\/tr>\n<tr>\n<td class=\"left\">\u00c4rmel<\/td>\n<td>D\u0142ugi r\u0119kaw<\/td>\n<\/tr>\n<tr>\n<td class=\"left\">\u00c4rmeldetails<\/td>\n<td>\u00c4rmel mit \u00c4rmelschlitz<\/td>\n<\/tr>\n<tr>\n<td class=\"left\">\u00c4rmelabschluss<\/td>\n<td>Pr\u0105\u017ckowane mankiety<\/td>\n<\/tr>\n<tr>\n<td class=\"left\">\u00c4rmelabschlussdetails<\/td>\n<td>mit Windstopper<\/td>\n<\/tr>\n<tr>\n<td class=\"left\">Rumpfabschluss<\/td>\n<td>eingefasste Kante<\/td>\n<\/tr>\n<tr>\n<td class=\"left\">Rumpfabschlussdetails<\/td>\n<td>mit Schlitz<\/td>\n<\/tr>\n<tr>\n<td class=\"left\">Dopasowanie<\/td>\n<td>figurumspielend<\/td>\n<\/tr>\n<tr>\n<td class=\"left\">Schnittdetails<\/td>\n<td>Wiener N\u00e4hte<\/td>\n<\/tr>\n<tr>\n<td class=\"left\">Schnittform L\u00e4nge<\/td>\n<td>Po-bedeckend<\/td>\n<\/tr>\n<tr>\n<td class=\"left\">Kaptur<\/td>\n<td>mit Kapuze<\/td>\n<\/tr>\n<tr>\n<td class=\"left\">Kapuzendetails<\/td>\n<td>Fellimitat an der Kapuze<\/td>\n<\/tr>\n<tr>\n<td class=\"left\">Kapuzenf\u00fctterung<\/td>\n<td>Fellimitat<\/td>\n<\/tr>\n<tr>\n<td class=\"left\">Applikationen<\/td>\n<td>Markenlabel<\/td>\n<\/tr>\n<tr>\n<td class=\"left\">Torby<\/td>\n<td>Pattentaschen, Innentasche<\/td>\n<\/tr>\n<tr>\n<td class=\"left\">Verschluss<\/td>\n<td>Rei\u00dfverschluss, Druckkn\u00f6pfe<\/td>\n<\/tr>\n<tr>\n<td class=\"left\">Verschlussdetails<\/td>\n<td>durchgehend<\/td>\n<\/tr>\n<tr>\n<td class=\"left\">Besondere Merkmale<\/td>\n<td>mit kuschelig gef\u00fctterter Kapuze und abnehmbaren Kunstfell an der Kante<\/td>\n<\/tr>\n<\/tbody>\n<\/table>","protected":false},"featured_media":82398,"comment_status":"open","ping_status":"closed","template":"","meta":{"_seopress_robots_primary_cat":"","_seopress_titles_title":"","_seopress_titles_desc":"","_seopress_robots_index":""},"product_brand":[],"product_cat":[1348,1354,1375,1440],"product_tag":[],"class_list":{"0":"post-82275","1":"product","2":"type-product","3":"status-publish","4":"has-post-thumbnail","6":"product_cat-damen-mode","7":"product_cat-jacken-maentel","8":"product_cat-winterjacken","9":"product_cat-parkas-winterjacken","10":"product_shipping_class-standard-versand","12":"first","13":"instock","14":"taxable","15":"shipping-taxable","16":"purchasable","17":"product-type-simple"},"_links":{"self":[{"href":"https:\/\/www.soanam.de\/pl\/wp-json\/wp\/v2\/product\/82275","targetHints":{"allow":["GET"]}}],"collection":[{"href":"https:\/\/www.soanam.de\/pl\/wp-json\/wp\/v2\/product"}],"about":[{"href":"https:\/\/www.soanam.de\/pl\/wp-json\/wp\/v2\/types\/product"}],"replies":[{"embeddable":true,"href":"https:\/\/www.soanam.de\/pl\/wp-json\/wp\/v2\/comments?post=82275"}],"wp:featuredmedia":[{"embeddable":true,"href":"https:\/\/www.soanam.de\/pl\/wp-json\/wp\/v2\/media\/82398"}],"wp:attachment":[{"href":"https:\/\/www.soanam.de\/pl\/wp-json\/wp\/v2\/media?parent=82275"}],"wp:term":[{"taxonomy":"product_brand","embeddable":true,"href":"https:\/\/www.soanam.de\/pl\/wp-json\/wp\/v2\/product_brand?post=82275"},{"taxonomy":"product_cat","embeddable":true,"href":"https:\/\/www.soanam.de\/pl\/wp-json\/wp\/v2\/product_cat?post=82275"},{"taxonomy":"product_tag","embeddable":true,"href":"https:\/\/www.soanam.de\/pl\/wp-json\/wp\/v2\/product_tag?post=82275"}],"curies":[{"name":"wp","href":"https:\/\/api.w.org\/{rel}","templated":true}]}}

<p>Płaszcz zimowy z odpinanym sztucznym futrem na kapturze marki Alpenblitz<br />
Z wieloma detalami, takimi jak osłona podbródka, oznaczony zamek błyskawiczny i rękawy z ozdobnym pikowaniem<br />
Dopasowana do sylwetki, długa kurtka ze sznurkiem w talii<br />
Przytulna i ciepła z podszewką ze sztucznego futra wewnątrz, wysoko zapinanym zamkiem błyskawicznym, podszytymi rozciętymi kieszeniami<br />
Wysokiej jakości konstrukcja, gruby i miękki materiał cholewki</p>
<p>Klasyczny płaszcz zimowy ALPENBLITZ ze stylowym pikowaniem, dużym kapturem z odpinanym sztucznym futrem i wyjątkowo przytulną podszewką ze sztucznego futra.<br />
Parka ma pochlebny i elegancki krój w ciepłej, zakrywającej dno długości, z regulowaną talią i sznurkiem.<br />
Aufgesetzte Pattentaschen mit Druckknopf, Innentasche mit Reißverschluss, robuster Zipper mit Puller mit Markenprägung, praktische Brusttasche mit Zipper - das sind nur einige der vielen stylischen und praktischen Details.<br />
Materiał zewnętrzny jest wykonany z lekko błyszczącej, wytrzymałej tkaniny, grubo wyściełanej, z przytulnym polarem wewnątrz i w kapturze.</p>
<p>Materiał: Materiał zewnętrzny: poliester 100%. Podszewka: poliester 100%. Podszewka rękawów: 100% poliester. Wykończenie: 80% poliakryl, 20% poliester. Wyściółka: 100% poliester. Mankiety, rękawy: 95% poliester, 5% elastan</p>
<p>Wskazówki dotyczące pielęgnacji: Prać w pralce</p>
<p>Kolor: ciemnoszary<br />
Wzór: bez<br />
Rozmiar: 48</p>
<p>Szerokość ramion: 47 cm<br />
Szerokość klatki piersiowej: 132 cm<br />
Długość rękawa: 67 cm<br />
Całkowita długość: 94 cm</p>

<table class="dv_characteristicsTable">
<tbody>
<tr>
<td class="left">Rozmiar</td>
<td>48</td>
</tr>
<tr>
<td class="left">Größentyp</td>
<td>Normalgrößen</td>
</tr>
<tr>
<td class="left">Skład materiału</td>
<td>Obermaterial: 100% Polyester. Futter: 100% Polyester. Ärmelfutter: 100% Polyester. Besatz: 80% Polyacryl, 20% Polyester. Wattierung: 100% Polyester. Bündchen, Ärmel: 95% Polyester, 5% Elasthan</td>
</tr>
<tr>
<td class="left">Materialart</td>
<td>Web</td>
</tr>
<tr>
<td class="left">Instrukcje dotyczące pielęgnacji</td>
<td>Pranie w pralce</td>
</tr>
<tr>
<td class="left">Optik</td>
<td>unifarben mit Farbeinsätzen, leicht glänzend</td>
</tr>
<tr>
<td class="left">Stil</td>
<td>casual</td>
</tr>
<tr>
<td class="left">Kolor</td>
<td>taupe-beige</td>
</tr>
<tr>
<td class="left">Ausschnitt</td>
<td>Rundhals</td>
</tr>
<tr>
<td class="left">Ärmel</td>
<td>Długi rękaw</td>
</tr>
<tr>
<td class="left">Ärmeldetails</td>
<td>Ärmel mit Ärmelschlitz</td>
</tr>
<tr>
<td class="left">Ärmelabschluss</td>
<td>Prążkowane mankiety</td>
</tr>
<tr>
<td class="left">Ärmelabschlussdetails</td>
<td>mit Windstopper</td>
</tr>
<tr>
<td class="left">Rumpfabschluss</td>
<td>eingefasste Kante</td>
</tr>
<tr>
<td class="left">Rumpfabschlussdetails</td>
<td>mit Schlitz</td>
</tr>
<tr>
<td class="left">Dopasowanie</td>
<td>figurumspielend</td>
</tr>
<tr>
<td class="left">Schnittdetails</td>
<td>Wiener Nähte</td>
</tr>
<tr>
<td class="left">Schnittform Länge</td>
<td>Po-bedeckend</td>
</tr>
<tr>
<td class="left">Kaptur</td>
<td>mit Kapuze</td>
</tr>
<tr>
<td class="left">Kapuzendetails</td>
<td>Fellimitat an der Kapuze</td>
</tr>
<tr>
<td class="left">Kapuzenfütterung</td>
<td>Fellimitat</td>
</tr>
<tr>
<td class="left">Applikationen</td>
<td>Markenlabel</td>
</tr>
<tr>
<td class="left">Torby</td>
<td>Pattentaschen, Innentasche</td>
</tr>
<tr>
<td class="left">Verschluss</td>
<td>Reißverschluss, Druckknöpfe</td>
</tr>
<tr>
<td class="left">Verschlussdetails</td>
<td>durchgehend</td>
</tr>
<tr>
<td class="left">Besondere Merkmale</td>
<td>mit kuschelig gefütterter Kapuze und abnehmbaren Kunstfell an der Kante</td>
</tr>
</tbody>
</table>
