{"id":82254,"date":"2023-12-14T02:15:25","date_gmt":"2023-12-14T01:15:25","guid":{"rendered":"https:\/\/www.soanam.de\/?post_type=product&#038;p=82254"},"modified":"2023-12-14T02:23:10","modified_gmt":"2023-12-14T01:23:10","slug":"tylko-kurtka-puchowa-onldolly-w-kolorze-czarnym-rozmiar-s","status":"publish","type":"product","link":"https:\/\/www.soanam.de\/pl\/produkt\/only-pufferjacke-onldolly-in-schwarz-groesse-s\/","title":{"rendered":"Kurtka puchowa Only ONLDOLLY, w kolorze czarnym, rozmiar S"},"content":{"rendered":"<p>Kr\u00f3tka kurtka puchowa od ONLY<br \/>\nZ 2 bocznymi kieszeniami<br \/>\nKr\u00f3tki, pude\u0142kowaty kszta\u0142t<\/p>\n<p>Kurtka puchowa ma modny kr\u00f3tki, pude\u0142kowy kr\u00f3j z efektown\u0105 st\u00f3jk\u0105 i bocznymi rozci\u0119tymi kieszeniami, kt\u00f3re dope\u0142niaj\u0105 wygl\u0105d.<br \/>\nTa pikowana kurtka marki Only jest r\u00f3wnie\u017c wykonana z wygodnego materia\u0142u.<\/p>\n<p>Materia\u0142: Materia\u0142 cholewki: poliester 60%, nylon 40%<br \/>\nWskaz\u00f3wki dotycz\u0105ce piel\u0119gnacji: Pra\u0107 w pralce<\/p>\n<p>Kolor: czarny<br \/>\nWz\u00f3r: bez<br \/>\nRozmiar: S<\/p>\n<p>Szeroko\u015b\u0107 ramion: 40 cm<br \/>\nSzeroko\u015b\u0107 klatki piersiowej: 109 cm<br \/>\nD\u0142ugo\u015b\u0107 r\u0119kawa: 66 cm<br \/>\nCa\u0142kowita d\u0142ugo\u015b\u0107: 54 cm<\/p>\n<p>&nbsp;<\/p>\n<p>Ten nowy przedmiot jest zwrotem klienta bez etykiety.<\/p>","protected":false},"excerpt":{"rendered":"<table class=\"dv_characteristicsTable\">\n<tbody>\n<tr>\n<td class=\"left\">Rozmiar<\/td>\n<td>S (36)<\/td>\n<\/tr>\n<tr>\n<td class=\"left\">Gr\u00f6\u00dfentyp<\/td>\n<td>Normalgr\u00f6\u00dfen<\/td>\n<\/tr>\n<tr>\n<td class=\"left\">Sk\u0142ad materia\u0142u<\/td>\n<td>Obermaterial: 60% Polyester, 40% Nylon<\/td>\n<\/tr>\n<tr>\n<td class=\"left\">Instrukcje dotycz\u0105ce piel\u0119gnacji<\/td>\n<td>Pranie w pralce<\/td>\n<\/tr>\n<tr>\n<td class=\"left\">Stil<\/td>\n<td>casual<\/td>\n<\/tr>\n<tr>\n<td class=\"left\">Kolor<\/td>\n<td>col. black<\/td>\n<\/tr>\n<tr>\n<td class=\"left\">Kragen<\/td>\n<td>Obro\u017ca stoj\u0105ca<\/td>\n<\/tr>\n<tr>\n<td class=\"left\">\u00c4rmel<\/td>\n<td>D\u0142ugi r\u0119kaw<\/td>\n<\/tr>\n<tr>\n<td class=\"left\">Dopasowanie<\/td>\n<td>gerade<\/td>\n<\/tr>\n<tr>\n<td class=\"left\">Torby<\/td>\n<td>Kieszenie<\/td>\n<\/tr>\n<tr>\n<td class=\"left\">Verschluss<\/td>\n<td>Zamek b\u0142yskawiczny<\/td>\n<\/tr>\n<\/tbody>\n<\/table>","protected":false},"featured_media":82381,"comment_status":"open","ping_status":"closed","template":"","meta":{"_seopress_robots_primary_cat":"","_seopress_titles_title":"","_seopress_titles_desc":"","_seopress_robots_index":""},"product_brand":[],"product_cat":[1348,1354,1375,1649],"product_tag":[],"class_list":{"0":"post-82254","1":"product","2":"type-product","3":"status-publish","4":"has-post-thumbnail","6":"product_cat-damen-mode","7":"product_cat-jacken-maentel","8":"product_cat-winterjacken","9":"product_cat-pufferjacken-winterjacken","10":"product_shipping_class-standard-versand","12":"first","13":"instock","14":"sale","15":"taxable","16":"shipping-taxable","17":"purchasable","18":"product-type-simple"},"_links":{"self":[{"href":"https:\/\/www.soanam.de\/pl\/wp-json\/wp\/v2\/product\/82254","targetHints":{"allow":["GET"]}}],"collection":[{"href":"https:\/\/www.soanam.de\/pl\/wp-json\/wp\/v2\/product"}],"about":[{"href":"https:\/\/www.soanam.de\/pl\/wp-json\/wp\/v2\/types\/product"}],"replies":[{"embeddable":true,"href":"https:\/\/www.soanam.de\/pl\/wp-json\/wp\/v2\/comments?post=82254"}],"wp:featuredmedia":[{"embeddable":true,"href":"https:\/\/www.soanam.de\/pl\/wp-json\/wp\/v2\/media\/82381"}],"wp:attachment":[{"href":"https:\/\/www.soanam.de\/pl\/wp-json\/wp\/v2\/media?parent=82254"}],"wp:term":[{"taxonomy":"product_brand","embeddable":true,"href":"https:\/\/www.soanam.de\/pl\/wp-json\/wp\/v2\/product_brand?post=82254"},{"taxonomy":"product_cat","embeddable":true,"href":"https:\/\/www.soanam.de\/pl\/wp-json\/wp\/v2\/product_cat?post=82254"},{"taxonomy":"product_tag","embeddable":true,"href":"https:\/\/www.soanam.de\/pl\/wp-json\/wp\/v2\/product_tag?post=82254"}],"curies":[{"name":"wp","href":"https:\/\/api.w.org\/{rel}","templated":true}]}}

<p>Krótka kurtka puchowa od ONLY<br />
Z 2 bocznymi kieszeniami<br />
Krótki, pudełkowaty kształt</p>
<p>Kurtka puchowa ma modny krótki, pudełkowy krój z efektowną stójką i bocznymi rozciętymi kieszeniami, które dopełniają wygląd.<br />
Ta pikowana kurtka marki Only jest również wykonana z wygodnego materiału.</p>
<p>Materiał: Materiał cholewki: poliester 60%, nylon 40%<br />
Wskazówki dotyczące pielęgnacji: Prać w pralce</p>
<p>Kolor: czarny<br />
Wzór: bez<br />
Rozmiar: S</p>
<p>Szerokość ramion: 40 cm<br />
Szerokość klatki piersiowej: 109 cm<br />
Długość rękawa: 66 cm<br />
Całkowita długość: 54 cm</p>
<p>&nbsp;</p>
<p>Ten nowy przedmiot jest zwrotem klienta bez etykiety.</p>

<table class="dv_characteristicsTable">
<tbody>
<tr>
<td class="left">Rozmiar</td>
<td>S (36)</td>
</tr>
<tr>
<td class="left">Größentyp</td>
<td>Normalgrößen</td>
</tr>
<tr>
<td class="left">Skład materiału</td>
<td>Obermaterial: 60% Polyester, 40% Nylon</td>
</tr>
<tr>
<td class="left">Instrukcje dotyczące pielęgnacji</td>
<td>Pranie w pralce</td>
</tr>
<tr>
<td class="left">Stil</td>
<td>casual</td>
</tr>
<tr>
<td class="left">Kolor</td>
<td>col. black</td>
</tr>
<tr>
<td class="left">Kragen</td>
<td>Obroża stojąca</td>
</tr>
<tr>
<td class="left">Ärmel</td>
<td>Długi rękaw</td>
</tr>
<tr>
<td class="left">Dopasowanie</td>
<td>gerade</td>
</tr>
<tr>
<td class="left">Torby</td>
<td>Kieszenie</td>
</tr>
<tr>
<td class="left">Verschluss</td>
<td>Zamek błyskawiczny</td>
</tr>
</tbody>
</table>
