{"id":82253,"date":"2023-12-14T02:15:25","date_gmt":"2023-12-14T01:15:25","guid":{"rendered":"https:\/\/www.soanam.de\/?post_type=product&#038;p=82253"},"modified":"2023-12-14T02:23:04","modified_gmt":"2023-12-14T01:23:04","slug":"only-kurzmantel-onlcarrie-bonded-coat-in-camel-groesse-xs","status":"publish","type":"product","link":"https:\/\/www.soanam.de\/pl\/produkt\/only-kurzmantel-onlcarrie-bonded-coat-in-camel-groesse-xs\/","title":{"rendered":"Tylko kr\u00f3tki p\u0142aszcz ONLCARRIE BONDED COAT, w kolorze camel, rozmiar XS"},"content":{"rendered":"<p>Klassischer Mantel von ONLY<br \/>\nZ 2 bocznymi kieszeniami<br \/>\n2-Knopf-Form<br \/>\nLeicht taillierte Form<br \/>\nUngef\u00fcttert<\/p>\n<p>Der Kurzmantel von Only ist tailliert geschnitten, sodass du deinen K\u00f6rper leicht betonst.<br \/>\nDer Reverskragen ist zeitlos und rahmt dein Gesicht sch\u00f6n ein. Geschlossen wird der Mantel mit 2 Kn\u00f6pfen.<br \/>\nMit den Eingrifftaschen k\u00f6nnen Wertgegenst\u00e4nde sicher verstaut werden.<\/p>\n<p>Material: Obermaterial: 100% Polyamid, F\u00fcllung: 100% Polyester<br \/>\nWskaz\u00f3wki dotycz\u0105ce piel\u0119gnacji: Pra\u0107 w pralce<\/p>\n<p>Farbe: camelfarben<br \/>\nWz\u00f3r: bez<br \/>\nRozmiar: XS<\/p>\n<p>Szeroko\u015b\u0107 ramion: 39 cm<br \/>\nSzeroko\u015b\u0107 klatki piersiowej: 99 cm<br \/>\nD\u0142ugo\u015b\u0107 r\u0119kawa: 60 cm<br \/>\nCa\u0142kowita d\u0142ugo\u015b\u0107: 89 cm<\/p>\n<p>&nbsp;<\/p>\n<p>Ten nowy przedmiot jest zwrotem klienta bez etykiety.<\/p>","protected":false},"excerpt":{"rendered":"<table class=\"dv_characteristicsTable\">\n<tbody>\n<tr>\n<td class=\"left\">Rozmiar<\/td>\n<td>XS (34)<\/td>\n<\/tr>\n<tr>\n<td class=\"left\">Gr\u00f6\u00dfentyp<\/td>\n<td>Normalgr\u00f6\u00dfen<\/td>\n<\/tr>\n<tr>\n<td class=\"left\">Sk\u0142ad materia\u0142u<\/td>\n<td>Obermaterial: 100% Polyester<\/td>\n<\/tr>\n<tr>\n<td class=\"left\">Instrukcje dotycz\u0105ce piel\u0119gnacji<\/td>\n<td>Pranie w pralce<\/td>\n<\/tr>\n<tr>\n<td class=\"left\">Stil<\/td>\n<td>casual<\/td>\n<\/tr>\n<tr>\n<td class=\"left\">Kolor<\/td>\n<td>camelfarben<\/td>\n<\/tr>\n<tr>\n<td class=\"left\">Kragen<\/td>\n<td>Ko\u0142nierz z klapami<\/td>\n<\/tr>\n<tr>\n<td class=\"left\">Ausschnitt<\/td>\n<td>Dekolt w szpic<\/td>\n<\/tr>\n<tr>\n<td class=\"left\">\u00c4rmel<\/td>\n<td>D\u0142ugi r\u0119kaw<\/td>\n<\/tr>\n<tr>\n<td class=\"left\">Dopasowanie<\/td>\n<td>tailliert<\/td>\n<\/tr>\n<tr>\n<td class=\"left\">Torby<\/td>\n<td>Kieszenie<\/td>\n<\/tr>\n<tr>\n<td class=\"left\">Verschluss<\/td>\n<td>2-Knopf-Form<\/td>\n<\/tr>\n<\/tbody>\n<\/table>","protected":false},"featured_media":82377,"comment_status":"open","ping_status":"closed","template":"","meta":{"_seopress_robots_primary_cat":"","_seopress_titles_title":"","_seopress_titles_desc":"","_seopress_robots_index":""},"product_brand":[],"product_cat":[1348,1354,1355,1356],"product_tag":[],"class_list":{"0":"post-82253","1":"product","2":"type-product","3":"status-publish","4":"has-post-thumbnail","6":"product_cat-damen-mode","7":"product_cat-jacken-maentel","8":"product_cat-maentel","9":"product_cat-wintermaentel","10":"product_shipping_class-standard-versand","12":"first","13":"instock","14":"sale","15":"taxable","16":"shipping-taxable","17":"purchasable","18":"product-type-simple"},"_links":{"self":[{"href":"https:\/\/www.soanam.de\/pl\/wp-json\/wp\/v2\/product\/82253","targetHints":{"allow":["GET"]}}],"collection":[{"href":"https:\/\/www.soanam.de\/pl\/wp-json\/wp\/v2\/product"}],"about":[{"href":"https:\/\/www.soanam.de\/pl\/wp-json\/wp\/v2\/types\/product"}],"replies":[{"embeddable":true,"href":"https:\/\/www.soanam.de\/pl\/wp-json\/wp\/v2\/comments?post=82253"}],"wp:featuredmedia":[{"embeddable":true,"href":"https:\/\/www.soanam.de\/pl\/wp-json\/wp\/v2\/media\/82377"}],"wp:attachment":[{"href":"https:\/\/www.soanam.de\/pl\/wp-json\/wp\/v2\/media?parent=82253"}],"wp:term":[{"taxonomy":"product_brand","embeddable":true,"href":"https:\/\/www.soanam.de\/pl\/wp-json\/wp\/v2\/product_brand?post=82253"},{"taxonomy":"product_cat","embeddable":true,"href":"https:\/\/www.soanam.de\/pl\/wp-json\/wp\/v2\/product_cat?post=82253"},{"taxonomy":"product_tag","embeddable":true,"href":"https:\/\/www.soanam.de\/pl\/wp-json\/wp\/v2\/product_tag?post=82253"}],"curies":[{"name":"wp","href":"https:\/\/api.w.org\/{rel}","templated":true}]}}

Tylko krótki płaszcz ONLCARRIE BONDED COAT, w kolorze camel, rozmiar XS

<p>Klassischer Mantel von ONLY<br />
Z 2 bocznymi kieszeniami<br />
2-Knopf-Form<br />
Leicht taillierte Form<br />
Ungefüttert</p>
<p>Der Kurzmantel von Only ist tailliert geschnitten, sodass du deinen Körper leicht betonst.<br />
Der Reverskragen ist zeitlos und rahmt dein Gesicht schön ein. Geschlossen wird der Mantel mit 2 Knöpfen.<br />
Mit den Eingrifftaschen können Wertgegenstände sicher verstaut werden.</p>
<p>Material: Obermaterial: 100% Polyamid, Füllung: 100% Polyester<br />
Wskazówki dotyczące pielęgnacji: Prać w pralce</p>
<p>Farbe: camelfarben<br />
Wzór: bez<br />
Rozmiar: XS</p>
<p>Szerokość ramion: 39 cm<br />
Szerokość klatki piersiowej: 99 cm<br />
Długość rękawa: 60 cm<br />
Całkowita długość: 89 cm</p>
<p>&nbsp;</p>
<p>Ten nowy przedmiot jest zwrotem klienta bez etykiety.</p>

<table class="dv_characteristicsTable">
<tbody>
<tr>
<td class="left">Rozmiar</td>
<td>XS (34)</td>
</tr>
<tr>
<td class="left">Größentyp</td>
<td>Normalgrößen</td>
</tr>
<tr>
<td class="left">Skład materiału</td>
<td>Obermaterial: 100% Polyester</td>
</tr>
<tr>
<td class="left">Instrukcje dotyczące pielęgnacji</td>
<td>Pranie w pralce</td>
</tr>
<tr>
<td class="left">Stil</td>
<td>casual</td>
</tr>
<tr>
<td class="left">Kolor</td>
<td>camelfarben</td>
</tr>
<tr>
<td class="left">Kragen</td>
<td>Kołnierz z klapami</td>
</tr>
<tr>
<td class="left">Ausschnitt</td>
<td>Dekolt w szpic</td>
</tr>
<tr>
<td class="left">Ärmel</td>
<td>Długi rękaw</td>
</tr>
<tr>
<td class="left">Dopasowanie</td>
<td>tailliert</td>
</tr>
<tr>
<td class="left">Torby</td>
<td>Kieszenie</td>
</tr>
<tr>
<td class="left">Verschluss</td>
<td>2-Knopf-Form</td>
</tr>
</tbody>
</table>
