{"id":82129,"date":"2023-12-14T02:12:46","date_gmt":"2023-12-14T01:12:46","guid":{"rendered":"https:\/\/www.soanam.de\/?post_type=product&#038;p=82129"},"modified":"2023-12-14T02:15:30","modified_gmt":"2023-12-14T01:15:30","slug":"polarino-wattierte-steppjacke-in-marine-groesse-44","status":"publish","type":"product","link":"https:\/\/www.soanam.de\/pl\/produkt\/polarino-wattierte-steppjacke-in-marine-groesse-44\/","title":{"rendered":"Polarino wattierte Steppjacke, in Marine, Gr\u00f6\u00dfe 44"},"content":{"rendered":"<p>Wattierte &amp; gesteppte Funktionsjacke von Polarino<br \/>\nWinddicht, atmungsaktiv, wasserabweisend<br \/>\nKapuze mit abnehmbarem Kunstfellbesatz<br \/>\nStrickb\u00fcndchen als Windschutz an den \u00c4rmeln<br \/>\nZ wyko\u0144czeniem Bionic Finish Eco - produkowane bez PFC<\/p>\n<p>Die raffinierte, diagonal verlaufende Steppung sorgt zusammen mit den kontrastfarbenen Rei\u00dfverschlusstaschen und der schicken Kapuze mit Fellimitatbesatz f\u00fcr das modisch-sportive Erscheinungsbild der Polarino-Jacke.<br \/>\nDas w\u00e4rmeisolierende Futter und das wind- und wasserabweisende Obermaterial halten auch bei winterlichen Wetterbedingungen warm und trocken.<\/p>\n<p>Materia\u0142: poliester 100%<br \/>\nWskaz\u00f3wki dotycz\u0105ce piel\u0119gnacji: Pra\u0107 w pralce<\/p>\n<p>Kolor: granatowy<br \/>\nWz\u00f3r: bez<br \/>\nRozmiar: 44<\/p>\n<p>Szeroko\u015b\u0107 ramion: 43 cm<br \/>\nBrustweite: 119cm<br \/>\nD\u0142ugo\u015b\u0107 r\u0119kawa: 65 cm<br \/>\nCa\u0142kowita d\u0142ugo\u015b\u0107: 81 cm<\/p>\n<p>&nbsp;<\/p>\n<p>Ten nowy przedmiot jest zwrotem klienta bez etykiety.<\/p>","protected":false},"excerpt":{"rendered":"<table class=\"dv_characteristicsTable\">\n<tbody>\n<tr>\n<td class=\"left\">Rozmiar<\/td>\n<td>44<\/td>\n<\/tr>\n<tr>\n<td class=\"left\">Gr\u00f6\u00dfentyp<\/td>\n<td>Normalgr\u00f6\u00dfen<\/td>\n<\/tr>\n<tr>\n<td class=\"left\">Sk\u0142ad materia\u0142u<\/td>\n<td>Obermaterial: 100% Polyester. Futter: 100% Polyester. Besatz: 100% Polyester. Wattierung: 100% Polyester<\/td>\n<\/tr>\n<tr>\n<td class=\"left\">Materialeigenschaften<\/td>\n<td>winddicht, atmungsaktiv, wasserabweisend<\/td>\n<\/tr>\n<tr>\n<td class=\"left\">Instrukcje dotycz\u0105ce piel\u0119gnacji<\/td>\n<td>Pranie w pralce<\/td>\n<\/tr>\n<tr>\n<td class=\"left\">Optik<\/td>\n<td>meliert<\/td>\n<\/tr>\n<tr>\n<td class=\"left\">Stil<\/td>\n<td>sportlich<\/td>\n<\/tr>\n<tr>\n<td class=\"left\">Kolor<\/td>\n<td>morski<\/td>\n<\/tr>\n<tr>\n<td class=\"left\">Kragen<\/td>\n<td>hochschlie\u00dfender Kragen<\/td>\n<\/tr>\n<tr>\n<td class=\"left\">\u00c4rmel<\/td>\n<td>D\u0142ugi r\u0119kaw<\/td>\n<\/tr>\n<tr>\n<td class=\"left\">\u00c4rmelabschluss<\/td>\n<td>Strickb\u00fcndchen<\/td>\n<\/tr>\n<tr>\n<td class=\"left\">Kaptur<\/td>\n<td>mit Kapuze<\/td>\n<\/tr>\n<tr>\n<td class=\"left\">Kapuzendetails<\/td>\n<td>abnehmbar, abnehmbares Fellimitat<\/td>\n<\/tr>\n<tr>\n<td class=\"left\">Kapuzenf\u00fctterung<\/td>\n<td>gef\u00fcttert<\/td>\n<\/tr>\n<tr>\n<td class=\"left\">Applikationen<\/td>\n<td>Label, Badge<\/td>\n<\/tr>\n<tr>\n<td class=\"left\">Torby<\/td>\n<td>Brusttasche, Innentasche, Rei\u00dfverschlusstaschen<\/td>\n<\/tr>\n<tr>\n<td class=\"left\">Verschluss<\/td>\n<td>Rei\u00dfverschluss, Druckkn\u00f6pfe<\/td>\n<\/tr>\n<tr>\n<td class=\"left\">Verschlussdetails<\/td>\n<td>mit Windschutzblende<\/td>\n<\/tr>\n<tr>\n<td class=\"left\">Besondere Merkmale<\/td>\n<td>aus weichem Funktionsmaterial<\/td>\n<\/tr>\n<tr>\n<td class=\"left\">Gr\u00f6\u00dfenhinweis<\/td>\n<td>F\u00e4llt gro\u00df aus<\/td>\n<\/tr>\n<\/tbody>\n<\/table>","protected":false},"featured_media":82256,"comment_status":"open","ping_status":"closed","template":"","meta":{"_seopress_robots_primary_cat":"","_seopress_titles_title":"","_seopress_titles_desc":"","_seopress_robots_index":""},"product_brand":[],"product_cat":[1348,1354,1375,1376],"product_tag":[],"class_list":{"0":"post-82129","1":"product","2":"type-product","3":"status-publish","4":"has-post-thumbnail","6":"product_cat-damen-mode","7":"product_cat-jacken-maentel","8":"product_cat-winterjacken","9":"product_cat-daunenjacken-steppjacken","10":"product_shipping_class-standard-versand","12":"first","13":"instock","14":"sale","15":"taxable","16":"shipping-taxable","17":"purchasable","18":"product-type-simple"},"_links":{"self":[{"href":"https:\/\/www.soanam.de\/pl\/wp-json\/wp\/v2\/product\/82129","targetHints":{"allow":["GET"]}}],"collection":[{"href":"https:\/\/www.soanam.de\/pl\/wp-json\/wp\/v2\/product"}],"about":[{"href":"https:\/\/www.soanam.de\/pl\/wp-json\/wp\/v2\/types\/product"}],"replies":[{"embeddable":true,"href":"https:\/\/www.soanam.de\/pl\/wp-json\/wp\/v2\/comments?post=82129"}],"wp:featuredmedia":[{"embeddable":true,"href":"https:\/\/www.soanam.de\/pl\/wp-json\/wp\/v2\/media\/82256"}],"wp:attachment":[{"href":"https:\/\/www.soanam.de\/pl\/wp-json\/wp\/v2\/media?parent=82129"}],"wp:term":[{"taxonomy":"product_brand","embeddable":true,"href":"https:\/\/www.soanam.de\/pl\/wp-json\/wp\/v2\/product_brand?post=82129"},{"taxonomy":"product_cat","embeddable":true,"href":"https:\/\/www.soanam.de\/pl\/wp-json\/wp\/v2\/product_cat?post=82129"},{"taxonomy":"product_tag","embeddable":true,"href":"https:\/\/www.soanam.de\/pl\/wp-json\/wp\/v2\/product_tag?post=82129"}],"curies":[{"name":"wp","href":"https:\/\/api.w.org\/{rel}","templated":true}]}}

Polarino wattierte Steppjacke, in Marine, Größe 44

<p>Wattierte &amp; gesteppte Funktionsjacke von Polarino<br />
Winddicht, atmungsaktiv, wasserabweisend<br />
Kapuze mit abnehmbarem Kunstfellbesatz<br />
Strickbündchen als Windschutz an den Ärmeln<br />
Z wykończeniem Bionic Finish Eco - produkowane bez PFC</p>
<p>Die raffinierte, diagonal verlaufende Steppung sorgt zusammen mit den kontrastfarbenen Reißverschlusstaschen und der schicken Kapuze mit Fellimitatbesatz für das modisch-sportive Erscheinungsbild der Polarino-Jacke.<br />
Das wärmeisolierende Futter und das wind- und wasserabweisende Obermaterial halten auch bei winterlichen Wetterbedingungen warm und trocken.</p>
<p>Materiał: poliester 100%<br />
Wskazówki dotyczące pielęgnacji: Prać w pralce</p>
<p>Kolor: granatowy<br />
Wzór: bez<br />
Rozmiar: 44</p>
<p>Szerokość ramion: 43 cm<br />
Brustweite: 119cm<br />
Długość rękawa: 65 cm<br />
Całkowita długość: 81 cm</p>
<p>&nbsp;</p>
<p>Ten nowy przedmiot jest zwrotem klienta bez etykiety.</p>

<table class="dv_characteristicsTable">
<tbody>
<tr>
<td class="left">Rozmiar</td>
<td>44</td>
</tr>
<tr>
<td class="left">Größentyp</td>
<td>Normalgrößen</td>
</tr>
<tr>
<td class="left">Skład materiału</td>
<td>Obermaterial: 100% Polyester. Futter: 100% Polyester. Besatz: 100% Polyester. Wattierung: 100% Polyester</td>
</tr>
<tr>
<td class="left">Materialeigenschaften</td>
<td>winddicht, atmungsaktiv, wasserabweisend</td>
</tr>
<tr>
<td class="left">Instrukcje dotyczące pielęgnacji</td>
<td>Pranie w pralce</td>
</tr>
<tr>
<td class="left">Optik</td>
<td>meliert</td>
</tr>
<tr>
<td class="left">Stil</td>
<td>sportlich</td>
</tr>
<tr>
<td class="left">Kolor</td>
<td>morski</td>
</tr>
<tr>
<td class="left">Kragen</td>
<td>hochschließender Kragen</td>
</tr>
<tr>
<td class="left">Ärmel</td>
<td>Długi rękaw</td>
</tr>
<tr>
<td class="left">Ärmelabschluss</td>
<td>Strickbündchen</td>
</tr>
<tr>
<td class="left">Kaptur</td>
<td>mit Kapuze</td>
</tr>
<tr>
<td class="left">Kapuzendetails</td>
<td>abnehmbar, abnehmbares Fellimitat</td>
</tr>
<tr>
<td class="left">Kapuzenfütterung</td>
<td>gefüttert</td>
</tr>
<tr>
<td class="left">Applikationen</td>
<td>Label, Badge</td>
</tr>
<tr>
<td class="left">Torby</td>
<td>Brusttasche, Innentasche, Reißverschlusstaschen</td>
</tr>
<tr>
<td class="left">Verschluss</td>
<td>Reißverschluss, Druckknöpfe</td>
</tr>
<tr>
<td class="left">Verschlussdetails</td>
<td>mit Windschutzblende</td>
</tr>
<tr>
<td class="left">Besondere Merkmale</td>
<td>aus weichem Funktionsmaterial</td>
</tr>
<tr>
<td class="left">Größenhinweis</td>
<td>Fällt groß aus</td>
</tr>
</tbody>
</table>
