{"id":82127,"date":"2023-12-14T02:12:45","date_gmt":"2023-12-14T01:12:45","guid":{"rendered":"https:\/\/www.soanam.de\/?post_type=product&#038;p=82127"},"modified":"2023-12-14T02:15:19","modified_gmt":"2023-12-14T01:15:19","slug":"polarino-ciepla-kurtka-polarowa-w-kolorze-czarnym-rozmiar-36","status":"publish","type":"product","link":"https:\/\/www.soanam.de\/pl\/produkt\/polarino-warme-fleecejacke-in-schwarz-groesse-36\/","title":{"rendered":"Ciep\u0142a kurtka polarowa Polarino w kolorze czarnym, rozmiar 36"},"content":{"rendered":"<p>Jacke aus weichem Polarfleece von Polarino<br \/>\nMit hohem W\u00e4rmer\u00fcckhalteverm\u00f6gen<br \/>\nHoher Kragen mit Kinnschutz und Kapuze<br \/>\n2-Wege Rei\u00dfverschluss<br \/>\nExtralange \u00c4rmel mit Daumenl\u00f6chern<br \/>\nAtmungsaktiv und antistatisch<\/p>\n<p>Der weiche Polarfleece mit W\u00e4rmer\u00fcckhalteverm\u00f6gen sowie atmungsaktiven und antistatischen Eigenschaften sorgt f\u00fcr den Feelgood-Faktor der Jacke von Polarino, die mit ihrer taillierten Passform und der gro\u00dfen Kapuze mit hohem Stehkragen als perfekte Basis f\u00fcr legere Outfitkombinationen dient.<br \/>\nDie extralangen \u00c4rmeln erhalten mit den Daumenl\u00f6chern einen praktischen Auftrag, Eingrifftaschen, Kinnschutz und Zweiwege-Rei\u00dfverschluss erweitern die Ausstattung.<\/p>\n<p>Materia\u0142: poliester 100%<br \/>\nWskaz\u00f3wki dotycz\u0105ce piel\u0119gnacji: Pra\u0107 w pralce<\/p>\n<p>Kolor: czarny<br \/>\nWz\u00f3r: bez<br \/>\nRozmiar: 36<\/p>\n<p>Szeroko\u015b\u0107 ramion: 40 cm<br \/>\nSzeroko\u015b\u0107 klatki piersiowej: 92 cm<br \/>\nD\u0142ugo\u015b\u0107 r\u0119kawa: 69 cm<br \/>\nCa\u0142kowita d\u0142ugo\u015b\u0107: 76 cm<\/p>","protected":false},"excerpt":{"rendered":"<table class=\"dv_characteristicsTable\">\n<tbody>\n<tr>\n<td class=\"left\">Rozmiar<\/td>\n<td>36<\/td>\n<\/tr>\n<tr>\n<td class=\"left\">Gr\u00f6\u00dfentyp<\/td>\n<td>Normalgr\u00f6\u00dfen<\/td>\n<\/tr>\n<tr>\n<td class=\"left\">Sk\u0142ad materia\u0142u<\/td>\n<td>Obermaterial: 100% Polyester<\/td>\n<\/tr>\n<tr>\n<td class=\"left\">Materialart<\/td>\n<td>Polar<\/td>\n<\/tr>\n<tr>\n<td class=\"left\">Materialeigenschaften<\/td>\n<td>atmungsaktiv, elastisch, pflegeleicht, schnell trocknend, w\u00e4rmend<\/td>\n<\/tr>\n<tr>\n<td class=\"left\">Instrukcje dotycz\u0105ce piel\u0119gnacji<\/td>\n<td>Pranie w pralce<\/td>\n<\/tr>\n<tr>\n<td class=\"left\">Optik<\/td>\n<td>unifarben<\/td>\n<\/tr>\n<tr>\n<td class=\"left\">Stil<\/td>\n<td>sportlich<\/td>\n<\/tr>\n<tr>\n<td class=\"left\">Kolor<\/td>\n<td>schwarz<\/td>\n<\/tr>\n<tr>\n<td class=\"left\">Kragen<\/td>\n<td>hochschlie\u00dfender Kragen<\/td>\n<\/tr>\n<tr>\n<td class=\"left\">\u00c4rmel<\/td>\n<td>D\u0142ugi r\u0119kaw<\/td>\n<\/tr>\n<tr>\n<td class=\"left\">\u00c4rmelabschluss<\/td>\n<td>angesetztes B\u00fcndchen<\/td>\n<\/tr>\n<tr>\n<td class=\"left\">\u00c4rmelabschlussdetails<\/td>\n<td>mit Daumenl\u00f6chern<\/td>\n<\/tr>\n<tr>\n<td class=\"left\">Kaptur<\/td>\n<td>mit Kapuze<\/td>\n<\/tr>\n<tr>\n<td class=\"left\">Kapuzendetails<\/td>\n<td>mit Kordelzug, Weite regulierbar<\/td>\n<\/tr>\n<tr>\n<td class=\"left\">Kapuzenf\u00fctterung<\/td>\n<td>Polar<\/td>\n<\/tr>\n<tr>\n<td class=\"left\">Applikationen<\/td>\n<td>Badge<\/td>\n<\/tr>\n<tr>\n<td class=\"left\">Torby<\/td>\n<td>Rei\u00dfverschlusstaschen<\/td>\n<\/tr>\n<tr>\n<td class=\"left\">Verschluss<\/td>\n<td>2-Wege-Rei\u00dfverschluss<\/td>\n<\/tr>\n<tr>\n<td class=\"left\">Verschlussdetails<\/td>\n<td>mit Kinnschutz<\/td>\n<\/tr>\n<tr>\n<td class=\"left\">Besondere Merkmale<\/td>\n<td>l\u00e4nger geschnitten und kuschelig warm<\/td>\n<\/tr>\n<\/tbody>\n<\/table>","protected":false},"featured_media":82246,"comment_status":"open","ping_status":"closed","template":"","meta":{"_seopress_robots_primary_cat":"","_seopress_titles_title":"","_seopress_titles_desc":"","_seopress_robots_index":""},"product_brand":[],"product_cat":[1348,1354,1647],"product_tag":[],"class_list":{"0":"post-82127","1":"product","2":"type-product","3":"status-publish","4":"has-post-thumbnail","6":"product_cat-damen-mode","7":"product_cat-jacken-maentel","8":"product_cat-fleecejacken-jacken-maentel","9":"product_shipping_class-standard-versand","11":"first","12":"instock","13":"taxable","14":"shipping-taxable","15":"purchasable","16":"product-type-simple"},"_links":{"self":[{"href":"https:\/\/www.soanam.de\/pl\/wp-json\/wp\/v2\/product\/82127","targetHints":{"allow":["GET"]}}],"collection":[{"href":"https:\/\/www.soanam.de\/pl\/wp-json\/wp\/v2\/product"}],"about":[{"href":"https:\/\/www.soanam.de\/pl\/wp-json\/wp\/v2\/types\/product"}],"replies":[{"embeddable":true,"href":"https:\/\/www.soanam.de\/pl\/wp-json\/wp\/v2\/comments?post=82127"}],"wp:featuredmedia":[{"embeddable":true,"href":"https:\/\/www.soanam.de\/pl\/wp-json\/wp\/v2\/media\/82246"}],"wp:attachment":[{"href":"https:\/\/www.soanam.de\/pl\/wp-json\/wp\/v2\/media?parent=82127"}],"wp:term":[{"taxonomy":"product_brand","embeddable":true,"href":"https:\/\/www.soanam.de\/pl\/wp-json\/wp\/v2\/product_brand?post=82127"},{"taxonomy":"product_cat","embeddable":true,"href":"https:\/\/www.soanam.de\/pl\/wp-json\/wp\/v2\/product_cat?post=82127"},{"taxonomy":"product_tag","embeddable":true,"href":"https:\/\/www.soanam.de\/pl\/wp-json\/wp\/v2\/product_tag?post=82127"}],"curies":[{"name":"wp","href":"https:\/\/api.w.org\/{rel}","templated":true}]}}

Ciepła kurtka polarowa Polarino w kolorze czarnym, rozmiar 36

<p>Jacke aus weichem Polarfleece von Polarino<br />
Mit hohem Wärmerückhaltevermögen<br />
Hoher Kragen mit Kinnschutz und Kapuze<br />
2-Wege Reißverschluss<br />
Extralange Ärmel mit Daumenlöchern<br />
Atmungsaktiv und antistatisch</p>
<p>Der weiche Polarfleece mit Wärmerückhaltevermögen sowie atmungsaktiven und antistatischen Eigenschaften sorgt für den Feelgood-Faktor der Jacke von Polarino, die mit ihrer taillierten Passform und der großen Kapuze mit hohem Stehkragen als perfekte Basis für legere Outfitkombinationen dient.<br />
Die extralangen Ärmeln erhalten mit den Daumenlöchern einen praktischen Auftrag, Eingrifftaschen, Kinnschutz und Zweiwege-Reißverschluss erweitern die Ausstattung.</p>
<p>Materiał: poliester 100%<br />
Wskazówki dotyczące pielęgnacji: Prać w pralce</p>
<p>Kolor: czarny<br />
Wzór: bez<br />
Rozmiar: 36</p>
<p>Szerokość ramion: 40 cm<br />
Szerokość klatki piersiowej: 92 cm<br />
Długość rękawa: 69 cm<br />
Całkowita długość: 76 cm</p>

<table class="dv_characteristicsTable">
<tbody>
<tr>
<td class="left">Rozmiar</td>
<td>36</td>
</tr>
<tr>
<td class="left">Größentyp</td>
<td>Normalgrößen</td>
</tr>
<tr>
<td class="left">Skład materiału</td>
<td>Obermaterial: 100% Polyester</td>
</tr>
<tr>
<td class="left">Materialart</td>
<td>Polar</td>
</tr>
<tr>
<td class="left">Materialeigenschaften</td>
<td>atmungsaktiv, elastisch, pflegeleicht, schnell trocknend, wärmend</td>
</tr>
<tr>
<td class="left">Instrukcje dotyczące pielęgnacji</td>
<td>Pranie w pralce</td>
</tr>
<tr>
<td class="left">Optik</td>
<td>unifarben</td>
</tr>
<tr>
<td class="left">Stil</td>
<td>sportlich</td>
</tr>
<tr>
<td class="left">Kolor</td>
<td>schwarz</td>
</tr>
<tr>
<td class="left">Kragen</td>
<td>hochschließender Kragen</td>
</tr>
<tr>
<td class="left">Ärmel</td>
<td>Długi rękaw</td>
</tr>
<tr>
<td class="left">Ärmelabschluss</td>
<td>angesetztes Bündchen</td>
</tr>
<tr>
<td class="left">Ärmelabschlussdetails</td>
<td>mit Daumenlöchern</td>
</tr>
<tr>
<td class="left">Kaptur</td>
<td>mit Kapuze</td>
</tr>
<tr>
<td class="left">Kapuzendetails</td>
<td>mit Kordelzug, Weite regulierbar</td>
</tr>
<tr>
<td class="left">Kapuzenfütterung</td>
<td>Polar</td>
</tr>
<tr>
<td class="left">Applikationen</td>
<td>Badge</td>
</tr>
<tr>
<td class="left">Torby</td>
<td>Reißverschlusstaschen</td>
</tr>
<tr>
<td class="left">Verschluss</td>
<td>2-Wege-Reißverschluss</td>
</tr>
<tr>
<td class="left">Verschlussdetails</td>
<td>mit Kinnschutz</td>
</tr>
<tr>
<td class="left">Besondere Merkmale</td>
<td>länger geschnitten und kuschelig warm</td>
</tr>
</tbody>
</table>
