{"id":82106,"date":"2023-12-14T02:12:19","date_gmt":"2023-12-14T01:12:19","guid":{"rendered":"https:\/\/www.soanam.de\/?post_type=product&#038;p=82106"},"modified":"2023-12-14T02:15:10","modified_gmt":"2023-12-14T01:15:10","slug":"polarino-funkcjonalna-parka-z-ciepla-podszewka-w-kolorze-czarnym-rozmiar-34","status":"publish","type":"product","link":"https:\/\/www.soanam.de\/pl\/produkt\/polarino-funktionsparka-mit-warmen-innenfutter-in-schwarz-groesse-34\/","title":{"rendered":"Funkcjonalna parka Polarino z ciep\u0142\u0105 podszewk\u0105, w kolorze czarnym, rozmiar 34"},"content":{"rendered":"<p>Kurtka zimowa z kapturem od Polarino<br \/>\nZ odpinanym sztucznym futrem<br \/>\nMi\u0119kki, c\u0119tkowany materia\u0142 zewn\u0119trzny ze s\u0142upem wody 8000 mm<br \/>\nOddychaj\u0105ca, wiatroszczelna i wodoodporna. Podklejane szwy<br \/>\nMankiety Windstopper na r\u0119kawach<br \/>\nPrzytulna, mi\u0119kka wy\u015bci\u00f3\u0142ka wewn\u0119trzna<\/p>\n<p>Parka outdoorowa od Polarino to idealna funkcjonalna kurtka dla wszystkich fan\u00f3w outdooru - oddychaj\u0105ca, wiatroszczelna i wodoodporna.<br \/>\nDzi\u0119ki wysokiej st\u00f3jce z kapturem z odpinanym sztucznym futerkiem, szyja jest optymalnie ogrzana.<br \/>\nInne funkcje obejmuj\u0105 pomys\u0142owe zapi\u0119cie na zatrzaski z zamkiem b\u0142yskawicznym od wewn\u0105trz i praktyczne mankiety przeciwwiatrowe na r\u0119kawach.<br \/>\nSznurek \u015bci\u0105gaj\u0105cy w pasie pozwala na skuteczne ukszta\u0142towanie tego mi\u0119kko podszytego stylu outdoorowego, a zapinane na guziki kieszenie z klapk\u0105 zapewniaj\u0105 du\u017co miejsca.<br \/>\nFunkcjonalna kurtka oferuje wszechstronn\u0105 wodoodporn\u0105 ochron\u0119 dzi\u0119ki s\u0142upowi wody 8000 mm i klejonym szwom.<\/p>\n<p>Materia\u0142: poliester 100%<br \/>\nWskaz\u00f3wki dotycz\u0105ce piel\u0119gnacji: Pra\u0107 w pralce<\/p>\n<p>Kolor: czarny<br \/>\nWz\u00f3r: bez<br \/>\nRozmiar: 34<\/p>\n<p>Szeroko\u015b\u0107 ramion: 42 cm<br \/>\nSzeroko\u015b\u0107 klatki piersiowej: 98 cm<br \/>\nD\u0142ugo\u015b\u0107 r\u0119kawa: 63 cm<br \/>\nCa\u0142kowita d\u0142ugo\u015b\u0107: 86 cm<\/p>","protected":false},"excerpt":{"rendered":"<table class=\"dv_characteristicsTable\">\n<tbody>\n<tr>\n<td class=\"left\">Rozmiar<\/td>\n<td>34<\/td>\n<\/tr>\n<tr>\n<td class=\"left\">Gr\u00f6\u00dfentyp<\/td>\n<td>Normalgr\u00f6\u00dfen<\/td>\n<\/tr>\n<tr>\n<td class=\"left\">Sk\u0142ad materia\u0142u<\/td>\n<td>Obermaterial: 100% Polyester. Futter: 100% Polyester. Wattierung: 100% Polyester<\/td>\n<\/tr>\n<tr>\n<td class=\"left\">Materialeigenschaften<\/td>\n<td>atmungsaktiv, winddicht, wasserdicht<\/td>\n<\/tr>\n<tr>\n<td class=\"left\">Wassers\u00e4ule<\/td>\n<td>8000 mm<\/td>\n<\/tr>\n<tr>\n<td class=\"left\">Instrukcje dotycz\u0105ce piel\u0119gnacji<\/td>\n<td>Pranie w pralce<\/td>\n<\/tr>\n<tr>\n<td class=\"left\">Optik<\/td>\n<td>meliert<\/td>\n<\/tr>\n<tr>\n<td class=\"left\">Stil<\/td>\n<td>casual<\/td>\n<\/tr>\n<tr>\n<td class=\"left\">Kolor<\/td>\n<td>schwarz<\/td>\n<\/tr>\n<tr>\n<td class=\"left\">\u00c4rmeldetails<\/td>\n<td>mit Riegel<\/td>\n<\/tr>\n<tr>\n<td class=\"left\">\u00c4rmelabschluss<\/td>\n<td>Windstopperb\u00fcndchen<\/td>\n<\/tr>\n<tr>\n<td class=\"left\">Kaptur<\/td>\n<td>mit Kapuze<\/td>\n<\/tr>\n<tr>\n<td class=\"left\">Kapuzendetails<\/td>\n<td>abnehmbares Fellimitat, mit regulierbarem Elastikband, Weite regulierbar<\/td>\n<\/tr>\n<tr>\n<td class=\"left\">Kapuzenf\u00fctterung<\/td>\n<td>gef\u00fcttert<\/td>\n<\/tr>\n<tr>\n<td class=\"left\">Applikationen<\/td>\n<td>Badge<\/td>\n<\/tr>\n<tr>\n<td class=\"left\">Torby<\/td>\n<td>Rei\u00dfverschlusstaschen, Innentaschen<\/td>\n<\/tr>\n<tr>\n<td class=\"left\">Verschluss<\/td>\n<td>2-Wege-Rei\u00dfverschluss<\/td>\n<\/tr>\n<tr>\n<td class=\"left\">Verschlussdetails<\/td>\n<td>mit Windschutzblende<\/td>\n<\/tr>\n<tr>\n<td class=\"left\">Besondere Merkmale<\/td>\n<td>mit kuscheligem Innenfutter<\/td>\n<\/tr>\n<\/tbody>\n<\/table>","protected":false},"featured_media":82238,"comment_status":"open","ping_status":"closed","template":"","meta":{"_seopress_robots_primary_cat":"","_seopress_titles_title":"","_seopress_titles_desc":"","_seopress_robots_index":""},"product_brand":[],"product_cat":[1348,1354,1375,1440],"product_tag":[],"class_list":{"0":"post-82106","1":"product","2":"type-product","3":"status-publish","4":"has-post-thumbnail","6":"product_cat-damen-mode","7":"product_cat-jacken-maentel","8":"product_cat-winterjacken","9":"product_cat-parkas-winterjacken","10":"product_shipping_class-standard-versand","12":"first","13":"instock","14":"taxable","15":"shipping-taxable","16":"purchasable","17":"product-type-simple"},"_links":{"self":[{"href":"https:\/\/www.soanam.de\/pl\/wp-json\/wp\/v2\/product\/82106","targetHints":{"allow":["GET"]}}],"collection":[{"href":"https:\/\/www.soanam.de\/pl\/wp-json\/wp\/v2\/product"}],"about":[{"href":"https:\/\/www.soanam.de\/pl\/wp-json\/wp\/v2\/types\/product"}],"replies":[{"embeddable":true,"href":"https:\/\/www.soanam.de\/pl\/wp-json\/wp\/v2\/comments?post=82106"}],"wp:featuredmedia":[{"embeddable":true,"href":"https:\/\/www.soanam.de\/pl\/wp-json\/wp\/v2\/media\/82238"}],"wp:attachment":[{"href":"https:\/\/www.soanam.de\/pl\/wp-json\/wp\/v2\/media?parent=82106"}],"wp:term":[{"taxonomy":"product_brand","embeddable":true,"href":"https:\/\/www.soanam.de\/pl\/wp-json\/wp\/v2\/product_brand?post=82106"},{"taxonomy":"product_cat","embeddable":true,"href":"https:\/\/www.soanam.de\/pl\/wp-json\/wp\/v2\/product_cat?post=82106"},{"taxonomy":"product_tag","embeddable":true,"href":"https:\/\/www.soanam.de\/pl\/wp-json\/wp\/v2\/product_tag?post=82106"}],"curies":[{"name":"wp","href":"https:\/\/api.w.org\/{rel}","templated":true}]}}

Funkcjonalna parka Polarino z ciepłą podszewką, w kolorze czarnym, rozmiar 34

<p>Kurtka zimowa z kapturem od Polarino<br />
Z odpinanym sztucznym futrem<br />
Miękki, cętkowany materiał zewnętrzny ze słupem wody 8000 mm<br />
Oddychająca, wiatroszczelna i wodoodporna. Podklejane szwy<br />
Mankiety Windstopper na rękawach<br />
Przytulna, miękka wyściółka wewnętrzna</p>
<p>Parka outdoorowa od Polarino to idealna funkcjonalna kurtka dla wszystkich fanów outdooru - oddychająca, wiatroszczelna i wodoodporna.<br />
Dzięki wysokiej stójce z kapturem z odpinanym sztucznym futerkiem, szyja jest optymalnie ogrzana.<br />
Inne funkcje obejmują pomysłowe zapięcie na zatrzaski z zamkiem błyskawicznym od wewnątrz i praktyczne mankiety przeciwwiatrowe na rękawach.<br />
Sznurek ściągający w pasie pozwala na skuteczne ukształtowanie tego miękko podszytego stylu outdoorowego, a zapinane na guziki kieszenie z klapką zapewniają dużo miejsca.<br />
Funkcjonalna kurtka oferuje wszechstronną wodoodporną ochronę dzięki słupowi wody 8000 mm i klejonym szwom.</p>
<p>Materiał: poliester 100%<br />
Wskazówki dotyczące pielęgnacji: Prać w pralce</p>
<p>Kolor: czarny<br />
Wzór: bez<br />
Rozmiar: 34</p>
<p>Szerokość ramion: 42 cm<br />
Szerokość klatki piersiowej: 98 cm<br />
Długość rękawa: 63 cm<br />
Całkowita długość: 86 cm</p>

<table class="dv_characteristicsTable">
<tbody>
<tr>
<td class="left">Rozmiar</td>
<td>34</td>
</tr>
<tr>
<td class="left">Größentyp</td>
<td>Normalgrößen</td>
</tr>
<tr>
<td class="left">Skład materiału</td>
<td>Obermaterial: 100% Polyester. Futter: 100% Polyester. Wattierung: 100% Polyester</td>
</tr>
<tr>
<td class="left">Materialeigenschaften</td>
<td>atmungsaktiv, winddicht, wasserdicht</td>
</tr>
<tr>
<td class="left">Wassersäule</td>
<td>8000 mm</td>
</tr>
<tr>
<td class="left">Instrukcje dotyczące pielęgnacji</td>
<td>Pranie w pralce</td>
</tr>
<tr>
<td class="left">Optik</td>
<td>meliert</td>
</tr>
<tr>
<td class="left">Stil</td>
<td>casual</td>
</tr>
<tr>
<td class="left">Kolor</td>
<td>schwarz</td>
</tr>
<tr>
<td class="left">Ärmeldetails</td>
<td>mit Riegel</td>
</tr>
<tr>
<td class="left">Ärmelabschluss</td>
<td>Windstopperbündchen</td>
</tr>
<tr>
<td class="left">Kaptur</td>
<td>mit Kapuze</td>
</tr>
<tr>
<td class="left">Kapuzendetails</td>
<td>abnehmbares Fellimitat, mit regulierbarem Elastikband, Weite regulierbar</td>
</tr>
<tr>
<td class="left">Kapuzenfütterung</td>
<td>gefüttert</td>
</tr>
<tr>
<td class="left">Applikationen</td>
<td>Badge</td>
</tr>
<tr>
<td class="left">Torby</td>
<td>Reißverschlusstaschen, Innentaschen</td>
</tr>
<tr>
<td class="left">Verschluss</td>
<td>2-Wege-Reißverschluss</td>
</tr>
<tr>
<td class="left">Verschlussdetails</td>
<td>mit Windschutzblende</td>
</tr>
<tr>
<td class="left">Besondere Merkmale</td>
<td>mit kuscheligem Innenfutter</td>
</tr>
</tbody>
</table>
