{"id":82085,"date":"2023-12-14T02:11:54","date_gmt":"2023-12-14T01:11:54","guid":{"rendered":"https:\/\/www.soanam.de\/?post_type=product&#038;p=82085"},"modified":"2023-12-14T02:14:39","modified_gmt":"2023-12-14T01:14:39","slug":"boysens-parka-aus-robuster-canvas-baumwolle-in-marineblau-groesse-36","status":"publish","type":"product","link":"https:\/\/www.soanam.de\/pl\/produkt\/boysens-parka-aus-robuster-canvas-baumwolle-in-marineblau-groesse-36\/","title":{"rendered":"Parka marki Boysen z wytrzyma\u0142ego p\u0142\u00f3tna bawe\u0142nianego, w kolorze granatowym, rozmiar 36"},"content":{"rendered":"<p>Canvas Parka von Boysen's<br \/>\nAufwendig ausgestattet mit praktischen Details und vielen Taschen.<br \/>\nAbnehmbare Kapuze mit Fellimitatkragen und Kordelzug.<br \/>\nVerdeckter Rei\u00dfverschluss plus Druckknopfleiste.<br \/>\nTaillen- Tunnelzug innen.<br \/>\nKszta\u0142t dopasowany do sylwetki<\/p>\n<p>Kuschelig warm wattierter Parka mit verdecktem Rei\u00dfverschluss und zus\u00e4tzlicher Druckknopfleiste.<br \/>\nWeiterhin bietet er einen hochverschlie\u00dfbaren Kragen, eine abkn\u00f6pfbare Kapuze, die verstellbar ist und mit Fellimitat versehen.<br \/>\nZwei seitliche Pattentaschen, zwei Eingrifftaschen auf Taillenh\u00f6he u. eine Rei\u00dfverschlusstasche auf der Brust sowie eine Rei\u00dfverschlu\u00dftasche oben auf dem linken \u00c4rmel sowie eine Innentasche vervollst\u00e4ndigen die stylische Outdoorjacke.<\/p>\n<p>Material: Canvas: 100% Baumwolle, Futter: 100% Polyester, Webpelzkragen: 80% Polyacryl + 20% Polyester<br \/>\nWskaz\u00f3wki dotycz\u0105ce piel\u0119gnacji: Pra\u0107 w pralce<\/p>\n<p>Kolor: granatowy<br \/>\nWz\u00f3r: bez<br \/>\nRozmiar: 36<\/p>\n<p>Szeroko\u015b\u0107 ramion: 43 cm<br \/>\nSzeroko\u015b\u0107 klatki piersiowej: 104 cm<br \/>\nD\u0142ugo\u015b\u0107 r\u0119kawa: 62 cm<br \/>\nCa\u0142kowita d\u0142ugo\u015b\u0107: 84 cm<\/p>","protected":false},"excerpt":{"rendered":"<table class=\"dv_characteristicsTable\">\n<tbody>\n<tr>\n<td class=\"left\">Rozmiar<\/td>\n<td>36<\/td>\n<\/tr>\n<tr>\n<td class=\"left\">Gr\u00f6\u00dfentyp<\/td>\n<td>Normalgr\u00f6\u00dfen<\/td>\n<\/tr>\n<tr>\n<td class=\"left\">Sk\u0142ad materia\u0142u<\/td>\n<td>Canvas: 100% Baumwolle, Futter: 100% Polyester, Webpelzkragen: 80% Polyacryl + 20% Polyester<\/td>\n<\/tr>\n<tr>\n<td class=\"left\">Materialeigenschaften<\/td>\n<td>w\u00e4rmend, robust<\/td>\n<\/tr>\n<tr>\n<td class=\"left\">Instrukcje dotycz\u0105ce piel\u0119gnacji<\/td>\n<td>Pranie w pralce<\/td>\n<\/tr>\n<tr>\n<td class=\"left\">Stil<\/td>\n<td>sportlich<\/td>\n<\/tr>\n<tr>\n<td class=\"left\">Kolor<\/td>\n<td>marineblau<\/td>\n<\/tr>\n<tr>\n<td class=\"left\">Kragen<\/td>\n<td>hochschlie\u00dfender Kragen<\/td>\n<\/tr>\n<tr>\n<td class=\"left\">\u00c4rmel<\/td>\n<td>D\u0142ugi r\u0119kaw<\/td>\n<\/tr>\n<tr>\n<td class=\"left\">Dopasowanie<\/td>\n<td>figurumspielend<\/td>\n<\/tr>\n<tr>\n<td class=\"left\">Schnittform L\u00e4nge<\/td>\n<td>kniefrei<\/td>\n<\/tr>\n<tr>\n<td class=\"left\">Kaptur<\/td>\n<td>mit Kapuze<\/td>\n<\/tr>\n<tr>\n<td class=\"left\">Kapuzendetails<\/td>\n<td>abnehmbar, abnehmbares Fellimitat, Weite regulierbar<\/td>\n<\/tr>\n<tr>\n<td class=\"left\">Applikationen<\/td>\n<td>nein<\/td>\n<\/tr>\n<tr>\n<td class=\"left\">Torby<\/td>\n<td>Rei\u00dfverschlusstaschen<\/td>\n<\/tr>\n<tr>\n<td class=\"left\">Verschluss<\/td>\n<td>Zamek b\u0142yskawiczny<\/td>\n<\/tr>\n<tr>\n<td class=\"left\">Verschlussdetails<\/td>\n<td>mit Windschutzblende, verdeckt<\/td>\n<\/tr>\n<\/tbody>\n<\/table>","protected":false},"featured_media":82215,"comment_status":"open","ping_status":"closed","template":"","meta":{"_seopress_robots_primary_cat":"","_seopress_titles_title":"","_seopress_titles_desc":"","_seopress_robots_index":""},"product_brand":[],"product_cat":[1348,1354,1375,1440],"product_tag":[],"class_list":{"0":"post-82085","1":"product","2":"type-product","3":"status-publish","4":"has-post-thumbnail","6":"product_cat-damen-mode","7":"product_cat-jacken-maentel","8":"product_cat-winterjacken","9":"product_cat-parkas-winterjacken","10":"product_shipping_class-standard-versand","12":"first","13":"instock","14":"sale","15":"taxable","16":"shipping-taxable","17":"purchasable","18":"product-type-simple"},"_links":{"self":[{"href":"https:\/\/www.soanam.de\/pl\/wp-json\/wp\/v2\/product\/82085","targetHints":{"allow":["GET"]}}],"collection":[{"href":"https:\/\/www.soanam.de\/pl\/wp-json\/wp\/v2\/product"}],"about":[{"href":"https:\/\/www.soanam.de\/pl\/wp-json\/wp\/v2\/types\/product"}],"replies":[{"embeddable":true,"href":"https:\/\/www.soanam.de\/pl\/wp-json\/wp\/v2\/comments?post=82085"}],"wp:featuredmedia":[{"embeddable":true,"href":"https:\/\/www.soanam.de\/pl\/wp-json\/wp\/v2\/media\/82215"}],"wp:attachment":[{"href":"https:\/\/www.soanam.de\/pl\/wp-json\/wp\/v2\/media?parent=82085"}],"wp:term":[{"taxonomy":"product_brand","embeddable":true,"href":"https:\/\/www.soanam.de\/pl\/wp-json\/wp\/v2\/product_brand?post=82085"},{"taxonomy":"product_cat","embeddable":true,"href":"https:\/\/www.soanam.de\/pl\/wp-json\/wp\/v2\/product_cat?post=82085"},{"taxonomy":"product_tag","embeddable":true,"href":"https:\/\/www.soanam.de\/pl\/wp-json\/wp\/v2\/product_tag?post=82085"}],"curies":[{"name":"wp","href":"https:\/\/api.w.org\/{rel}","templated":true}]}}

Parka marki Boysen z wytrzymałego płótna bawełnianego, w kolorze granatowym, rozmiar 36

<p>Canvas Parka von Boysen's<br />
Aufwendig ausgestattet mit praktischen Details und vielen Taschen.<br />
Abnehmbare Kapuze mit Fellimitatkragen und Kordelzug.<br />
Verdeckter Reißverschluss plus Druckknopfleiste.<br />
Taillen- Tunnelzug innen.<br />
Kształt dopasowany do sylwetki</p>
<p>Kuschelig warm wattierter Parka mit verdecktem Reißverschluss und zusätzlicher Druckknopfleiste.<br />
Weiterhin bietet er einen hochverschließbaren Kragen, eine abknöpfbare Kapuze, die verstellbar ist und mit Fellimitat versehen.<br />
Zwei seitliche Pattentaschen, zwei Eingrifftaschen auf Taillenhöhe u. eine Reißverschlusstasche auf der Brust sowie eine Reißverschlußtasche oben auf dem linken Ärmel sowie eine Innentasche vervollständigen die stylische Outdoorjacke.</p>
<p>Material: Canvas: 100% Baumwolle, Futter: 100% Polyester, Webpelzkragen: 80% Polyacryl + 20% Polyester<br />
Wskazówki dotyczące pielęgnacji: Prać w pralce</p>
<p>Kolor: granatowy<br />
Wzór: bez<br />
Rozmiar: 36</p>
<p>Szerokość ramion: 43 cm<br />
Szerokość klatki piersiowej: 104 cm<br />
Długość rękawa: 62 cm<br />
Całkowita długość: 84 cm</p>

<table class="dv_characteristicsTable">
<tbody>
<tr>
<td class="left">Rozmiar</td>
<td>36</td>
</tr>
<tr>
<td class="left">Größentyp</td>
<td>Normalgrößen</td>
</tr>
<tr>
<td class="left">Skład materiału</td>
<td>Canvas: 100% Baumwolle, Futter: 100% Polyester, Webpelzkragen: 80% Polyacryl + 20% Polyester</td>
</tr>
<tr>
<td class="left">Materialeigenschaften</td>
<td>wärmend, robust</td>
</tr>
<tr>
<td class="left">Instrukcje dotyczące pielęgnacji</td>
<td>Pranie w pralce</td>
</tr>
<tr>
<td class="left">Stil</td>
<td>sportlich</td>
</tr>
<tr>
<td class="left">Kolor</td>
<td>marineblau</td>
</tr>
<tr>
<td class="left">Kragen</td>
<td>hochschließender Kragen</td>
</tr>
<tr>
<td class="left">Ärmel</td>
<td>Długi rękaw</td>
</tr>
<tr>
<td class="left">Dopasowanie</td>
<td>figurumspielend</td>
</tr>
<tr>
<td class="left">Schnittform Länge</td>
<td>kniefrei</td>
</tr>
<tr>
<td class="left">Kaptur</td>
<td>mit Kapuze</td>
</tr>
<tr>
<td class="left">Kapuzendetails</td>
<td>abnehmbar, abnehmbares Fellimitat, Weite regulierbar</td>
</tr>
<tr>
<td class="left">Applikationen</td>
<td>nein</td>
</tr>
<tr>
<td class="left">Torby</td>
<td>Reißverschlusstaschen</td>
</tr>
<tr>
<td class="left">Verschluss</td>
<td>Zamek błyskawiczny</td>
</tr>
<tr>
<td class="left">Verschlussdetails</td>
<td>mit Windschutzblende, verdeckt</td>
</tr>
</tbody>
</table>
