{"id":82042,"date":"2023-12-14T02:11:02","date_gmt":"2023-12-14T01:11:02","guid":{"rendered":"https:\/\/www.soanam.de\/?post_type=product&#038;p=82042"},"modified":"2023-12-14T02:13:06","modified_gmt":"2023-12-14T01:13:06","slug":"benetton-lekka-ocieplana-kurtka-z-kapturem-w-kolorze-ciemnoniebieskim-rozmiar-46","status":"publish","type":"product","link":"https:\/\/www.soanam.de\/pl\/produkt\/benetton-leichte-wattierte-jacke-mit-kapuze-in-dunkelblau-groesse-46\/","title":{"rendered":"Benetton, lekka ocieplana kurtka z kapturem, granatowa, rozmiar 46"},"content":{"rendered":"<p>D\u0142uga pikowana kurtka z kapturem od Benetton<br \/>\nJasnoczerwone wn\u0119trze<br \/>\nD\u0142ugo\u015b\u0107 r\u0119kawa: d\u0142ugi r\u0119kaw<br \/>\nDekolt: st\u00f3jka<br \/>\nKieszenie: z boku<br \/>\nCechy: lekka kurtka przej\u015bciowa<\/p>\n<p>D\u0142uga kurtka z lekkim wype\u0142nieniem. Otulaj\u0105cy kaptur z zamkiem b\u0142yskawicznym na wysoko\u015bci podbr\u00f3dka chroni przed wiatrem. Praktyczne sko\u015bne kieszenie z przodu. Zebrane mankiety z elastycznym sznurkiem, kt\u00f3ry tworzy \u0142adny, rozszerzany efekt u wylotu r\u0119kawa. Sportowy i kobiecy jednocze\u015bnie. Idealna na sezon przej\u015bciowy.<\/p>\n<p>Materia\u0142: 88 % poliester, 12% elastan<br \/>\nWskaz\u00f3wki dotycz\u0105ce piel\u0119gnacji: Pra\u0107 w pralce<\/p>\n<p>Kolor: ciemnoniebieski<br \/>\nWz\u00f3r: bez<br \/>\nRozmiar:46<\/p>\n<p>Szeroko\u015b\u0107 ramion: 46 cm<br \/>\nSzeroko\u015b\u0107 klatki piersiowej: 120 cm<br \/>\nD\u0142ugo\u015b\u0107 r\u0119kawa: 63 cm<br \/>\nCa\u0142kowita d\u0142ugo\u015b\u0107: 83 cm<\/p>","protected":false},"excerpt":{"rendered":"<table class=\"dv_characteristicsTable\">\n<tbody>\n<tr>\n<td class=\"left\">Rozmiar<\/td>\n<td>46<\/td>\n<\/tr>\n<tr>\n<td class=\"left\">Gr\u00f6\u00dfentyp<\/td>\n<td>Normalgr\u00f6\u00dfen<\/td>\n<\/tr>\n<tr>\n<td class=\"left\">Sk\u0142ad materia\u0142u<\/td>\n<td>88% Polyester, 12% Elasthan<\/td>\n<\/tr>\n<tr>\n<td class=\"left\">Materialeigenschaften<\/td>\n<td>wasserabweisend<\/td>\n<\/tr>\n<tr>\n<td class=\"left\">Instrukcje dotycz\u0105ce piel\u0119gnacji<\/td>\n<td>Pranie w pralce<\/td>\n<\/tr>\n<tr>\n<td class=\"left\">Stil<\/td>\n<td>sportlich<\/td>\n<\/tr>\n<tr>\n<td class=\"left\">Kolor<\/td>\n<td>Ciemnoniebieski<\/td>\n<\/tr>\n<tr>\n<td class=\"left\">Dopasowanie<\/td>\n<td>schlank<\/td>\n<\/tr>\n<tr>\n<td class=\"left\">Herstellerpassform<\/td>\n<td>SLIM<\/td>\n<\/tr>\n<tr>\n<td class=\"left\">Schnittform L\u00e4nge<\/td>\n<td>lang<\/td>\n<\/tr>\n<tr>\n<td class=\"left\">Kaptur<\/td>\n<td>mit Kapuze<\/td>\n<\/tr>\n<\/tbody>\n<\/table>","protected":false},"featured_media":82146,"comment_status":"open","ping_status":"closed","template":"","meta":{"_seopress_robots_primary_cat":"","_seopress_titles_title":"","_seopress_titles_desc":"","_seopress_robots_index":""},"product_brand":[],"product_cat":[1348,1354,1375,1376],"product_tag":[],"class_list":{"0":"post-82042","1":"product","2":"type-product","3":"status-publish","4":"has-post-thumbnail","6":"product_cat-damen-mode","7":"product_cat-jacken-maentel","8":"product_cat-winterjacken","9":"product_cat-daunenjacken-steppjacken","10":"product_shipping_class-standard-versand","12":"first","13":"instock","14":"sale","15":"taxable","16":"shipping-taxable","17":"purchasable","18":"product-type-simple"},"_links":{"self":[{"href":"https:\/\/www.soanam.de\/pl\/wp-json\/wp\/v2\/product\/82042","targetHints":{"allow":["GET"]}}],"collection":[{"href":"https:\/\/www.soanam.de\/pl\/wp-json\/wp\/v2\/product"}],"about":[{"href":"https:\/\/www.soanam.de\/pl\/wp-json\/wp\/v2\/types\/product"}],"replies":[{"embeddable":true,"href":"https:\/\/www.soanam.de\/pl\/wp-json\/wp\/v2\/comments?post=82042"}],"wp:featuredmedia":[{"embeddable":true,"href":"https:\/\/www.soanam.de\/pl\/wp-json\/wp\/v2\/media\/82146"}],"wp:attachment":[{"href":"https:\/\/www.soanam.de\/pl\/wp-json\/wp\/v2\/media?parent=82042"}],"wp:term":[{"taxonomy":"product_brand","embeddable":true,"href":"https:\/\/www.soanam.de\/pl\/wp-json\/wp\/v2\/product_brand?post=82042"},{"taxonomy":"product_cat","embeddable":true,"href":"https:\/\/www.soanam.de\/pl\/wp-json\/wp\/v2\/product_cat?post=82042"},{"taxonomy":"product_tag","embeddable":true,"href":"https:\/\/www.soanam.de\/pl\/wp-json\/wp\/v2\/product_tag?post=82042"}],"curies":[{"name":"wp","href":"https:\/\/api.w.org\/{rel}","templated":true}]}}

<p>Długa pikowana kurtka z kapturem od Benetton<br />
Jasnoczerwone wnętrze<br />
Długość rękawa: długi rękaw<br />
Dekolt: stójka<br />
Kieszenie: z boku<br />
Cechy: lekka kurtka przejściowa</p>
<p>Długa kurtka z lekkim wypełnieniem. Otulający kaptur z zamkiem błyskawicznym na wysokości podbródka chroni przed wiatrem. Praktyczne skośne kieszenie z przodu. Zebrane mankiety z elastycznym sznurkiem, który tworzy ładny, rozszerzany efekt u wylotu rękawa. Sportowy i kobiecy jednocześnie. Idealna na sezon przejściowy.</p>
<p>Materiał: 88 % poliester, 12% elastan<br />
Wskazówki dotyczące pielęgnacji: Prać w pralce</p>
<p>Kolor: ciemnoniebieski<br />
Wzór: bez<br />
Rozmiar:46</p>
<p>Szerokość ramion: 46 cm<br />
Szerokość klatki piersiowej: 120 cm<br />
Długość rękawa: 63 cm<br />
Całkowita długość: 83 cm</p>

<table class="dv_characteristicsTable">
<tbody>
<tr>
<td class="left">Rozmiar</td>
<td>46</td>
</tr>
<tr>
<td class="left">Größentyp</td>
<td>Normalgrößen</td>
</tr>
<tr>
<td class="left">Skład materiału</td>
<td>88% Polyester, 12% Elasthan</td>
</tr>
<tr>
<td class="left">Materialeigenschaften</td>
<td>wasserabweisend</td>
</tr>
<tr>
<td class="left">Instrukcje dotyczące pielęgnacji</td>
<td>Pranie w pralce</td>
</tr>
<tr>
<td class="left">Stil</td>
<td>sportlich</td>
</tr>
<tr>
<td class="left">Kolor</td>
<td>Ciemnoniebieski</td>
</tr>
<tr>
<td class="left">Dopasowanie</td>
<td>schlank</td>
</tr>
<tr>
<td class="left">Herstellerpassform</td>
<td>SLIM</td>
</tr>
<tr>
<td class="left">Schnittform Länge</td>
<td>lang</td>
</tr>
<tr>
<td class="left">Kaptur</td>
<td>mit Kapuze</td>
</tr>
</tbody>
</table>
