{"id":82018,"date":"2023-12-14T02:10:34","date_gmt":"2023-12-14T01:10:34","guid":{"rendered":"https:\/\/www.soanam.de\/?post_type=product&#038;p=82018"},"modified":"2023-12-14T02:12:38","modified_gmt":"2023-12-14T01:12:38","slug":"napapijri-kurtka-outdoorowa-odcien-czarny-rozmiar-l","status":"publish","type":"product","link":"https:\/\/www.soanam.de\/pl\/produkt\/napapijri-outdoorjacke-shade-in-schwarz-groesse-l\/","title":{"rendered":"Kurtka outdoorowa Napapijri SHADE, w kolorze czarnym, rozmiar L"},"content":{"rendered":"<p>Regularna kurtka z kapturem od Napapijri to modny top na ka\u017cd\u0105 okazj\u0119<br \/>\nNowoczesna kurtka m\u0119ska z zamkiem b\u0142yskawicznym, kapturem i d\u0142ugimi r\u0119kawami<br \/>\nBardzo lekka i bardzo przyjemna - kurtka wykonana z poliamidu 100% jest po prostu cudowna<\/p>\n<p>Modnie i na czasie - tak wspaniale mo\u017cesz si\u0119 czu\u0107: Regularna kurtka Napapijri \"SHADE\" z kr\u00f3tkim zamkiem b\u0142yskawicznym i kapturem zapewnia to uczucie w ka\u017cdej sekundzie noszenia.<br \/>\nWykonanie z poliamidu 100% gwarantuje bardzo dobr\u0105 jako\u015b\u0107 kurtki, a przednia kiesze\u0144 sprawia, \u017ce jest ona niezwykle funkcjonalna.<\/p>\n<p>Materia\u0142: Materia\u0142 cholewki: poliamid 100%<br \/>\nWskaz\u00f3wki dotycz\u0105ce piel\u0119gnacji: Pra\u0107 w pralce<\/p>\n<p>Kolor: czarny<br \/>\nWz\u00f3r: bez<br \/>\nRozmiar: L<\/p>\n<p>Szeroko\u015b\u0107 ramion: 52 cm<br \/>\nSzeroko\u015b\u0107 klatki piersiowej: 122 cm<br \/>\nD\u0142ugo\u015b\u0107 r\u0119kawa: 67 cm<br \/>\nCa\u0142kowita d\u0142ugo\u015b\u0107: 73 cm<\/p>","protected":false},"excerpt":{"rendered":"<table class=\"dv_characteristicsTable\">\n<tbody>\n<tr>\n<td class=\"left\">Rozmiar<\/td>\n<td>L<\/td>\n<\/tr>\n<tr>\n<td class=\"left\">Sk\u0142ad materia\u0142u<\/td>\n<td>100% Poliamid<\/td>\n<\/tr>\n<tr>\n<td class=\"left\">Instrukcje dotycz\u0105ce piel\u0119gnacji<\/td>\n<td>Pranie w pralce<\/td>\n<\/tr>\n<tr>\n<td class=\"left\">Kolor<\/td>\n<td>Black (0411)<\/td>\n<\/tr>\n<tr>\n<td class=\"left\">Ausschnitt<\/td>\n<td>Kaptur<\/td>\n<\/tr>\n<tr>\n<td class=\"left\">\u00c4rmel<\/td>\n<td>D\u0142ugi r\u0119kaw<\/td>\n<\/tr>\n<tr>\n<td class=\"left\">Dopasowanie<\/td>\n<td>regular fit<\/td>\n<\/tr>\n<tr>\n<td class=\"left\">Besondere Merkmale<\/td>\n<td>Anorak mit Kapuze<\/td>\n<\/tr>\n<\/tbody>\n<\/table>","protected":false},"featured_media":82119,"comment_status":"open","ping_status":"closed","template":"","meta":{"_seopress_robots_primary_cat":"","_seopress_titles_title":"","_seopress_titles_desc":"","_seopress_robots_index":""},"product_brand":[],"product_cat":[1345,1363,1364],"product_tag":[],"class_list":{"0":"post-82018","1":"product","2":"type-product","3":"status-publish","4":"has-post-thumbnail","6":"product_cat-herrenmode","7":"product_cat-jacken-maentel-herrenmode","8":"product_cat-funktionsjacken","9":"product_shipping_class-standard-versand","11":"first","12":"instock","13":"sale","14":"taxable","15":"shipping-taxable","16":"purchasable","17":"product-type-simple"},"_links":{"self":[{"href":"https:\/\/www.soanam.de\/pl\/wp-json\/wp\/v2\/product\/82018","targetHints":{"allow":["GET"]}}],"collection":[{"href":"https:\/\/www.soanam.de\/pl\/wp-json\/wp\/v2\/product"}],"about":[{"href":"https:\/\/www.soanam.de\/pl\/wp-json\/wp\/v2\/types\/product"}],"replies":[{"embeddable":true,"href":"https:\/\/www.soanam.de\/pl\/wp-json\/wp\/v2\/comments?post=82018"}],"wp:featuredmedia":[{"embeddable":true,"href":"https:\/\/www.soanam.de\/pl\/wp-json\/wp\/v2\/media\/82119"}],"wp:attachment":[{"href":"https:\/\/www.soanam.de\/pl\/wp-json\/wp\/v2\/media?parent=82018"}],"wp:term":[{"taxonomy":"product_brand","embeddable":true,"href":"https:\/\/www.soanam.de\/pl\/wp-json\/wp\/v2\/product_brand?post=82018"},{"taxonomy":"product_cat","embeddable":true,"href":"https:\/\/www.soanam.de\/pl\/wp-json\/wp\/v2\/product_cat?post=82018"},{"taxonomy":"product_tag","embeddable":true,"href":"https:\/\/www.soanam.de\/pl\/wp-json\/wp\/v2\/product_tag?post=82018"}],"curies":[{"name":"wp","href":"https:\/\/api.w.org\/{rel}","templated":true}]}}

<p>Regularna kurtka z kapturem od Napapijri to modny top na każdą okazję<br />
Nowoczesna kurtka męska z zamkiem błyskawicznym, kapturem i długimi rękawami<br />
Bardzo lekka i bardzo przyjemna - kurtka wykonana z poliamidu 100% jest po prostu cudowna</p>
<p>Modnie i na czasie - tak wspaniale możesz się czuć: Regularna kurtka Napapijri "SHADE" z krótkim zamkiem błyskawicznym i kapturem zapewnia to uczucie w każdej sekundzie noszenia.<br />
Wykonanie z poliamidu 100% gwarantuje bardzo dobrą jakość kurtki, a przednia kieszeń sprawia, że jest ona niezwykle funkcjonalna.</p>
<p>Materiał: Materiał cholewki: poliamid 100%<br />
Wskazówki dotyczące pielęgnacji: Prać w pralce</p>
<p>Kolor: czarny<br />
Wzór: bez<br />
Rozmiar: L</p>
<p>Szerokość ramion: 52 cm<br />
Szerokość klatki piersiowej: 122 cm<br />
Długość rękawa: 67 cm<br />
Całkowita długość: 73 cm</p>

<table class="dv_characteristicsTable">
<tbody>
<tr>
<td class="left">Rozmiar</td>
<td>L</td>
</tr>
<tr>
<td class="left">Skład materiału</td>
<td>100% Poliamid</td>
</tr>
<tr>
<td class="left">Instrukcje dotyczące pielęgnacji</td>
<td>Pranie w pralce</td>
</tr>
<tr>
<td class="left">Kolor</td>
<td>Black (0411)</td>
</tr>
<tr>
<td class="left">Ausschnitt</td>
<td>Kaptur</td>
</tr>
<tr>
<td class="left">Ärmel</td>
<td>Długi rękaw</td>
</tr>
<tr>
<td class="left">Dopasowanie</td>
<td>regular fit</td>
</tr>
<tr>
<td class="left">Besondere Merkmale</td>
<td>Anorak mit Kapuze</td>
</tr>
</tbody>
</table>
