{"id":81905,"date":"2023-12-14T02:08:25","date_gmt":"2023-12-14T01:08:25","guid":{"rendered":"https:\/\/www.soanam.de\/?post_type=product&#038;p=81905"},"modified":"2023-12-14T02:10:13","modified_gmt":"2023-12-14T01:10:13","slug":"john-devin-schalkragenpullover-in-blau-meliert-groesse-xxxl","status":"publish","type":"product","link":"https:\/\/www.soanam.de\/pl\/produkt\/john-devin-schalkragenpullover-in-blau-meliert-groesse-xxxl\/","title":{"rendered":"Sweter z szalowym ko\u0142nierzem marki John Devin, w kolorze niebieskim, rozmiar XXXL"},"content":{"rendered":"<p>Schalkragenpullover von John Devin<br \/>\nMit Kordelzug<br \/>\nSchmale \u00c4rmel- und Saumb\u00fcndchen<br \/>\nMarkenbadge am Saum<br \/>\nSlim-fit\/w\u0105ski kszta\u0142t<br \/>\nTrageangenehmer Baumwollmix<\/p>\n<p>Der Schalkragenpullover von John Devin bringt mit der melierten Optik und Mehrtonstruktur Farbe in den Look, wodurch dein Outfit spannend wirkt.<br \/>\nDer Schalkragen ist vor allem an kalten Tagen unverzichtbar, denn er w\u00e4rmt den Hals und sieht gleichzeitig gut aus.<br \/>\nDieser Pullover ist schmal geschnitten, der Feinstrick aus Baumwollmischung w\u00e4rmt und ist angenehm zu tragen.<\/p>\n<p>Materia\u0142: bawe\u0142na 50%, poliakryl 50%<br \/>\nWskaz\u00f3wki dotycz\u0105ce piel\u0119gnacji: Pra\u0107 w pralce<\/p>\n<p>Farbe: blau-meliert<br \/>\nWz\u00f3r: bez<br \/>\nGr\u00f6\u00dfe: 64\/66<\/p>\n<p>Schulterbreite: 65cm<br \/>\nBrustweite: 153cm<br \/>\nD\u0142ugo\u015b\u0107 r\u0119kawa: 68 cm<br \/>\nCa\u0142kowita d\u0142ugo\u015b\u0107: 80 cm<\/p>","protected":false},"excerpt":{"rendered":"<table class=\"dv_characteristicsTable\">\n<tbody>\n<tr>\n<td class=\"left\">Rozmiar<\/td>\n<td>XXXL (64\/66)<\/td>\n<\/tr>\n<tr>\n<td class=\"left\">Gr\u00f6\u00dfentyp<\/td>\n<td>Normalgr\u00f6\u00dfen<\/td>\n<\/tr>\n<tr>\n<td class=\"left\">Sk\u0142ad materia\u0142u<\/td>\n<td>Obermaterial: 50% Baumwolle, 50% Polyacryl<\/td>\n<\/tr>\n<tr>\n<td class=\"left\">Materialart<\/td>\n<td>Feinstrick<\/td>\n<\/tr>\n<tr>\n<td class=\"left\">Instrukcje dotycz\u0105ce piel\u0119gnacji<\/td>\n<td>Pranie w pralce<\/td>\n<\/tr>\n<tr>\n<td class=\"left\">Optik<\/td>\n<td>meliert<\/td>\n<\/tr>\n<tr>\n<td class=\"left\">Stil<\/td>\n<td>modisch<\/td>\n<\/tr>\n<tr>\n<td class=\"left\">Kolor<\/td>\n<td>blau-meliert<\/td>\n<\/tr>\n<tr>\n<td class=\"left\">Kragen<\/td>\n<td>Schalkragen<\/td>\n<\/tr>\n<tr>\n<td class=\"left\">Kragendetails<\/td>\n<td>mit Kordelzug<\/td>\n<\/tr>\n<tr>\n<td class=\"left\">\u00c4rmel<\/td>\n<td>D\u0142ugi r\u0119kaw<\/td>\n<\/tr>\n<tr>\n<td class=\"left\">Dopasowanie<\/td>\n<td>schmal<\/td>\n<\/tr>\n<tr>\n<td class=\"left\">Applikationen<\/td>\n<td>Badge<\/td>\n<\/tr>\n<tr>\n<td class=\"left\">Verschluss<\/td>\n<td>Kordel<\/td>\n<\/tr>\n<tr>\n<td class=\"left\">Besondere Merkmale<\/td>\n<td>in melange Garn<\/td>\n<\/tr>\n<\/tbody>\n<\/table>","protected":false},"featured_media":82001,"comment_status":"open","ping_status":"closed","template":"","meta":{"_seopress_robots_primary_cat":"","_seopress_titles_title":"","_seopress_titles_desc":"","_seopress_robots_index":""},"product_brand":[],"product_cat":[1345,1485,1644],"product_tag":[],"class_list":{"0":"post-81905","1":"product","2":"type-product","3":"status-publish","4":"has-post-thumbnail","6":"product_cat-herrenmode","7":"product_cat-pullover-sweater-herrenmode","8":"product_cat-strickpullover-pullover-sweater-herrenmode","9":"product_shipping_class-standard-versand","11":"first","12":"instock","13":"sale","14":"taxable","15":"shipping-taxable","16":"purchasable","17":"product-type-simple"},"_links":{"self":[{"href":"https:\/\/www.soanam.de\/pl\/wp-json\/wp\/v2\/product\/81905","targetHints":{"allow":["GET"]}}],"collection":[{"href":"https:\/\/www.soanam.de\/pl\/wp-json\/wp\/v2\/product"}],"about":[{"href":"https:\/\/www.soanam.de\/pl\/wp-json\/wp\/v2\/types\/product"}],"replies":[{"embeddable":true,"href":"https:\/\/www.soanam.de\/pl\/wp-json\/wp\/v2\/comments?post=81905"}],"wp:featuredmedia":[{"embeddable":true,"href":"https:\/\/www.soanam.de\/pl\/wp-json\/wp\/v2\/media\/82001"}],"wp:attachment":[{"href":"https:\/\/www.soanam.de\/pl\/wp-json\/wp\/v2\/media?parent=81905"}],"wp:term":[{"taxonomy":"product_brand","embeddable":true,"href":"https:\/\/www.soanam.de\/pl\/wp-json\/wp\/v2\/product_brand?post=81905"},{"taxonomy":"product_cat","embeddable":true,"href":"https:\/\/www.soanam.de\/pl\/wp-json\/wp\/v2\/product_cat?post=81905"},{"taxonomy":"product_tag","embeddable":true,"href":"https:\/\/www.soanam.de\/pl\/wp-json\/wp\/v2\/product_tag?post=81905"}],"curies":[{"name":"wp","href":"https:\/\/api.w.org\/{rel}","templated":true}]}}

Sweter z szalowym kołnierzem marki John Devin, w kolorze niebieskim, rozmiar XXXL

<p>Schalkragenpullover von John Devin<br />
Mit Kordelzug<br />
Schmale Ärmel- und Saumbündchen<br />
Markenbadge am Saum<br />
Slim-fit/wąski kształt<br />
Trageangenehmer Baumwollmix</p>
<p>Der Schalkragenpullover von John Devin bringt mit der melierten Optik und Mehrtonstruktur Farbe in den Look, wodurch dein Outfit spannend wirkt.<br />
Der Schalkragen ist vor allem an kalten Tagen unverzichtbar, denn er wärmt den Hals und sieht gleichzeitig gut aus.<br />
Dieser Pullover ist schmal geschnitten, der Feinstrick aus Baumwollmischung wärmt und ist angenehm zu tragen.</p>
<p>Materiał: bawełna 50%, poliakryl 50%<br />
Wskazówki dotyczące pielęgnacji: Prać w pralce</p>
<p>Farbe: blau-meliert<br />
Wzór: bez<br />
Größe: 64/66</p>
<p>Schulterbreite: 65cm<br />
Brustweite: 153cm<br />
Długość rękawa: 68 cm<br />
Całkowita długość: 80 cm</p>

<table class="dv_characteristicsTable">
<tbody>
<tr>
<td class="left">Rozmiar</td>
<td>XXXL (64/66)</td>
</tr>
<tr>
<td class="left">Größentyp</td>
<td>Normalgrößen</td>
</tr>
<tr>
<td class="left">Skład materiału</td>
<td>Obermaterial: 50% Baumwolle, 50% Polyacryl</td>
</tr>
<tr>
<td class="left">Materialart</td>
<td>Feinstrick</td>
</tr>
<tr>
<td class="left">Instrukcje dotyczące pielęgnacji</td>
<td>Pranie w pralce</td>
</tr>
<tr>
<td class="left">Optik</td>
<td>meliert</td>
</tr>
<tr>
<td class="left">Stil</td>
<td>modisch</td>
</tr>
<tr>
<td class="left">Kolor</td>
<td>blau-meliert</td>
</tr>
<tr>
<td class="left">Kragen</td>
<td>Schalkragen</td>
</tr>
<tr>
<td class="left">Kragendetails</td>
<td>mit Kordelzug</td>
</tr>
<tr>
<td class="left">Ärmel</td>
<td>Długi rękaw</td>
</tr>
<tr>
<td class="left">Dopasowanie</td>
<td>schmal</td>
</tr>
<tr>
<td class="left">Applikationen</td>
<td>Badge</td>
</tr>
<tr>
<td class="left">Verschluss</td>
<td>Kordel</td>
</tr>
<tr>
<td class="left">Besondere Merkmale</td>
<td>in melange Garn</td>
</tr>
</tbody>
</table>
