{"id":81548,"date":"2023-12-14T02:01:03","date_gmt":"2023-12-14T01:01:03","guid":{"rendered":"https:\/\/www.soanam.de\/?post_type=product&#038;p=81548"},"modified":"2023-12-14T02:03:20","modified_gmt":"2023-12-14T01:03:20","slug":"jan-himmelfarb-sterndeutung-wydanie-w-twardej-oprawie-jezyk-niemiecki-2015","status":"publish","type":"product","link":"https:\/\/www.soanam.de\/pl\/produkt\/jan-himmelfarb-sterndeutung-gebundene-ausgabe-deutsch-2015\/","title":{"rendered":"Jan Himmelfarb \"Sterndeutung\" Wydanie w twardej oprawie J\u0119zyk niemiecki 2015"},"content":{"rendered":"<h3>Opis produktu<\/h3>\n<p>Na pocz\u0105tku lat dziewi\u0119\u0107dziesi\u0105tych, na kr\u00f3tko przed swoimi 51. urodzinami, Arthur Segal, t\u0142umacz i w miar\u0119 szanowany sprzedawca samochod\u00f3w, pr\u00f3buje uspokoi\u0107 siebie i histori\u0119 swojej \u017cydowskiej rodziny, histori\u0119 mi\u0142o\u015bci i pracy, prze\u015bladowa\u0144 i przetrwania, szcz\u0119\u015bcia i chutzpah. Jakie to uczucie, gdy nie mo\u017cesz poda\u0107 dok\u0142adnego miejsca urodzenia i gdy ju\u017c w chwili narodzin zosta\u0142e\u015b skazany na \u015bmier\u0107, jako \u017byd podczas Holokaustu, na Wschodzie, gdzie\u015b na Krwawych Ziemiach? A je\u015bli nast\u0119pnie, cudem, prze\u017cyjesz, a p\u00f3\u017aniej, jako uchod\u017aca warunkowy, przeprowadzisz si\u0119 z rodzin\u0105 z Ukrainy do kraju by\u0142ych oprawc\u00f3w i b\u0119dziesz w stanie zbudowa\u0107 tam dobre \u017cycie? A twoja jasnow\u0142osa c\u00f3rka nagle staje si\u0119 elitarn\u0105 studentk\u0105, ma niemieckiego ch\u0142opaka i jest na dobrej drodze do nowej, pi\u0119knej normalno\u015bci? Stopniowo wy\u0142ania si\u0119 narracja o przesz\u0142o\u015bci, a przede wszystkim o tera\u017aniejszo\u015bci, historia rodzinna i pokoleniowa, kt\u00f3ra w\u0119druje tam iz powrotem mi\u0119dzy czasami, \u017cywa, zabawna i trudna. Wzruszaj\u0105ca, fantastyczna, ta wspania\u0142a debiutancka powie\u015b\u0107 opowiada o \u017cyciu z pami\u0119ci\u0105 i o \u017cyciu \u017cydowskiej rodziny w tera\u017aniejszo\u015bci.<\/p>\n<p><strong>Szczeg\u00f3\u0142y produktu<\/strong><br \/>\nWydawca : C.H.Beck<br \/>\nRok wydania: 2015<br \/>\nJ\u0119zyk : niemiecki<br \/>\nOprawa : Twarda oprawa<br \/>\nLiczba stron: 394 strony<br \/>\nISBN-10 : 3406674860<br \/>\nISBN-13 : 978-3406674860<br \/>\nWymiary: 15 x 3,7 x 22,3 cm<\/p>","protected":false},"excerpt":{"rendered":"<h3>Artikelmerkmale<\/h3>\n<p>Artikelzustand: Neu - Neues, ungelesenes, ungebrauchtes Buch in makellosem Zustand<\/p>\n<table dir=\"ltr\" border=\"1\" cellspacing=\"0\" cellpadding=\"0\">\n<colgroup>\n<col width=\"194\" \/>\n<col width=\"223\" \/><\/colgroup>\n<tbody>\n<tr>\n<td data-sheets-value=\"{&quot;1&quot;:2,&quot;2&quot;:&quot;Autor:&quot;}\">Autor:<\/td>\n<td data-sheets-value=\"{&quot;1&quot;:2,&quot;2&quot;:&quot;Jan Himmelfarb&quot;}\">Jan Himmelfarb<\/td>\n<\/tr>\n<tr>\n<td data-sheets-value=\"{&quot;1&quot;:2,&quot;2&quot;:&quot;Besonderheiten:&quot;}\">Funkcje specjalne:<\/td>\n<td data-sheets-value=\"{&quot;1&quot;:2,&quot;2&quot;:&quot;Schutzumschlag&quot;}\">Schutzumschlag<\/td>\n<\/tr>\n<tr>\n<td data-sheets-value=\"{&quot;1&quot;:2,&quot;2&quot;:&quot;Buchtitel:&quot;}\">Buchtitel:<\/td>\n<td data-sheets-value=\"{&quot;1&quot;:2,&quot;2&quot;:&quot;Sterndeutung&quot;}\">Sterndeutung<\/td>\n<\/tr>\n<tr>\n<td data-sheets-value=\"{&quot;1&quot;:2,&quot;2&quot;:&quot;Erscheinungsjahr:&quot;}\">Erscheinungsjahr:<\/td>\n<td data-sheets-value=\"{&quot;1&quot;:3,&quot;3&quot;:2015}\">2015<\/td>\n<\/tr>\n<tr>\n<td data-sheets-value=\"{&quot;1&quot;:2,&quot;2&quot;:&quot;Format:&quot;}\">Format:<\/td>\n<td data-sheets-value=\"{&quot;1&quot;:2,&quot;2&quot;:&quot;Gebundene Ausgabe&quot;}\">Gebundene Ausgabe<\/td>\n<\/tr>\n<tr>\n<td data-sheets-value=\"{&quot;1&quot;:2,&quot;2&quot;:&quot;Genre:&quot;}\">Genre:<\/td>\n<td data-sheets-value=\"{&quot;1&quot;:2,&quot;2&quot;:&quot;Geschichte&quot;}\">Geschichte<\/td>\n<\/tr>\n<tr>\n<td data-sheets-value=\"{&quot;1&quot;:2,&quot;2&quot;:&quot;Herstellungsland und -region:&quot;}\">Herstellungsland und -region:<\/td>\n<td data-sheets-value=\"{&quot;1&quot;:2,&quot;2&quot;:&quot;Deutschland&quot;}\">Niemcy<\/td>\n<\/tr>\n<tr>\n<td data-sheets-value=\"{&quot;1&quot;:2,&quot;2&quot;:&quot;ISBN:&quot;}\">ISBN:<\/td>\n<td data-sheets-value=\"{&quot;1&quot;:3,&quot;3&quot;:9783406674860}\">9783406674860<\/td>\n<\/tr>\n<tr>\n<td data-sheets-value=\"{&quot;1&quot;:2,&quot;2&quot;:&quot;Literarische Gattung:&quot;}\">Literarische Gattung:<\/td>\n<td data-sheets-value=\"{&quot;1&quot;:2,&quot;2&quot;:&quot;Belletristik&quot;}\">Belletristik<\/td>\n<\/tr>\n<tr>\n<td data-sheets-value=\"{&quot;1&quot;:2,&quot;2&quot;:&quot;Produktart:&quot;}\">Produktart:<\/td>\n<td data-sheets-value=\"{&quot;1&quot;:2,&quot;2&quot;:&quot;Roman&quot;}\">Roman<\/td>\n<\/tr>\n<tr>\n<td data-sheets-value=\"{&quot;1&quot;:2,&quot;2&quot;:&quot;Sprache:&quot;}\">Sprache:<\/td>\n<td data-sheets-value=\"{&quot;1&quot;:2,&quot;2&quot;:&quot;Deutsch&quot;}\">Niemiecki<\/td>\n<\/tr>\n<tr>\n<td data-sheets-value=\"{&quot;1&quot;:2,&quot;2&quot;:&quot;Thematik:&quot;}\">Thematik:<\/td>\n<td data-sheets-value=\"{&quot;1&quot;:2,&quot;2&quot;:&quot;j\u00fcdische Familie&quot;}\">j\u00fcdische Familie<\/td>\n<\/tr>\n<tr>\n<td data-sheets-value=\"{&quot;1&quot;:2,&quot;2&quot;:&quot;Verlag:&quot;}\">Verlag:<\/td>\n<td data-sheets-value=\"{&quot;1&quot;:2,&quot;2&quot;:&quot;C.H. Beck&quot;}\">C.H. Beck<\/td>\n<\/tr>\n<tr>\n<td data-sheets-value=\"{&quot;1&quot;:2,&quot;2&quot;:&quot;Zielgruppe:&quot;}\">Zielgruppe:<\/td>\n<td data-sheets-value=\"{&quot;1&quot;:2,&quot;2&quot;:&quot;Jugendliche, Erwachsene&quot;}\">Jugendliche, Erwachsene<\/td>\n<\/tr>\n<\/tbody>\n<\/table>","protected":false},"featured_media":81655,"comment_status":"open","ping_status":"closed","template":"","meta":{"_seopress_robots_primary_cat":"","_seopress_titles_title":"","_seopress_titles_desc":"","_seopress_robots_index":""},"product_brand":[],"product_cat":[1428,1429,1434,1451,1452],"product_tag":[],"class_list":{"0":"post-81548","1":"product","2":"type-product","3":"status-publish","4":"has-post-thumbnail","6":"product_cat-buecher","7":"product_cat-jugend","8":"product_cat-erwachsene","9":"product_cat-romane","10":"product_cat-romane-jugend","11":"product_shipping_class-standard-versand","13":"first","14":"instock","15":"taxable","16":"shipping-taxable","17":"purchasable","18":"product-type-simple"},"_links":{"self":[{"href":"https:\/\/www.soanam.de\/pl\/wp-json\/wp\/v2\/product\/81548","targetHints":{"allow":["GET"]}}],"collection":[{"href":"https:\/\/www.soanam.de\/pl\/wp-json\/wp\/v2\/product"}],"about":[{"href":"https:\/\/www.soanam.de\/pl\/wp-json\/wp\/v2\/types\/product"}],"replies":[{"embeddable":true,"href":"https:\/\/www.soanam.de\/pl\/wp-json\/wp\/v2\/comments?post=81548"}],"wp:featuredmedia":[{"embeddable":true,"href":"https:\/\/www.soanam.de\/pl\/wp-json\/wp\/v2\/media\/81655"}],"wp:attachment":[{"href":"https:\/\/www.soanam.de\/pl\/wp-json\/wp\/v2\/media?parent=81548"}],"wp:term":[{"taxonomy":"product_brand","embeddable":true,"href":"https:\/\/www.soanam.de\/pl\/wp-json\/wp\/v2\/product_brand?post=81548"},{"taxonomy":"product_cat","embeddable":true,"href":"https:\/\/www.soanam.de\/pl\/wp-json\/wp\/v2\/product_cat?post=81548"},{"taxonomy":"product_tag","embeddable":true,"href":"https:\/\/www.soanam.de\/pl\/wp-json\/wp\/v2\/product_tag?post=81548"}],"curies":[{"name":"wp","href":"https:\/\/api.w.org\/{rel}","templated":true}]}}

Jan Himmelfarb "Sterndeutung" Wydanie w twardej oprawie Język niemiecki 2015

<h3>Opis produktu</h3>
<p>Na początku lat dziewięćdziesiątych, na krótko przed swoimi 51. urodzinami, Arthur Segal, tłumacz i w miarę szanowany sprzedawca samochodów, próbuje uspokoić siebie i historię swojej żydowskiej rodziny, historię miłości i pracy, prześladowań i przetrwania, szczęścia i chutzpah. Jakie to uczucie, gdy nie możesz podać dokładnego miejsca urodzenia i gdy już w chwili narodzin zostałeś skazany na śmierć, jako Żyd podczas Holokaustu, na Wschodzie, gdzieś na Krwawych Ziemiach? A jeśli następnie, cudem, przeżyjesz, a później, jako uchodźca warunkowy, przeprowadzisz się z rodziną z Ukrainy do kraju byłych oprawców i będziesz w stanie zbudować tam dobre życie? A twoja jasnowłosa córka nagle staje się elitarną studentką, ma niemieckiego chłopaka i jest na dobrej drodze do nowej, pięknej normalności? Stopniowo wyłania się narracja o przeszłości, a przede wszystkim o teraźniejszości, historia rodzinna i pokoleniowa, która wędruje tam iz powrotem między czasami, żywa, zabawna i trudna. Wzruszająca, fantastyczna, ta wspaniała debiutancka powieść opowiada o życiu z pamięcią i o życiu żydowskiej rodziny w teraźniejszości.</p>
<p><strong>Szczegóły produktu</strong><br />
Wydawca : C.H.Beck<br />
Rok wydania: 2015<br />
Język : niemiecki<br />
Oprawa : Twarda oprawa<br />
Liczba stron: 394 strony<br />
ISBN-10 : 3406674860<br />
ISBN-13 : 978-3406674860<br />
Wymiary: 15 x 3,7 x 22,3 cm</p>

<h3>Artikelmerkmale</h3>
<p>Artikelzustand: Neu - Neues, ungelesenes, ungebrauchtes Buch in makellosem Zustand</p>
<table dir="ltr" border="1" cellspacing="0" cellpadding="0">
<colgroup>
<col width="194" />
<col width="223" /></colgroup>
<tbody>
<tr>
<td data-sheets-value="{&quot;1&quot;:2,&quot;2&quot;:&quot;Autor:&quot;}">Autor:</td>
<td data-sheets-value="{&quot;1&quot;:2,&quot;2&quot;:&quot;Jan Himmelfarb&quot;}">Jan Himmelfarb</td>
</tr>
<tr>
<td data-sheets-value="{&quot;1&quot;:2,&quot;2&quot;:&quot;Besonderheiten:&quot;}">Funkcje specjalne:</td>
<td data-sheets-value="{&quot;1&quot;:2,&quot;2&quot;:&quot;Schutzumschlag&quot;}">Schutzumschlag</td>
</tr>
<tr>
<td data-sheets-value="{&quot;1&quot;:2,&quot;2&quot;:&quot;Buchtitel:&quot;}">Buchtitel:</td>
<td data-sheets-value="{&quot;1&quot;:2,&quot;2&quot;:&quot;Sterndeutung&quot;}">Sterndeutung</td>
</tr>
<tr>
<td data-sheets-value="{&quot;1&quot;:2,&quot;2&quot;:&quot;Erscheinungsjahr:&quot;}">Erscheinungsjahr:</td>
<td data-sheets-value="{&quot;1&quot;:3,&quot;3&quot;:2015}">2015</td>
</tr>
<tr>
<td data-sheets-value="{&quot;1&quot;:2,&quot;2&quot;:&quot;Format:&quot;}">Format:</td>
<td data-sheets-value="{&quot;1&quot;:2,&quot;2&quot;:&quot;Gebundene Ausgabe&quot;}">Gebundene Ausgabe</td>
</tr>
<tr>
<td data-sheets-value="{&quot;1&quot;:2,&quot;2&quot;:&quot;Genre:&quot;}">Genre:</td>
<td data-sheets-value="{&quot;1&quot;:2,&quot;2&quot;:&quot;Geschichte&quot;}">Geschichte</td>
</tr>
<tr>
<td data-sheets-value="{&quot;1&quot;:2,&quot;2&quot;:&quot;Herstellungsland und -region:&quot;}">Herstellungsland und -region:</td>
<td data-sheets-value="{&quot;1&quot;:2,&quot;2&quot;:&quot;Deutschland&quot;}">Niemcy</td>
</tr>
<tr>
<td data-sheets-value="{&quot;1&quot;:2,&quot;2&quot;:&quot;ISBN:&quot;}">ISBN:</td>
<td data-sheets-value="{&quot;1&quot;:3,&quot;3&quot;:9783406674860}">9783406674860</td>
</tr>
<tr>
<td data-sheets-value="{&quot;1&quot;:2,&quot;2&quot;:&quot;Literarische Gattung:&quot;}">Literarische Gattung:</td>
<td data-sheets-value="{&quot;1&quot;:2,&quot;2&quot;:&quot;Belletristik&quot;}">Belletristik</td>
</tr>
<tr>
<td data-sheets-value="{&quot;1&quot;:2,&quot;2&quot;:&quot;Produktart:&quot;}">Produktart:</td>
<td data-sheets-value="{&quot;1&quot;:2,&quot;2&quot;:&quot;Roman&quot;}">Roman</td>
</tr>
<tr>
<td data-sheets-value="{&quot;1&quot;:2,&quot;2&quot;:&quot;Sprache:&quot;}">Sprache:</td>
<td data-sheets-value="{&quot;1&quot;:2,&quot;2&quot;:&quot;Deutsch&quot;}">Niemiecki</td>
</tr>
<tr>
<td data-sheets-value="{&quot;1&quot;:2,&quot;2&quot;:&quot;Thematik:&quot;}">Thematik:</td>
<td data-sheets-value="{&quot;1&quot;:2,&quot;2&quot;:&quot;jüdische Familie&quot;}">jüdische Familie</td>
</tr>
<tr>
<td data-sheets-value="{&quot;1&quot;:2,&quot;2&quot;:&quot;Verlag:&quot;}">Verlag:</td>
<td data-sheets-value="{&quot;1&quot;:2,&quot;2&quot;:&quot;C.H. Beck&quot;}">C.H. Beck</td>
</tr>
<tr>
<td data-sheets-value="{&quot;1&quot;:2,&quot;2&quot;:&quot;Zielgruppe:&quot;}">Zielgruppe:</td>
<td data-sheets-value="{&quot;1&quot;:2,&quot;2&quot;:&quot;Jugendliche, Erwachsene&quot;}">Jugendliche, Erwachsene</td>
</tr>
</tbody>
</table>
