{"id":81458,"date":"2023-12-14T01:59:20","date_gmt":"2023-12-14T00:59:20","guid":{"rendered":"https:\/\/www.soanam.de\/?post_type=product&#038;p=81458"},"modified":"2023-12-14T02:01:30","modified_gmt":"2023-12-14T01:01:30","slug":"markus-feldenkirchen-the-schulz-story-geb-edition-german-2018","status":"publish","type":"product","link":"https:\/\/www.soanam.de\/pl\/produkt\/markus-feldenkirchen-die-schulz-story-geb-ausgabe-deutsch-2018\/","title":{"rendered":"Markus Feldenkirchen \"Die Schulz-Story\" geb. Ausgabe, Deutsch, 2018"},"content":{"rendered":"<h3>Opis produktu<\/h3>\n<p>Ein Jahr zwischen H\u00f6henflug und Absturz - Ein SPIEGEL-Buch<\/p>\n<p>Nigdy wcze\u015bniej \u017caden polityk nie do\u015bwiadczy\u0142 tak szybkiego wzrostu i tak g\u0142\u0119bokiego upadku jak Martin Schulz. Podczas gdy na pocz\u0105tku kampanii wyborczej by\u0142 postrzegany jako zbawca SPD i potencjalny kanclerz, rok p\u00f3\u017aniej poni\u00f3s\u0142 ca\u0142kowit\u0105 pora\u017ck\u0119, twierdz\u0105c, \u017ce prowadzi inn\u0105, bardziej uczciw\u0105 polityk\u0119. Najpierw przegra\u0142 wybory, a nast\u0119pnie straci\u0142 poparcie partii i swoje stanowiska. Markus Feldenkirchen towarzyszy\u0142 Martinowi Schulzowi przez wzloty i upadki kampanii wyborczej, a nast\u0119pnie upadek z \u0142aski w spos\u00f3b, kt\u00f3ry nigdy wcze\u015bniej nie by\u0142 mo\u017cliwy w Niemczech - nawet w wiecz\u00f3r poprzedzaj\u0105cy jego rezygnacj\u0119. W swojej ksi\u0105\u017cce w imponuj\u0105cy spos\u00f3b opowiada ca\u0142\u0105 histori\u0119 politycznego i osobistego dramatu.<\/p>\n<p><strong>szczeg\u00f3\u0142y<\/strong><br \/>\nOprawa: wydanie w twardej oprawie<br \/>\nLiczba stron: 320<br \/>\nData publikacji: 26\/03\/2018<br \/>\nJ\u0119zyk: niemiecki<br \/>\nISBN: 978-3-421-04821-9<br \/>\nWydawca: DVA<br \/>\nWymiary (d\u0142.\/szer.\/wys.): 22,2\/14,2\/3 cm<br \/>\nWaga: 525 g<\/p>","protected":false},"excerpt":{"rendered":"<h3>Artikelmerkmale<\/h3>\n<p>Artikelzustand: Neu - Neues, ungelesenes, ungebrauchtes Buch in makellosem Zustand<\/p>\n<table dir=\"ltr\" border=\"1\" cellspacing=\"0\" cellpadding=\"0\">\n<colgroup>\n<col width=\"194\" \/>\n<col width=\"223\" \/><\/colgroup>\n<tbody>\n<tr>\n<td data-sheets-value=\"{&quot;1&quot;:2,&quot;2&quot;:&quot;Anzahl der Seiten:&quot;}\">Anzahl der Seiten:<\/td>\n<td data-sheets-value=\"{&quot;1&quot;:2,&quot;2&quot;:&quot;320 Seiten&quot;}\">320 Seiten<\/td>\n<\/tr>\n<tr>\n<td data-sheets-value=\"{&quot;1&quot;:2,&quot;2&quot;:&quot;Autor:&quot;}\">Autor:<\/td>\n<td data-sheets-value=\"{&quot;1&quot;:2,&quot;2&quot;:&quot;Markus Feldenkirchen&quot;}\">Markus Feldenkirchen<\/td>\n<\/tr>\n<tr>\n<td data-sheets-value=\"{&quot;1&quot;:2,&quot;2&quot;:&quot;Bildungsweg:&quot;}\">Bildungsweg:<\/td>\n<td data-sheets-value=\"{&quot;1&quot;:2,&quot;2&quot;:&quot;Allgemeinbildung&quot;}\">Allgemeinbildung<\/td>\n<\/tr>\n<tr>\n<td data-sheets-value=\"{&quot;1&quot;:2,&quot;2&quot;:&quot;Bundesland:&quot;}\">Bundesland:<\/td>\n<td data-sheets-value=\"{&quot;1&quot;:2,&quot;2&quot;:&quot;Berlin&quot;}\">Berlin<\/td>\n<\/tr>\n<tr>\n<td data-sheets-value=\"{&quot;1&quot;:2,&quot;2&quot;:&quot;Erscheinungsjahr:&quot;}\">Erscheinungsjahr:<\/td>\n<td data-sheets-value=\"{&quot;1&quot;:3,&quot;3&quot;:2018}\">2018<\/td>\n<\/tr>\n<tr>\n<td data-sheets-value=\"{&quot;1&quot;:2,&quot;2&quot;:&quot;Fach:&quot;}\">Fach:<\/td>\n<td data-sheets-value=\"{&quot;1&quot;:2,&quot;2&quot;:&quot;Politik&quot;}\">Politik<\/td>\n<\/tr>\n<tr>\n<td data-sheets-value=\"{&quot;1&quot;:2,&quot;2&quot;:&quot;Fachbereich:&quot;}\">Fachbereich:<\/td>\n<td data-sheets-value=\"{&quot;1&quot;:2,&quot;2&quot;:&quot;Politwissenschaft&quot;}\">Politwissenschaft<\/td>\n<\/tr>\n<tr>\n<td data-sheets-value=\"{&quot;1&quot;:2,&quot;2&quot;:&quot;Format:&quot;}\">Format:<\/td>\n<td data-sheets-value=\"{&quot;1&quot;:2,&quot;2&quot;:&quot;Gebundene Ausgabe&quot;}\">Gebundene Ausgabe<\/td>\n<\/tr>\n<tr>\n<td data-sheets-value=\"{&quot;1&quot;:2,&quot;2&quot;:&quot;ISBN:&quot;}\">ISBN:<\/td>\n<td data-sheets-value=\"{&quot;1&quot;:3,&quot;3&quot;:9783421048219}\">9783421048219<\/td>\n<\/tr>\n<tr>\n<td data-sheets-value=\"{&quot;1&quot;:2,&quot;2&quot;:&quot;Niveau:&quot;}\">Niveau:<\/td>\n<td data-sheets-value=\"{&quot;1&quot;:2,&quot;2&quot;:&quot;Anf\u00e4nger, Zwischenstufe, Fortgeschrittene&quot;}\">\n<div>\n<div>Anf\u00e4nger, Zwischenstufe, Fortgeschrittene<\/div>\n<\/div>\n<\/td>\n<\/tr>\n<tr>\n<td data-sheets-value=\"{&quot;1&quot;:2,&quot;2&quot;:&quot;Produktart:&quot;}\">Produktart:<\/td>\n<td data-sheets-value=\"{&quot;1&quot;:2,&quot;2&quot;:&quot;Politreportage&quot;}\">Politreportage<\/td>\n<\/tr>\n<tr>\n<td data-sheets-value=\"{&quot;1&quot;:2,&quot;2&quot;:&quot;Publikationsname:&quot;}\">Publikationsname:<\/td>\n<td data-sheets-value=\"{&quot;1&quot;:2,&quot;2&quot;:&quot;Die Schulz-Story&quot;}\">Die Schulz-Story<\/td>\n<\/tr>\n<tr>\n<td data-sheets-value=\"{&quot;1&quot;:2,&quot;2&quot;:&quot;Reihe:&quot;}\">Reihe:<\/td>\n<td data-sheets-value=\"{&quot;1&quot;:2,&quot;2&quot;:&quot;nicht zutreffend&quot;}\">nicht zutreffend<\/td>\n<\/tr>\n<tr>\n<td data-sheets-value=\"{&quot;1&quot;:2,&quot;2&quot;:&quot;Sprache:&quot;}\">Sprache:<\/td>\n<td data-sheets-value=\"{&quot;1&quot;:2,&quot;2&quot;:&quot;Deutsch&quot;}\">Niemiecki<\/td>\n<\/tr>\n<tr>\n<td data-sheets-value=\"{&quot;1&quot;:2,&quot;2&quot;:&quot;Verlag:&quot;}\">Verlag:<\/td>\n<td data-sheets-value=\"{&quot;1&quot;:2,&quot;2&quot;:&quot;Dva Dt.Verlags-Anstalt, Dva&quot;}\">Dva Dt.Verlags-Anstalt, Dva<\/td>\n<\/tr>\n<\/tbody>\n<\/table>","protected":false},"featured_media":81568,"comment_status":"open","ping_status":"closed","template":"","meta":{"_seopress_robots_primary_cat":"","_seopress_titles_title":"","_seopress_titles_desc":"","_seopress_robots_index":""},"product_brand":[],"product_cat":[1428,1429,1430,1434,1439],"product_tag":[],"class_list":{"0":"post-81458","1":"product","2":"type-product","3":"status-publish","4":"has-post-thumbnail","6":"product_cat-buecher","7":"product_cat-jugend","8":"product_cat-lehrbuecher","9":"product_cat-erwachsene","10":"product_cat-lehrbuecher-erwachsene","11":"product_shipping_class-standard-versand","13":"first","14":"instock","15":"taxable","16":"shipping-taxable","17":"purchasable","18":"product-type-simple"},"_links":{"self":[{"href":"https:\/\/www.soanam.de\/pl\/wp-json\/wp\/v2\/product\/81458","targetHints":{"allow":["GET"]}}],"collection":[{"href":"https:\/\/www.soanam.de\/pl\/wp-json\/wp\/v2\/product"}],"about":[{"href":"https:\/\/www.soanam.de\/pl\/wp-json\/wp\/v2\/types\/product"}],"replies":[{"embeddable":true,"href":"https:\/\/www.soanam.de\/pl\/wp-json\/wp\/v2\/comments?post=81458"}],"wp:featuredmedia":[{"embeddable":true,"href":"https:\/\/www.soanam.de\/pl\/wp-json\/wp\/v2\/media\/81568"}],"wp:attachment":[{"href":"https:\/\/www.soanam.de\/pl\/wp-json\/wp\/v2\/media?parent=81458"}],"wp:term":[{"taxonomy":"product_brand","embeddable":true,"href":"https:\/\/www.soanam.de\/pl\/wp-json\/wp\/v2\/product_brand?post=81458"},{"taxonomy":"product_cat","embeddable":true,"href":"https:\/\/www.soanam.de\/pl\/wp-json\/wp\/v2\/product_cat?post=81458"},{"taxonomy":"product_tag","embeddable":true,"href":"https:\/\/www.soanam.de\/pl\/wp-json\/wp\/v2\/product_tag?post=81458"}],"curies":[{"name":"wp","href":"https:\/\/api.w.org\/{rel}","templated":true}]}}

<h3>Opis produktu</h3>
<p>Ein Jahr zwischen Höhenflug und Absturz - Ein SPIEGEL-Buch</p>
<p>Nigdy wcześniej żaden polityk nie doświadczył tak szybkiego wzrostu i tak głębokiego upadku jak Martin Schulz. Podczas gdy na początku kampanii wyborczej był postrzegany jako zbawca SPD i potencjalny kanclerz, rok później poniósł całkowitą porażkę, twierdząc, że prowadzi inną, bardziej uczciwą politykę. Najpierw przegrał wybory, a następnie stracił poparcie partii i swoje stanowiska. Markus Feldenkirchen towarzyszył Martinowi Schulzowi przez wzloty i upadki kampanii wyborczej, a następnie upadek z łaski w sposób, który nigdy wcześniej nie był możliwy w Niemczech - nawet w wieczór poprzedzający jego rezygnację. W swojej książce w imponujący sposób opowiada całą historię politycznego i osobistego dramatu.</p>
<p><strong>szczegóły</strong><br />
Oprawa: wydanie w twardej oprawie<br />
Liczba stron: 320<br />
Data publikacji: 26/03/2018<br />
Język: niemiecki<br />
ISBN: 978-3-421-04821-9<br />
Wydawca: DVA<br />
Wymiary (dł./szer./wys.): 22,2/14,2/3 cm<br />
Waga: 525 g</p>

<h3>Artikelmerkmale</h3>
<p>Artikelzustand: Neu - Neues, ungelesenes, ungebrauchtes Buch in makellosem Zustand</p>
<table dir="ltr" border="1" cellspacing="0" cellpadding="0">
<colgroup>
<col width="194" />
<col width="223" /></colgroup>
<tbody>
<tr>
<td data-sheets-value="{&quot;1&quot;:2,&quot;2&quot;:&quot;Anzahl der Seiten:&quot;}">Anzahl der Seiten:</td>
<td data-sheets-value="{&quot;1&quot;:2,&quot;2&quot;:&quot;320 Seiten&quot;}">320 Seiten</td>
</tr>
<tr>
<td data-sheets-value="{&quot;1&quot;:2,&quot;2&quot;:&quot;Autor:&quot;}">Autor:</td>
<td data-sheets-value="{&quot;1&quot;:2,&quot;2&quot;:&quot;Markus Feldenkirchen&quot;}">Markus Feldenkirchen</td>
</tr>
<tr>
<td data-sheets-value="{&quot;1&quot;:2,&quot;2&quot;:&quot;Bildungsweg:&quot;}">Bildungsweg:</td>
<td data-sheets-value="{&quot;1&quot;:2,&quot;2&quot;:&quot;Allgemeinbildung&quot;}">Allgemeinbildung</td>
</tr>
<tr>
<td data-sheets-value="{&quot;1&quot;:2,&quot;2&quot;:&quot;Bundesland:&quot;}">Bundesland:</td>
<td data-sheets-value="{&quot;1&quot;:2,&quot;2&quot;:&quot;Berlin&quot;}">Berlin</td>
</tr>
<tr>
<td data-sheets-value="{&quot;1&quot;:2,&quot;2&quot;:&quot;Erscheinungsjahr:&quot;}">Erscheinungsjahr:</td>
<td data-sheets-value="{&quot;1&quot;:3,&quot;3&quot;:2018}">2018</td>
</tr>
<tr>
<td data-sheets-value="{&quot;1&quot;:2,&quot;2&quot;:&quot;Fach:&quot;}">Fach:</td>
<td data-sheets-value="{&quot;1&quot;:2,&quot;2&quot;:&quot;Politik&quot;}">Politik</td>
</tr>
<tr>
<td data-sheets-value="{&quot;1&quot;:2,&quot;2&quot;:&quot;Fachbereich:&quot;}">Fachbereich:</td>
<td data-sheets-value="{&quot;1&quot;:2,&quot;2&quot;:&quot;Politwissenschaft&quot;}">Politwissenschaft</td>
</tr>
<tr>
<td data-sheets-value="{&quot;1&quot;:2,&quot;2&quot;:&quot;Format:&quot;}">Format:</td>
<td data-sheets-value="{&quot;1&quot;:2,&quot;2&quot;:&quot;Gebundene Ausgabe&quot;}">Gebundene Ausgabe</td>
</tr>
<tr>
<td data-sheets-value="{&quot;1&quot;:2,&quot;2&quot;:&quot;ISBN:&quot;}">ISBN:</td>
<td data-sheets-value="{&quot;1&quot;:3,&quot;3&quot;:9783421048219}">9783421048219</td>
</tr>
<tr>
<td data-sheets-value="{&quot;1&quot;:2,&quot;2&quot;:&quot;Niveau:&quot;}">Niveau:</td>
<td data-sheets-value="{&quot;1&quot;:2,&quot;2&quot;:&quot;Anfänger, Zwischenstufe, Fortgeschrittene&quot;}">
<div>
<div>Anfänger, Zwischenstufe, Fortgeschrittene</div>
</div>
</td>
</tr>
<tr>
<td data-sheets-value="{&quot;1&quot;:2,&quot;2&quot;:&quot;Produktart:&quot;}">Produktart:</td>
<td data-sheets-value="{&quot;1&quot;:2,&quot;2&quot;:&quot;Politreportage&quot;}">Politreportage</td>
</tr>
<tr>
<td data-sheets-value="{&quot;1&quot;:2,&quot;2&quot;:&quot;Publikationsname:&quot;}">Publikationsname:</td>
<td data-sheets-value="{&quot;1&quot;:2,&quot;2&quot;:&quot;Die Schulz-Story&quot;}">Die Schulz-Story</td>
</tr>
<tr>
<td data-sheets-value="{&quot;1&quot;:2,&quot;2&quot;:&quot;Reihe:&quot;}">Reihe:</td>
<td data-sheets-value="{&quot;1&quot;:2,&quot;2&quot;:&quot;nicht zutreffend&quot;}">nicht zutreffend</td>
</tr>
<tr>
<td data-sheets-value="{&quot;1&quot;:2,&quot;2&quot;:&quot;Sprache:&quot;}">Sprache:</td>
<td data-sheets-value="{&quot;1&quot;:2,&quot;2&quot;:&quot;Deutsch&quot;}">Niemiecki</td>
</tr>
<tr>
<td data-sheets-value="{&quot;1&quot;:2,&quot;2&quot;:&quot;Verlag:&quot;}">Verlag:</td>
<td data-sheets-value="{&quot;1&quot;:2,&quot;2&quot;:&quot;Dva Dt.Verlags-Anstalt, Dva&quot;}">Dva Dt.Verlags-Anstalt, Dva</td>
</tr>
</tbody>
</table>
