{"id":81354,"date":"2023-12-14T01:57:14","date_gmt":"2023-12-14T00:57:14","guid":{"rendered":"https:\/\/www.soanam.de\/?post_type=product&#038;p=81354"},"modified":"2023-12-14T01:59:16","modified_gmt":"2023-12-14T00:59:16","slug":"vossen-unisex-bademantel-texas-in-purpur-groesse-xl","status":"publish","type":"product","link":"https:\/\/www.soanam.de\/pl\/produkt\/vossen-unisex-bademantel-texas-in-purpur-groesse-xl\/","title":{"rendered":"Vossen unisex szlafrok Texas, fioletowy, rozmiar XL"},"content":{"rendered":"<p>Unisex Kapuzenmantel von Vossen<br \/>\nWyposa\u017cony w kaptur i pasek<br \/>\nZ naszywanymi kieszeniami<br \/>\nMit gesticktem Markenlogo<\/p>\n<p>Der absolut trendige Kapuzenbademantel Texas zeichnet sich durch seine etwas k\u00fcrzere L\u00e4nge aus, die ihn angenehm und leicht tragen l\u00e4\u00dft.<br \/>\nAufgrund seiner hochwertigen Veloursoberfl\u00e4che zeichnet sich der Mantel durch eine besondere Leichtigkeit und einen angenehm zarten Griff aus.<\/p>\n<p>Materia\u0142: bawe\u0142na 100%<br \/>\nWskaz\u00f3wki dotycz\u0105ce piel\u0119gnacji: Pra\u0107 w pralce<\/p>\n<p>Farbe: purpurrot<br \/>\nWz\u00f3r: bez<br \/>\nRozmiar: XL<br \/>\nL\u00e4nge: 113cm<\/p>\n<p>Ten nowy przedmiot jest zwrotem klienta bez etykiety.<\/p>\n<p>&nbsp;<\/p>","protected":false},"excerpt":{"rendered":"<div class=\"spec-holder\">\n<div class=\"row\">\n<div class=\"col-xs-5 spec-name\">\n<table class=\"dv_characteristicsTable\">\n<tbody>\n<tr>\n<td class=\"left\">Rozmiar<\/td>\n<td>XL<\/td>\n<\/tr>\n<tr>\n<td class=\"left\">Gr\u00f6\u00dfentyp<\/td>\n<td>Normalgr\u00f6\u00dfen<\/td>\n<\/tr>\n<\/tbody>\n<\/table>\n<table class=\"dv_characteristicsTable\">\n<caption>\u00a0<\/caption>\n<tbody>\n<tr>\n<td class=\"left\">Kolor<\/td>\n<td>purpur<\/td>\n<\/tr>\n<tr>\n<td class=\"left\">Optik<\/td>\n<td>unifarben<\/td>\n<\/tr>\n<tr>\n<td class=\"left\">Applikationen<\/td>\n<td>Haftowane logo<\/td>\n<\/tr>\n<\/tbody>\n<\/table>\n<table class=\"dv_characteristicsTable\">\n<caption>\u00a0<\/caption>\n<tbody>\n<tr>\n<td class=\"left\">Sk\u0142ad materia\u0142u<\/td>\n<td>\u00a0100% Bawe\u0142na<\/td>\n<\/tr>\n<tr>\n<td class=\"left\">Materia\u0142<\/td>\n<td>Webvelours<\/td>\n<\/tr>\n<tr>\n<td class=\"left\">Fl\u00e4chengewicht<\/td>\n<td>300 g\/m\u00b2<\/td>\n<\/tr>\n<\/tbody>\n<\/table>\n<table class=\"dv_characteristicsTable\">\n<caption>\u00a0<\/caption>\n<tbody>\n<tr>\n<td class=\"left\">Schnittform L\u00e4nge<\/td>\n<td>Kurzform<\/td>\n<\/tr>\n<tr>\n<td class=\"left\">Stil \u00c4rmel<\/td>\n<td>D\u0142ugi r\u0119kaw<\/td>\n<\/tr>\n<\/tbody>\n<\/table>\n<table class=\"dv_characteristicsTable\">\n<caption>\u00a0<\/caption>\n<tbody>\n<tr>\n<td class=\"left\">Anzahl Teile<\/td>\n<td>1 St.<\/td>\n<\/tr>\n<tr>\n<td class=\"left\">Ausstattung<\/td>\n<td>Kaptur<\/td>\n<\/tr>\n<tr>\n<td class=\"left\">Art Verschluss<\/td>\n<td>Pas<\/td>\n<\/tr>\n<tr>\n<td class=\"left\">Torby<\/td>\n<td>aufgesetzte Taschen<\/td>\n<\/tr>\n<\/tbody>\n<\/table>\n<table class=\"dv_characteristicsTable\">\n<caption>\u00a0<\/caption>\n<tbody>\n<tr>\n<td class=\"left\">L\u00e4nge<\/td>\n<td>113 cm<\/td>\n<\/tr>\n<\/tbody>\n<\/table>\n<table class=\"dv_characteristicsTable\">\n<caption>\u00a0<\/caption>\n<tbody>\n<tr>\n<td class=\"left\">Instrukcje dotycz\u0105ce piel\u0119gnacji<\/td>\n<td>60\u00b0C Maschinenw\u00e4sche<br \/>\ntrocknergeeignet<\/td>\n<\/tr>\n<\/tbody>\n<\/table>\n<\/div>\n<\/div>\n<\/div>","protected":false},"featured_media":81454,"comment_status":"open","ping_status":"closed","template":"","meta":{"_seopress_robots_primary_cat":"","_seopress_titles_title":"","_seopress_titles_desc":"","_seopress_robots_index":""},"product_brand":[],"product_cat":[1345,1348,1520,1633,1634,1635],"product_tag":[],"class_list":{"0":"post-81354","1":"product","2":"type-product","3":"status-publish","4":"has-post-thumbnail","6":"product_cat-herrenmode","7":"product_cat-damen-mode","8":"product_cat-nachtwaesche","9":"product_cat-bademaentel","10":"product_cat-nachtwaesche-herrenmode","11":"product_cat-bademaentel-nachtwaesche-herrenmode","12":"product_shipping_class-standard-versand","14":"first","15":"instock","16":"sale","17":"taxable","18":"shipping-taxable","19":"purchasable","20":"product-type-simple"},"_links":{"self":[{"href":"https:\/\/www.soanam.de\/pl\/wp-json\/wp\/v2\/product\/81354","targetHints":{"allow":["GET"]}}],"collection":[{"href":"https:\/\/www.soanam.de\/pl\/wp-json\/wp\/v2\/product"}],"about":[{"href":"https:\/\/www.soanam.de\/pl\/wp-json\/wp\/v2\/types\/product"}],"replies":[{"embeddable":true,"href":"https:\/\/www.soanam.de\/pl\/wp-json\/wp\/v2\/comments?post=81354"}],"wp:featuredmedia":[{"embeddable":true,"href":"https:\/\/www.soanam.de\/pl\/wp-json\/wp\/v2\/media\/81454"}],"wp:attachment":[{"href":"https:\/\/www.soanam.de\/pl\/wp-json\/wp\/v2\/media?parent=81354"}],"wp:term":[{"taxonomy":"product_brand","embeddable":true,"href":"https:\/\/www.soanam.de\/pl\/wp-json\/wp\/v2\/product_brand?post=81354"},{"taxonomy":"product_cat","embeddable":true,"href":"https:\/\/www.soanam.de\/pl\/wp-json\/wp\/v2\/product_cat?post=81354"},{"taxonomy":"product_tag","embeddable":true,"href":"https:\/\/www.soanam.de\/pl\/wp-json\/wp\/v2\/product_tag?post=81354"}],"curies":[{"name":"wp","href":"https:\/\/api.w.org\/{rel}","templated":true}]}}

<p>Unisex Kapuzenmantel von Vossen<br />
Wyposażony w kaptur i pasek<br />
Z naszywanymi kieszeniami<br />
Mit gesticktem Markenlogo</p>
<p>Der absolut trendige Kapuzenbademantel Texas zeichnet sich durch seine etwas kürzere Länge aus, die ihn angenehm und leicht tragen läßt.<br />
Aufgrund seiner hochwertigen Veloursoberfläche zeichnet sich der Mantel durch eine besondere Leichtigkeit und einen angenehm zarten Griff aus.</p>
<p>Materiał: bawełna 100%<br />
Wskazówki dotyczące pielęgnacji: Prać w pralce</p>
<p>Farbe: purpurrot<br />
Wzór: bez<br />
Rozmiar: XL<br />
Länge: 113cm</p>
<p>Ten nowy przedmiot jest zwrotem klienta bez etykiety.</p>
<p>&nbsp;</p>

<div class="spec-holder">
<div class="row">
<div class="col-xs-5 spec-name">
<table class="dv_characteristicsTable">
<tbody>
<tr>
<td class="left">Rozmiar</td>
<td>XL</td>
</tr>
<tr>
<td class="left">Größentyp</td>
<td>Normalgrößen</td>
</tr>
</tbody>
</table>
<table class="dv_characteristicsTable">
<caption> </caption>
<tbody>
<tr>
<td class="left">Kolor</td>
<td>purpur</td>
</tr>
<tr>
<td class="left">Optik</td>
<td>unifarben</td>
</tr>
<tr>
<td class="left">Applikationen</td>
<td>Haftowane logo</td>
</tr>
</tbody>
</table>
<table class="dv_characteristicsTable">
<caption> </caption>
<tbody>
<tr>
<td class="left">Skład materiału</td>
<td> 100% Bawełna</td>
</tr>
<tr>
<td class="left">Materiał</td>
<td>Webvelours</td>
</tr>
<tr>
<td class="left">Flächengewicht</td>
<td>300 g/m²</td>
</tr>
</tbody>
</table>
<table class="dv_characteristicsTable">
<caption> </caption>
<tbody>
<tr>
<td class="left">Schnittform Länge</td>
<td>Kurzform</td>
</tr>
<tr>
<td class="left">Stil Ärmel</td>
<td>Długi rękaw</td>
</tr>
</tbody>
</table>
<table class="dv_characteristicsTable">
<caption> </caption>
<tbody>
<tr>
<td class="left">Anzahl Teile</td>
<td>1 St.</td>
</tr>
<tr>
<td class="left">Ausstattung</td>
<td>Kaptur</td>
</tr>
<tr>
<td class="left">Art Verschluss</td>
<td>Pas</td>
</tr>
<tr>
<td class="left">Torby</td>
<td>aufgesetzte Taschen</td>
</tr>
</tbody>
</table>
<table class="dv_characteristicsTable">
<caption> </caption>
<tbody>
<tr>
<td class="left">Länge</td>
<td>113 cm</td>
</tr>
</tbody>
</table>
<table class="dv_characteristicsTable">
<caption> </caption>
<tbody>
<tr>
<td class="left">Instrukcje dotyczące pielęgnacji</td>
<td>60°C Maschinenwäsche<br />
trocknergeeignet</td>
</tr>
</tbody>
</table>
</div>
</div>
</div>
