{"id":80903,"date":"2023-12-14T01:40:54","date_gmt":"2023-12-14T00:40:54","guid":{"rendered":"https:\/\/www.soanam.de\/?post_type=product&#038;p=80903"},"modified":"2023-12-14T01:42:53","modified_gmt":"2023-12-14T00:42:53","slug":"lascana-hosenrock-in-schwarz-groesse-36","status":"publish","type":"product","link":"https:\/\/www.soanam.de\/pl\/produkt\/lascana-hosenrock-in-schwarz-groesse-36\/","title":{"rendered":"Spodnie culottes LASCANA w kolorze czarnym, rozmiar 36"},"content":{"rendered":"<p>Leichter Hosenrock von Lascana<br \/>\nBreiter Bund<br \/>\nElastischer Bund\/Saum<br \/>\nWeite Hosenform<br \/>\nDetails: Drapiert\/gerafft<\/p>\n<p>Die weiche leichte Qualit\u00e4t des Hosenrockes von Lascana verspr\u00fcht Sommerlaune und Wohlgef\u00fchl.<br \/>\nF\u00fcr ein angenehmes Tragegef\u00fchl sind weiterhin der elastische Bund, der modisch gerafft ist sowie die weite Hosenform verantwortlich.<\/p>\n<p>Materia\u0142: poliester 100%<br \/>\nWskaz\u00f3wki dotycz\u0105ce piel\u0119gnacji: Pra\u0107 w pralce<\/p>\n<p>Kolor: czarny<br \/>\nWz\u00f3r: bez<br \/>\nRozmiar:36<\/p>\n<p>Bundweite: 68m<br \/>\nH\u00fcftumfang: 156cm<br \/>\nD\u0142ugo\u015b\u0107 stopnia: 59 cm<br \/>\nCa\u0142kowita d\u0142ugo\u015b\u0107: 97 cm<\/p>","protected":false},"excerpt":{"rendered":"<table class=\"dv_characteristicsTable\">\n<tbody>\n<tr>\n<td class=\"left\">Rozmiar<\/td>\n<td>36<\/td>\n<\/tr>\n<tr>\n<td class=\"left\">Gr\u00f6\u00dfentyp<\/td>\n<td>Normalgr\u00f6\u00dfen<\/td>\n<\/tr>\n<tr>\n<td class=\"left\">Sk\u0142ad materia\u0142u<\/td>\n<td>Obermaterial: 100% Polyester<\/td>\n<\/tr>\n<tr>\n<td class=\"left\">Instrukcje dotycz\u0105ce piel\u0119gnacji<\/td>\n<td>Pranie w pralce<\/td>\n<\/tr>\n<tr>\n<td class=\"left\">Kolor<\/td>\n<td>schwarz<\/td>\n<\/tr>\n<tr>\n<td class=\"left\">Schnittform L\u00e4nge<\/td>\n<td>lang<\/td>\n<\/tr>\n<\/tbody>\n<\/table>","protected":false},"featured_media":81001,"comment_status":"open","ping_status":"closed","template":"","meta":{"_seopress_robots_primary_cat":"","_seopress_titles_title":"","_seopress_titles_desc":"","_seopress_robots_index":""},"product_brand":[],"product_cat":[1348,1349,1619],"product_tag":[],"class_list":{"0":"post-80903","1":"product","2":"type-product","3":"status-publish","4":"has-post-thumbnail","6":"product_cat-damen-mode","7":"product_cat-hosen-damen-mode","8":"product_cat-hosenroecke","10":"first","11":"instock","12":"taxable","13":"shipping-taxable","14":"purchasable","15":"product-type-simple"},"_links":{"self":[{"href":"https:\/\/www.soanam.de\/pl\/wp-json\/wp\/v2\/product\/80903","targetHints":{"allow":["GET"]}}],"collection":[{"href":"https:\/\/www.soanam.de\/pl\/wp-json\/wp\/v2\/product"}],"about":[{"href":"https:\/\/www.soanam.de\/pl\/wp-json\/wp\/v2\/types\/product"}],"replies":[{"embeddable":true,"href":"https:\/\/www.soanam.de\/pl\/wp-json\/wp\/v2\/comments?post=80903"}],"wp:featuredmedia":[{"embeddable":true,"href":"https:\/\/www.soanam.de\/pl\/wp-json\/wp\/v2\/media\/81001"}],"wp:attachment":[{"href":"https:\/\/www.soanam.de\/pl\/wp-json\/wp\/v2\/media?parent=80903"}],"wp:term":[{"taxonomy":"product_brand","embeddable":true,"href":"https:\/\/www.soanam.de\/pl\/wp-json\/wp\/v2\/product_brand?post=80903"},{"taxonomy":"product_cat","embeddable":true,"href":"https:\/\/www.soanam.de\/pl\/wp-json\/wp\/v2\/product_cat?post=80903"},{"taxonomy":"product_tag","embeddable":true,"href":"https:\/\/www.soanam.de\/pl\/wp-json\/wp\/v2\/product_tag?post=80903"}],"curies":[{"name":"wp","href":"https:\/\/api.w.org\/{rel}","templated":true}]}}

<p>Leichter Hosenrock von Lascana<br />
Breiter Bund<br />
Elastischer Bund/Saum<br />
Weite Hosenform<br />
Details: Drapiert/gerafft</p>
<p>Die weiche leichte Qualität des Hosenrockes von Lascana versprüht Sommerlaune und Wohlgefühl.<br />
Für ein angenehmes Tragegefühl sind weiterhin der elastische Bund, der modisch gerafft ist sowie die weite Hosenform verantwortlich.</p>
<p>Materiał: poliester 100%<br />
Wskazówki dotyczące pielęgnacji: Prać w pralce</p>
<p>Kolor: czarny<br />
Wzór: bez<br />
Rozmiar:36</p>
<p>Bundweite: 68m<br />
Hüftumfang: 156cm<br />
Długość stopnia: 59 cm<br />
Całkowita długość: 97 cm</p>

<table class="dv_characteristicsTable">
<tbody>
<tr>
<td class="left">Rozmiar</td>
<td>36</td>
</tr>
<tr>
<td class="left">Größentyp</td>
<td>Normalgrößen</td>
</tr>
<tr>
<td class="left">Skład materiału</td>
<td>Obermaterial: 100% Polyester</td>
</tr>
<tr>
<td class="left">Instrukcje dotyczące pielęgnacji</td>
<td>Pranie w pralce</td>
</tr>
<tr>
<td class="left">Kolor</td>
<td>schwarz</td>
</tr>
<tr>
<td class="left">Schnittform Länge</td>
<td>lang</td>
</tr>
</tbody>
</table>
