{"id":80852,"date":"2023-12-14T01:39:42","date_gmt":"2023-12-14T00:39:42","guid":{"rendered":"https:\/\/www.soanam.de\/?post_type=product&#038;p=80852"},"modified":"2023-12-14T01:42:03","modified_gmt":"2023-12-14T00:42:03","slug":"ajc-kurzblazer-in-marine-groesse-40","status":"publish","type":"product","link":"https:\/\/www.soanam.de\/pl\/produkt\/ajc-kurzblazer-in-marine-groesse-40\/","title":{"rendered":"Kr\u00f3tka marynarka AJC w kolorze granatowym, rozmiar 40"},"content":{"rendered":"<p>Blazer von AJC<br \/>\nMit gestreiftem Kragen und \u00c4rmelbund<br \/>\nKszta\u0142t dopasowany do sylwetki<br \/>\nMit aufgesetzten Taschen und Knopf zum Schlie\u00dfen<br \/>\nWeiche angenehme Milano Rip Ware<\/p>\n<p>Highlight der Damenjacke von AJC sind hier nat\u00fcrlich die geringelten B\u00fcndchen an den \u00c4rmeln sowie der gestreifte Krageneinsatz im College-Look.<br \/>\nDie taillierte Form mit 1-Knopf-Verschluss betont feminin die Figur und die weiche, elastische Milano-Rib-Qualit\u00e4t wahrt jederzeit fantastisch die Form.<br \/>\nAufgesetzte Taschen perfektionieren den Style - Business- Look mit Wohlf\u00fchlcharakter.<\/p>\n<p>Material: Obermaterial: 85% Polyester, 10% Viskose, 5% Elasthan.<br \/>\nPodszewka: poliester 100%.<br \/>\nB\u00fcndchen: 95% Polyester, 5% Elasthan<br \/>\nWskaz\u00f3wki dotycz\u0105ce piel\u0119gnacji: Pra\u0107 w pralce<\/p>\n<p>Kolor: granatowy<br \/>\nWz\u00f3r: paski<br \/>\nRozmiar: 40<\/p>\n<p>Szeroko\u015b\u0107 ramion: 40 cm<br \/>\nBrustweite: 101 cm<br \/>\nD\u0142ugo\u015b\u0107 r\u0119kawa: 64 cm<br \/>\nCa\u0142kowita d\u0142ugo\u015b\u0107: 65 cm<\/p>","protected":false},"excerpt":{"rendered":"<table class=\"dv_characteristicsTable\">\n<tbody>\n<tr>\n<td class=\"left\">Rozmiar<\/td>\n<td>40<\/td>\n<\/tr>\n<tr>\n<td class=\"left\">Gr\u00f6\u00dfentyp<\/td>\n<td>Normalgr\u00f6\u00dfen<\/td>\n<\/tr>\n<tr>\n<td class=\"left\">Sk\u0142ad materia\u0142u<\/td>\n<td>Obermaterial: 85% Polyester, 10% Viskose, 5% Elasthan. Futter: 100% Polyester. B\u00fcndchen: 95% Polyester, 5% Elasthan<\/td>\n<\/tr>\n<tr>\n<td class=\"left\">Materialart<\/td>\n<td>Milano Rib<\/td>\n<\/tr>\n<tr>\n<td class=\"left\">Materialeigenschaften<\/td>\n<td>Stretch, elastisch<\/td>\n<\/tr>\n<tr>\n<td class=\"left\">Instrukcje dotycz\u0105ce piel\u0119gnacji<\/td>\n<td>Pranie w pralce<\/td>\n<\/tr>\n<tr>\n<td class=\"left\">Optik<\/td>\n<td>unifarben<\/td>\n<\/tr>\n<tr>\n<td class=\"left\">Stil<\/td>\n<td>feminin<\/td>\n<\/tr>\n<tr>\n<td class=\"left\">Herstellerfarbbezeichnung<\/td>\n<td>morski<\/td>\n<\/tr>\n<tr>\n<td class=\"left\">Kolor<\/td>\n<td>morski<\/td>\n<\/tr>\n<tr>\n<td class=\"left\">Kragen<\/td>\n<td>Ko\u0142nierz z klapami<\/td>\n<\/tr>\n<tr>\n<td class=\"left\">Ausschnitt<\/td>\n<td>Dekolt w szpic<\/td>\n<\/tr>\n<tr>\n<td class=\"left\">\u00c4rmel<\/td>\n<td>D\u0142ugi r\u0119kaw<\/td>\n<\/tr>\n<tr>\n<td class=\"left\">\u00c4rmelabschluss<\/td>\n<td>angesetztes B\u00fcndchen<\/td>\n<\/tr>\n<tr>\n<td class=\"left\">Dopasowanie<\/td>\n<td>figurbetont<\/td>\n<\/tr>\n<tr>\n<td class=\"left\">Schnittdetails<\/td>\n<td>Szwy dziel\u0105ce<\/td>\n<\/tr>\n<tr>\n<td class=\"left\">Schnittform L\u00e4nge<\/td>\n<td>h\u00fcftlang<\/td>\n<\/tr>\n<tr>\n<td class=\"left\">Kaptur<\/td>\n<td>ohne Kapuze<\/td>\n<\/tr>\n<tr>\n<td class=\"left\">Applikationen<\/td>\n<td>Markenlabel, Kontrastbesatz<\/td>\n<\/tr>\n<tr>\n<td class=\"left\">Torby<\/td>\n<td>aufgesetzte Taschen<\/td>\n<\/tr>\n<tr>\n<td class=\"left\">Verschluss<\/td>\n<td>1-Knopf-Form<\/td>\n<\/tr>\n<tr>\n<td class=\"left\">Verschlussdetails<\/td>\n<td>vorn<\/td>\n<\/tr>\n<tr>\n<td class=\"left\">Besondere Merkmale<\/td>\n<td>mit gestreiftem Kragen und \u00c4rmelbund<\/td>\n<\/tr>\n<\/tbody>\n<\/table>","protected":false},"featured_media":80960,"comment_status":"open","ping_status":"closed","template":"","meta":{"_seopress_robots_primary_cat":"","_seopress_titles_title":"","_seopress_titles_desc":"","_seopress_robots_index":""},"product_brand":[],"product_cat":[1348,1354,1492],"product_tag":[],"class_list":{"0":"post-80852","1":"product","2":"type-product","3":"status-publish","4":"has-post-thumbnail","6":"product_cat-damen-mode","7":"product_cat-jacken-maentel","8":"product_cat-blazer","9":"product_shipping_class-standard-versand","11":"first","12":"instock","13":"sale","14":"taxable","15":"shipping-taxable","16":"purchasable","17":"product-type-simple"},"_links":{"self":[{"href":"https:\/\/www.soanam.de\/pl\/wp-json\/wp\/v2\/product\/80852","targetHints":{"allow":["GET"]}}],"collection":[{"href":"https:\/\/www.soanam.de\/pl\/wp-json\/wp\/v2\/product"}],"about":[{"href":"https:\/\/www.soanam.de\/pl\/wp-json\/wp\/v2\/types\/product"}],"replies":[{"embeddable":true,"href":"https:\/\/www.soanam.de\/pl\/wp-json\/wp\/v2\/comments?post=80852"}],"wp:featuredmedia":[{"embeddable":true,"href":"https:\/\/www.soanam.de\/pl\/wp-json\/wp\/v2\/media\/80960"}],"wp:attachment":[{"href":"https:\/\/www.soanam.de\/pl\/wp-json\/wp\/v2\/media?parent=80852"}],"wp:term":[{"taxonomy":"product_brand","embeddable":true,"href":"https:\/\/www.soanam.de\/pl\/wp-json\/wp\/v2\/product_brand?post=80852"},{"taxonomy":"product_cat","embeddable":true,"href":"https:\/\/www.soanam.de\/pl\/wp-json\/wp\/v2\/product_cat?post=80852"},{"taxonomy":"product_tag","embeddable":true,"href":"https:\/\/www.soanam.de\/pl\/wp-json\/wp\/v2\/product_tag?post=80852"}],"curies":[{"name":"wp","href":"https:\/\/api.w.org\/{rel}","templated":true}]}}

Krótka marynarka AJC w kolorze granatowym, rozmiar 40

<p>Blazer von AJC<br />
Mit gestreiftem Kragen und Ärmelbund<br />
Kształt dopasowany do sylwetki<br />
Mit aufgesetzten Taschen und Knopf zum Schließen<br />
Weiche angenehme Milano Rip Ware</p>
<p>Highlight der Damenjacke von AJC sind hier natürlich die geringelten Bündchen an den Ärmeln sowie der gestreifte Krageneinsatz im College-Look.<br />
Die taillierte Form mit 1-Knopf-Verschluss betont feminin die Figur und die weiche, elastische Milano-Rib-Qualität wahrt jederzeit fantastisch die Form.<br />
Aufgesetzte Taschen perfektionieren den Style - Business- Look mit Wohlfühlcharakter.</p>
<p>Material: Obermaterial: 85% Polyester, 10% Viskose, 5% Elasthan.<br />
Podszewka: poliester 100%.<br />
Bündchen: 95% Polyester, 5% Elasthan<br />
Wskazówki dotyczące pielęgnacji: Prać w pralce</p>
<p>Kolor: granatowy<br />
Wzór: paski<br />
Rozmiar: 40</p>
<p>Szerokość ramion: 40 cm<br />
Brustweite: 101 cm<br />
Długość rękawa: 64 cm<br />
Całkowita długość: 65 cm</p>

<table class="dv_characteristicsTable">
<tbody>
<tr>
<td class="left">Rozmiar</td>
<td>40</td>
</tr>
<tr>
<td class="left">Größentyp</td>
<td>Normalgrößen</td>
</tr>
<tr>
<td class="left">Skład materiału</td>
<td>Obermaterial: 85% Polyester, 10% Viskose, 5% Elasthan. Futter: 100% Polyester. Bündchen: 95% Polyester, 5% Elasthan</td>
</tr>
<tr>
<td class="left">Materialart</td>
<td>Milano Rib</td>
</tr>
<tr>
<td class="left">Materialeigenschaften</td>
<td>Stretch, elastisch</td>
</tr>
<tr>
<td class="left">Instrukcje dotyczące pielęgnacji</td>
<td>Pranie w pralce</td>
</tr>
<tr>
<td class="left">Optik</td>
<td>unifarben</td>
</tr>
<tr>
<td class="left">Stil</td>
<td>feminin</td>
</tr>
<tr>
<td class="left">Herstellerfarbbezeichnung</td>
<td>morski</td>
</tr>
<tr>
<td class="left">Kolor</td>
<td>morski</td>
</tr>
<tr>
<td class="left">Kragen</td>
<td>Kołnierz z klapami</td>
</tr>
<tr>
<td class="left">Ausschnitt</td>
<td>Dekolt w szpic</td>
</tr>
<tr>
<td class="left">Ärmel</td>
<td>Długi rękaw</td>
</tr>
<tr>
<td class="left">Ärmelabschluss</td>
<td>angesetztes Bündchen</td>
</tr>
<tr>
<td class="left">Dopasowanie</td>
<td>figurbetont</td>
</tr>
<tr>
<td class="left">Schnittdetails</td>
<td>Szwy dzielące</td>
</tr>
<tr>
<td class="left">Schnittform Länge</td>
<td>hüftlang</td>
</tr>
<tr>
<td class="left">Kaptur</td>
<td>ohne Kapuze</td>
</tr>
<tr>
<td class="left">Applikationen</td>
<td>Markenlabel, Kontrastbesatz</td>
</tr>
<tr>
<td class="left">Torby</td>
<td>aufgesetzte Taschen</td>
</tr>
<tr>
<td class="left">Verschluss</td>
<td>1-Knopf-Form</td>
</tr>
<tr>
<td class="left">Verschlussdetails</td>
<td>vorn</td>
</tr>
<tr>
<td class="left">Besondere Merkmale</td>
<td>mit gestreiftem Kragen und Ärmelbund</td>
</tr>
</tbody>
</table>
