{"id":80838,"date":"2023-12-14T01:39:18","date_gmt":"2023-12-14T00:39:18","guid":{"rendered":"https:\/\/www.soanam.de\/?post_type=product&#038;p=80838"},"modified":"2023-12-14T01:41:46","modified_gmt":"2023-12-14T00:41:46","slug":"bench-sweatjacke-mit-seitenstreifen-in-ecru-schwarz-groesse-40-42","status":"publish","type":"product","link":"https:\/\/www.soanam.de\/pl\/produkt\/bench-sweatjacke-mit-seitenstreifen-in-ecru-schwarz-groesse-40-42\/","title":{"rendered":"Bench. Bluza dresowa z bocznymi paskami, ecru-czarna, rozmiar 40\/42"},"content":{"rendered":"<p>Sportliche Loungejacke von Bench<br \/>\nStreifen entlang den Schultern und den Raglan\u00e4rmeln<br \/>\nMit hohem Kragen<br \/>\nZ kieszeni\u0105 kangurk\u0105<br \/>\nWykonane z elastycznego d\u017cerseju interlock<\/p>\n<p>Die sportliche Sweatjacke von Bench ist mit einem durchgehenden Rei\u00dfverschluss, hohen Kragen und praktischen K\u00e4ngurutaschen ausgestattet.<br \/>\nKontrastfarbene Streifen entlang der Schultern und der Raglan\u00e4rmel sowie ein Markenlogo und der Rei\u00dfverschluss in Kontrastfarbe machen das Design perfekt.<br \/>\nDas hochwertige weiche Interlock-Jersey-Material ist nicht nur herrlich angenehm zur Haut, es ist auch sehr strapazierf\u00e4hig und elastisch.<\/p>\n<p>Materia\u0142: bawe\u0142na 60%, poliester 40%<br \/>\nWskaz\u00f3wki dotycz\u0105ce piel\u0119gnacji: Pra\u0107 w pralce<\/p>\n<p>Kolor: ecru<br \/>\nWz\u00f3r: kontrastowe paski<br \/>\nRozmiar: 40\/42<\/p>\n<p>Szeroko\u015b\u0107 ramion: 52 cm<br \/>\nSzeroko\u015b\u0107 klatki piersiowej: 102 cm<br \/>\nD\u0142ugo\u015b\u0107 r\u0119kawa: 71 cm<br \/>\nCa\u0142kowita d\u0142ugo\u015b\u0107: 65 cm<\/p>","protected":false},"excerpt":{"rendered":"<table class=\"dv_characteristicsTable\">\n<tbody>\n<tr>\n<td class=\"left\">Rozmiar<\/td>\n<td>40\/42<\/td>\n<\/tr>\n<tr>\n<td class=\"left\">Gr\u00f6\u00dfentyp<\/td>\n<td>Normalgr\u00f6\u00dfen<\/td>\n<\/tr>\n<tr>\n<td class=\"left\">Sk\u0142ad materia\u0142u<\/td>\n<td>Obermaterial: 60% Baumwolle\u00a0, 40% Polyester<\/td>\n<\/tr>\n<tr>\n<td class=\"left\">Materialart<\/td>\n<td>Jersey, Interlock<\/td>\n<\/tr>\n<tr>\n<td class=\"left\">Materialeigenschaften<\/td>\n<td>elastisch<\/td>\n<\/tr>\n<tr>\n<td class=\"left\">Instrukcje dotycz\u0105ce piel\u0119gnacji<\/td>\n<td>Pranie w pralce<\/td>\n<\/tr>\n<tr>\n<td class=\"left\">Optik<\/td>\n<td>unifarben mit Farbeinsatz<\/td>\n<\/tr>\n<tr>\n<td class=\"left\">Stil<\/td>\n<td>sportlich<\/td>\n<\/tr>\n<tr>\n<td class=\"left\">Kolor<\/td>\n<td>ecru-schwarz<\/td>\n<\/tr>\n<tr>\n<td class=\"left\">Kragen<\/td>\n<td>hoher Stehkragen<\/td>\n<\/tr>\n<tr>\n<td class=\"left\">Ausschnitt<\/td>\n<td>ohne Ausschnitt<\/td>\n<\/tr>\n<tr>\n<td class=\"left\">\u00c4rmel<\/td>\n<td>D\u0142ugi r\u0119kaw<\/td>\n<\/tr>\n<tr>\n<td class=\"left\">\u00c4rmeldetails<\/td>\n<td>Raglanowe r\u0119kawy<\/td>\n<\/tr>\n<tr>\n<td class=\"left\">\u00c4rmelabschluss<\/td>\n<td>Pr\u0105\u017ckowane mankiety<\/td>\n<\/tr>\n<tr>\n<td class=\"left\">Rumpfabschluss<\/td>\n<td>Pr\u0105\u017ckowane mankiety<\/td>\n<\/tr>\n<tr>\n<td class=\"left\">Dopasowanie<\/td>\n<td>bequem<\/td>\n<\/tr>\n<tr>\n<td class=\"left\">Schnittform L\u00e4nge<\/td>\n<td>h\u00fcftbedeckend<\/td>\n<\/tr>\n<tr>\n<td class=\"left\">Kaptur<\/td>\n<td>ohne Kapuze<\/td>\n<\/tr>\n<tr>\n<td class=\"left\">Applikationen<\/td>\n<td>Drukowanie logo<\/td>\n<\/tr>\n<tr>\n<td class=\"left\">Torby<\/td>\n<td>Kieszenie<\/td>\n<\/tr>\n<tr>\n<td class=\"left\">Verschluss<\/td>\n<td>Zamek b\u0142yskawiczny<\/td>\n<\/tr>\n<tr>\n<td class=\"left\">Verschlussdetails<\/td>\n<td>vorn<\/td>\n<\/tr>\n<tr>\n<td class=\"left\">Besondere Merkmale<\/td>\n<td>mit Seitenstreifen und Stehkragen<\/td>\n<\/tr>\n<\/tbody>\n<\/table>","protected":false},"featured_media":80940,"comment_status":"open","ping_status":"closed","template":"","meta":{"_seopress_robots_primary_cat":"","_seopress_titles_title":"","_seopress_titles_desc":"","_seopress_robots_index":""},"product_brand":[],"product_cat":[1348,1354,1402,1585,1599],"product_tag":[],"class_list":{"0":"post-80838","1":"product","2":"type-product","3":"status-publish","4":"has-post-thumbnail","6":"product_cat-damen-mode","7":"product_cat-jacken-maentel","8":"product_cat-sportbekleidung-damen-mode","9":"product_cat-jacken-sportbekleidung-damen-mode","10":"product_cat-shirtjacken","11":"product_shipping_class-standard-versand","13":"first","14":"instock","15":"taxable","16":"shipping-taxable","17":"purchasable","18":"product-type-simple"},"_links":{"self":[{"href":"https:\/\/www.soanam.de\/pl\/wp-json\/wp\/v2\/product\/80838","targetHints":{"allow":["GET"]}}],"collection":[{"href":"https:\/\/www.soanam.de\/pl\/wp-json\/wp\/v2\/product"}],"about":[{"href":"https:\/\/www.soanam.de\/pl\/wp-json\/wp\/v2\/types\/product"}],"replies":[{"embeddable":true,"href":"https:\/\/www.soanam.de\/pl\/wp-json\/wp\/v2\/comments?post=80838"}],"wp:featuredmedia":[{"embeddable":true,"href":"https:\/\/www.soanam.de\/pl\/wp-json\/wp\/v2\/media\/80940"}],"wp:attachment":[{"href":"https:\/\/www.soanam.de\/pl\/wp-json\/wp\/v2\/media?parent=80838"}],"wp:term":[{"taxonomy":"product_brand","embeddable":true,"href":"https:\/\/www.soanam.de\/pl\/wp-json\/wp\/v2\/product_brand?post=80838"},{"taxonomy":"product_cat","embeddable":true,"href":"https:\/\/www.soanam.de\/pl\/wp-json\/wp\/v2\/product_cat?post=80838"},{"taxonomy":"product_tag","embeddable":true,"href":"https:\/\/www.soanam.de\/pl\/wp-json\/wp\/v2\/product_tag?post=80838"}],"curies":[{"name":"wp","href":"https:\/\/api.w.org\/{rel}","templated":true}]}}

<p>Sportliche Loungejacke von Bench<br />
Streifen entlang den Schultern und den Raglanärmeln<br />
Mit hohem Kragen<br />
Z kieszenią kangurką<br />
Wykonane z elastycznego dżerseju interlock</p>
<p>Die sportliche Sweatjacke von Bench ist mit einem durchgehenden Reißverschluss, hohen Kragen und praktischen Kängurutaschen ausgestattet.<br />
Kontrastfarbene Streifen entlang der Schultern und der Raglanärmel sowie ein Markenlogo und der Reißverschluss in Kontrastfarbe machen das Design perfekt.<br />
Das hochwertige weiche Interlock-Jersey-Material ist nicht nur herrlich angenehm zur Haut, es ist auch sehr strapazierfähig und elastisch.</p>
<p>Materiał: bawełna 60%, poliester 40%<br />
Wskazówki dotyczące pielęgnacji: Prać w pralce</p>
<p>Kolor: ecru<br />
Wzór: kontrastowe paski<br />
Rozmiar: 40/42</p>
<p>Szerokość ramion: 52 cm<br />
Szerokość klatki piersiowej: 102 cm<br />
Długość rękawa: 71 cm<br />
Całkowita długość: 65 cm</p>

<table class="dv_characteristicsTable">
<tbody>
<tr>
<td class="left">Rozmiar</td>
<td>40/42</td>
</tr>
<tr>
<td class="left">Größentyp</td>
<td>Normalgrößen</td>
</tr>
<tr>
<td class="left">Skład materiału</td>
<td>Obermaterial: 60% Baumwolle , 40% Polyester</td>
</tr>
<tr>
<td class="left">Materialart</td>
<td>Jersey, Interlock</td>
</tr>
<tr>
<td class="left">Materialeigenschaften</td>
<td>elastisch</td>
</tr>
<tr>
<td class="left">Instrukcje dotyczące pielęgnacji</td>
<td>Pranie w pralce</td>
</tr>
<tr>
<td class="left">Optik</td>
<td>unifarben mit Farbeinsatz</td>
</tr>
<tr>
<td class="left">Stil</td>
<td>sportlich</td>
</tr>
<tr>
<td class="left">Kolor</td>
<td>ecru-schwarz</td>
</tr>
<tr>
<td class="left">Kragen</td>
<td>hoher Stehkragen</td>
</tr>
<tr>
<td class="left">Ausschnitt</td>
<td>ohne Ausschnitt</td>
</tr>
<tr>
<td class="left">Ärmel</td>
<td>Długi rękaw</td>
</tr>
<tr>
<td class="left">Ärmeldetails</td>
<td>Raglanowe rękawy</td>
</tr>
<tr>
<td class="left">Ärmelabschluss</td>
<td>Prążkowane mankiety</td>
</tr>
<tr>
<td class="left">Rumpfabschluss</td>
<td>Prążkowane mankiety</td>
</tr>
<tr>
<td class="left">Dopasowanie</td>
<td>bequem</td>
</tr>
<tr>
<td class="left">Schnittform Länge</td>
<td>hüftbedeckend</td>
</tr>
<tr>
<td class="left">Kaptur</td>
<td>ohne Kapuze</td>
</tr>
<tr>
<td class="left">Applikationen</td>
<td>Drukowanie logo</td>
</tr>
<tr>
<td class="left">Torby</td>
<td>Kieszenie</td>
</tr>
<tr>
<td class="left">Verschluss</td>
<td>Zamek błyskawiczny</td>
</tr>
<tr>
<td class="left">Verschlussdetails</td>
<td>vorn</td>
</tr>
<tr>
<td class="left">Besondere Merkmale</td>
<td>mit Seitenstreifen und Stehkragen</td>
</tr>
</tbody>
</table>
