{"id":80760,"date":"2023-12-14T01:37:37","date_gmt":"2023-12-14T00:37:37","guid":{"rendered":"https:\/\/www.soanam.de\/?post_type=product&#038;p=80760"},"modified":"2023-12-14T01:39:59","modified_gmt":"2023-12-14T00:39:59","slug":"pia-deges-basteln-mit-natur-bound-edition-german-2016","status":"publish","type":"product","link":"https:\/\/www.soanam.de\/pl\/produkt\/pia-deges-basteln-mit-natur-gebundene-ausgabe-deutsch-2016\/","title":{"rendered":"Pia Deges \" Basteln mit Natur \" wydanie w twardej oprawie, j\u0119zyk niemiecki, 2016"},"content":{"rendered":"<h3>Opis produktu<\/h3>\n<p>Kolorowe, kreatywne pomys\u0142y dla dzieci<\/p>\n<p>Natura jest ogromn\u0105 skarbnic\u0105 - i mo\u017cesz si\u0119 o tym przekona\u0107 w tej kolorowej ksi\u0105\u017cce popularnej autorki Pii Deges! R\u00f3\u017cnorodne projekty rzemie\u015blnicze, takie jak fili\u017canki do kawy wykonane z \u017co\u0142\u0119dzi, dyniowi kosmici czy kwiatowe \u0142apacze s\u0142o\u0144ca, pokazuj\u0105, jak wszechstronne i zabawne mo\u017ce by\u0107 tworzenie z naturalnych materia\u0142\u00f3w.<\/p>\n<p><strong>szczeg\u00f3\u0142y<\/strong><br \/>\nOprawa: wydanie w twardej oprawie<br \/>\nLiczba stron: 128<br \/>\nZalecany wiek: 5-7 lat<br \/>\nData publikacji: 15.06.2016<br \/>\nJ\u0119zyk: niemiecki<br \/>\nISBN: 978-3-7724-7653-2<br \/>\nWydawca: Frech<br \/>\nWymiary (d\u0142.\/szer.\/wys.): 28,4\/21,5\/1,7 cm<br \/>\nWaga: 751 g<br \/>\nIlustracje: z licznymi ilustracjami<\/p>","protected":false},"excerpt":{"rendered":"<h3>Artikelmerkmale<\/h3>\n<p>Artikelzustand: Neu - Neues, ungelesenes, ungebrauchtes Buch in makellosem Zustand<\/p>\n<table dir=\"ltr\" border=\"1\" cellspacing=\"0\" cellpadding=\"0\">\n<colgroup>\n<col width=\"194\" \/>\n<col width=\"256\" \/><\/colgroup>\n<tbody>\n<tr>\n<td data-sheets-value=\"{&quot;1&quot;:2,&quot;2&quot;:&quot;Ausgabejahr:&quot;}\">Ausgabejahr:<\/td>\n<td data-sheets-value=\"{&quot;1&quot;:3,&quot;3&quot;:2016}\">2016<\/td>\n<\/tr>\n<tr>\n<td data-sheets-value=\"{&quot;1&quot;:2,&quot;2&quot;:&quot;Besonderheiten:&quot;}\">Funkcje specjalne:<\/td>\n<td data-sheets-value=\"{&quot;1&quot;:2,&quot;2&quot;:&quot;Illustriert&quot;}\">Illustriert<\/td>\n<\/tr>\n<tr>\n<td data-sheets-value=\"{&quot;1&quot;:2,&quot;2&quot;:&quot;EAN:&quot;}\">EAN:<\/td>\n<td data-sheets-value=\"{&quot;1&quot;:3,&quot;3&quot;:9783772476532}\">9783772476532<\/td>\n<\/tr>\n<tr>\n<td data-sheets-value=\"{&quot;1&quot;:2,&quot;2&quot;:&quot;Erscheinungsmonat:&quot;}\">Erscheinungsmonat:<\/td>\n<td data-sheets-value=\"{&quot;1&quot;:2,&quot;2&quot;:&quot;Juni&quot;}\">Juni<\/td>\n<\/tr>\n<tr>\n<td data-sheets-value=\"{&quot;1&quot;:2,&quot;2&quot;:&quot;Genre:&quot;}\">Genre:<\/td>\n<td data-sheets-value=\"{&quot;1&quot;:2,&quot;2&quot;:&quot;Basteln&quot;}\">Rzemios\u0142o<\/td>\n<\/tr>\n<tr>\n<td data-sheets-value=\"{&quot;1&quot;:2,&quot;2&quot;:&quot;ISSN:&quot;}\">ISSN:<\/td>\n<td data-sheets-value=\"{&quot;1&quot;:2,&quot;2&quot;:&quot;978-3-7724-7653-2&quot;}\">978-3-7724-7653-2<\/td>\n<\/tr>\n<tr>\n<td data-sheets-value=\"{&quot;1&quot;:2,&quot;2&quot;:&quot;Mitwirkende:&quot;}\">Mitwirkende:<\/td>\n<td data-sheets-value=\"{&quot;1&quot;:2,&quot;2&quot;:&quot;nicht zutreffend&quot;}\">nicht zutreffend<\/td>\n<\/tr>\n<tr>\n<td data-sheets-value=\"{&quot;1&quot;:2,&quot;2&quot;:&quot;Sprache:&quot;}\">Sprache:<\/td>\n<td data-sheets-value=\"{&quot;1&quot;:2,&quot;2&quot;:&quot;Deutsch&quot;}\">Niemiecki<\/td>\n<\/tr>\n<tr>\n<td data-sheets-value=\"{&quot;1&quot;:2,&quot;2&quot;:&quot;Thematik:&quot;}\">Thematik:<\/td>\n<td data-sheets-value=\"{&quot;1&quot;:2,&quot;2&quot;:&quot;Natur&quot;}\">Natura<\/td>\n<\/tr>\n<tr>\n<td data-sheets-value=\"{&quot;1&quot;:2,&quot;2&quot;:&quot;Verlag:&quot;}\">Verlag:<\/td>\n<td data-sheets-value=\"{&quot;1&quot;:2,&quot;2&quot;:&quot;Frech, Frech Verlag Gmbh&quot;}\">Frech, Frech Verlag Gmbh<\/td>\n<\/tr>\n<tr>\n<td data-sheets-value=\"{&quot;1&quot;:2,&quot;2&quot;:&quot;Zeitschriftentitel:&quot;}\">Zeitschriftentitel:<\/td>\n<td data-sheets-value=\"{&quot;1&quot;:2,&quot;2&quot;:&quot;Basteln mit Natur&quot;}\">Basteln mit Natur<\/td>\n<\/tr>\n<\/tbody>\n<\/table>","protected":false},"featured_media":80864,"comment_status":"open","ping_status":"closed","template":"","meta":{"_seopress_robots_primary_cat":"","_seopress_titles_title":"","_seopress_titles_desc":"","_seopress_robots_index":""},"product_brand":[],"product_cat":[1428,1431,1432,1435,1462],"product_tag":[],"class_list":{"0":"post-80760","1":"product","2":"type-product","3":"status-publish","4":"has-post-thumbnail","6":"product_cat-buecher","7":"product_cat-kinder","8":"product_cat-bilderbuecher","9":"product_cat-spielzeug","10":"product_cat-basteln","11":"product_shipping_class-standard-versand","13":"first","14":"instock","15":"sale","16":"taxable","17":"shipping-taxable","18":"purchasable","19":"product-type-simple"},"_links":{"self":[{"href":"https:\/\/www.soanam.de\/pl\/wp-json\/wp\/v2\/product\/80760","targetHints":{"allow":["GET"]}}],"collection":[{"href":"https:\/\/www.soanam.de\/pl\/wp-json\/wp\/v2\/product"}],"about":[{"href":"https:\/\/www.soanam.de\/pl\/wp-json\/wp\/v2\/types\/product"}],"replies":[{"embeddable":true,"href":"https:\/\/www.soanam.de\/pl\/wp-json\/wp\/v2\/comments?post=80760"}],"wp:featuredmedia":[{"embeddable":true,"href":"https:\/\/www.soanam.de\/pl\/wp-json\/wp\/v2\/media\/80864"}],"wp:attachment":[{"href":"https:\/\/www.soanam.de\/pl\/wp-json\/wp\/v2\/media?parent=80760"}],"wp:term":[{"taxonomy":"product_brand","embeddable":true,"href":"https:\/\/www.soanam.de\/pl\/wp-json\/wp\/v2\/product_brand?post=80760"},{"taxonomy":"product_cat","embeddable":true,"href":"https:\/\/www.soanam.de\/pl\/wp-json\/wp\/v2\/product_cat?post=80760"},{"taxonomy":"product_tag","embeddable":true,"href":"https:\/\/www.soanam.de\/pl\/wp-json\/wp\/v2\/product_tag?post=80760"}],"curies":[{"name":"wp","href":"https:\/\/api.w.org\/{rel}","templated":true}]}}

Pia Deges " Basteln mit Natur " wydanie w twardej oprawie, język niemiecki, 2016

<h3>Opis produktu</h3>
<p>Kolorowe, kreatywne pomysły dla dzieci</p>
<p>Natura jest ogromną skarbnicą - i możesz się o tym przekonać w tej kolorowej książce popularnej autorki Pii Deges! Różnorodne projekty rzemieślnicze, takie jak filiżanki do kawy wykonane z żołędzi, dyniowi kosmici czy kwiatowe łapacze słońca, pokazują, jak wszechstronne i zabawne może być tworzenie z naturalnych materiałów.</p>
<p><strong>szczegóły</strong><br />
Oprawa: wydanie w twardej oprawie<br />
Liczba stron: 128<br />
Zalecany wiek: 5-7 lat<br />
Data publikacji: 15.06.2016<br />
Język: niemiecki<br />
ISBN: 978-3-7724-7653-2<br />
Wydawca: Frech<br />
Wymiary (dł./szer./wys.): 28,4/21,5/1,7 cm<br />
Waga: 751 g<br />
Ilustracje: z licznymi ilustracjami</p>

<h3>Artikelmerkmale</h3>
<p>Artikelzustand: Neu - Neues, ungelesenes, ungebrauchtes Buch in makellosem Zustand</p>
<table dir="ltr" border="1" cellspacing="0" cellpadding="0">
<colgroup>
<col width="194" />
<col width="256" /></colgroup>
<tbody>
<tr>
<td data-sheets-value="{&quot;1&quot;:2,&quot;2&quot;:&quot;Ausgabejahr:&quot;}">Ausgabejahr:</td>
<td data-sheets-value="{&quot;1&quot;:3,&quot;3&quot;:2016}">2016</td>
</tr>
<tr>
<td data-sheets-value="{&quot;1&quot;:2,&quot;2&quot;:&quot;Besonderheiten:&quot;}">Funkcje specjalne:</td>
<td data-sheets-value="{&quot;1&quot;:2,&quot;2&quot;:&quot;Illustriert&quot;}">Illustriert</td>
</tr>
<tr>
<td data-sheets-value="{&quot;1&quot;:2,&quot;2&quot;:&quot;EAN:&quot;}">EAN:</td>
<td data-sheets-value="{&quot;1&quot;:3,&quot;3&quot;:9783772476532}">9783772476532</td>
</tr>
<tr>
<td data-sheets-value="{&quot;1&quot;:2,&quot;2&quot;:&quot;Erscheinungsmonat:&quot;}">Erscheinungsmonat:</td>
<td data-sheets-value="{&quot;1&quot;:2,&quot;2&quot;:&quot;Juni&quot;}">Juni</td>
</tr>
<tr>
<td data-sheets-value="{&quot;1&quot;:2,&quot;2&quot;:&quot;Genre:&quot;}">Genre:</td>
<td data-sheets-value="{&quot;1&quot;:2,&quot;2&quot;:&quot;Basteln&quot;}">Rzemiosło</td>
</tr>
<tr>
<td data-sheets-value="{&quot;1&quot;:2,&quot;2&quot;:&quot;ISSN:&quot;}">ISSN:</td>
<td data-sheets-value="{&quot;1&quot;:2,&quot;2&quot;:&quot;978-3-7724-7653-2&quot;}">978-3-7724-7653-2</td>
</tr>
<tr>
<td data-sheets-value="{&quot;1&quot;:2,&quot;2&quot;:&quot;Mitwirkende:&quot;}">Mitwirkende:</td>
<td data-sheets-value="{&quot;1&quot;:2,&quot;2&quot;:&quot;nicht zutreffend&quot;}">nicht zutreffend</td>
</tr>
<tr>
<td data-sheets-value="{&quot;1&quot;:2,&quot;2&quot;:&quot;Sprache:&quot;}">Sprache:</td>
<td data-sheets-value="{&quot;1&quot;:2,&quot;2&quot;:&quot;Deutsch&quot;}">Niemiecki</td>
</tr>
<tr>
<td data-sheets-value="{&quot;1&quot;:2,&quot;2&quot;:&quot;Thematik:&quot;}">Thematik:</td>
<td data-sheets-value="{&quot;1&quot;:2,&quot;2&quot;:&quot;Natur&quot;}">Natura</td>
</tr>
<tr>
<td data-sheets-value="{&quot;1&quot;:2,&quot;2&quot;:&quot;Verlag:&quot;}">Verlag:</td>
<td data-sheets-value="{&quot;1&quot;:2,&quot;2&quot;:&quot;Frech, Frech Verlag Gmbh&quot;}">Frech, Frech Verlag Gmbh</td>
</tr>
<tr>
<td data-sheets-value="{&quot;1&quot;:2,&quot;2&quot;:&quot;Zeitschriftentitel:&quot;}">Zeitschriftentitel:</td>
<td data-sheets-value="{&quot;1&quot;:2,&quot;2&quot;:&quot;Basteln mit Natur&quot;}">Basteln mit Natur</td>
</tr>
</tbody>
</table>
