{"id":80655,"date":"2023-12-14T01:35:19","date_gmt":"2023-12-14T00:35:19","guid":{"rendered":"https:\/\/www.soanam.de\/?post_type=product&#038;p=80655"},"modified":"2023-12-14T01:38:06","modified_gmt":"2023-12-14T00:38:06","slug":"tommy-hilfiger-bluza-z-kapturem-podstawowa-bluza-z-kapturem-podszyta-futrem-w-kolorze-granatowym-rozmiar-xl","status":"publish","type":"product","link":"https:\/\/www.soanam.de\/pl\/produkt\/tommy-hilfiger-kapuzensweatjacke-basic-fur-lined-hoodie-in-marine-groesse-xl\/","title":{"rendered":"Tommy Hilfiger bluza z kapturem BASIC FUR LINED HOODIE, kolor granatowy, rozmiar XL"},"content":{"rendered":"<p>Kurtka z kapturem z podszewk\u0105 od Tommy Hilfiger<br \/>\nProsta konstrukcja<br \/>\nRegularny kr\u00f3j \/ normalny kszta\u0142t<br \/>\nKaptur ze sznurkiem i sztucznym futrem<br \/>\nDwie boczne kieszenie ze \u015bci\u0105gaczem<br \/>\nHaft flagi z logo<br \/>\nWykonane z czystej bawe\u0142ny organicznej<br \/>\nWyko\u0144czenia r\u0119kaw\u00f3w, pasa, kieszeni i kaptura w typowych dla Hilfigera kolorach<\/p>\n<p>Bluza z kapturem Tommy Hilfiger to podstawa, bez kt\u00f3rej nie powinna si\u0119 oby\u0107 \u017cadna garderoba.<br \/>\nSzeroko\u015b\u0107 kaptura mo\u017cna regulowa\u0107 za pomoc\u0105 sznurka. Dzi\u0119ki podszewce ze sztucznego futra utrzymuje g\u0142ow\u0119 i uszy w cieple.<br \/>\nReszta jest r\u00f3wnie\u017c wy\u0142o\u017cona przytuln\u0105, mi\u0119kk\u0105 podszewk\u0105, a rozci\u0119te kieszenie pozwalaj\u0105 bezpiecznie schowa\u0107 smartfon lub drobne.<br \/>\nBawe\u0142na sprawia, \u017ce bluza jest lekka, szybkoschn\u0105ca i reguluje temperatur\u0119.<\/p>\n<p>Materia\u0142: materia\u0142 zewn\u0119trzny: bawe\u0142na 100%, sztuczne futro: poliester 100%<br \/>\nWskaz\u00f3wki dotycz\u0105ce piel\u0119gnacji: Pra\u0107 w pralce<\/p>\n<p>Kolor: pustynne niebo<br \/>\nWz\u00f3r: bez<br \/>\nRozmiar: XL<\/p>\n<p>Szeroko\u015b\u0107 ramion: 53 cm<br \/>\nSzeroko\u015b\u0107 klatki piersiowej: 122 cm<br \/>\nD\u0142ugo\u015b\u0107 r\u0119kawa: 66 cm<br \/>\nCa\u0142kowita d\u0142ugo\u015b\u0107: 72 cm<\/p>","protected":false},"excerpt":{"rendered":"<table class=\"dv_characteristicsTable\">\n<tbody>\n<tr>\n<td class=\"left\">Rozmiar<\/td>\n<td>XL<\/td>\n<\/tr>\n<tr>\n<td class=\"left\">Gr\u00f6\u00dfentyp<\/td>\n<td>Normalgr\u00f6\u00dfen<\/td>\n<\/tr>\n<tr>\n<td class=\"left\">Sk\u0142ad materia\u0142u<\/td>\n<td>Obermaterial: 100% Baumwolle, Pelzimitat: 100% Polyester<\/td>\n<\/tr>\n<tr>\n<td class=\"left\">Materialart<\/td>\n<td>Sweatware<\/td>\n<\/tr>\n<tr>\n<td class=\"left\">Instrukcje dotycz\u0105ce piel\u0119gnacji<\/td>\n<td>Pranie w pralce<\/td>\n<\/tr>\n<tr>\n<td class=\"left\">Stil<\/td>\n<td>casual<\/td>\n<\/tr>\n<tr>\n<td class=\"left\">Herstellerfarbbezeichnung<\/td>\n<td>desert sky<\/td>\n<\/tr>\n<tr>\n<td class=\"left\">Kolor<\/td>\n<td>morski<\/td>\n<\/tr>\n<tr>\n<td class=\"left\">\u00c4rmel<\/td>\n<td>D\u0142ugi r\u0119kaw<\/td>\n<\/tr>\n<tr>\n<td class=\"left\">Dopasowanie<\/td>\n<td>normal<\/td>\n<\/tr>\n<tr>\n<td class=\"left\">Kaptur<\/td>\n<td>mit Kapuze<\/td>\n<\/tr>\n<tr>\n<td class=\"left\">Kapuzendetails<\/td>\n<td>mit Kordelzug<\/td>\n<\/tr>\n<tr>\n<td class=\"left\">F\u00fctterung<\/td>\n<td>Fellimitat<\/td>\n<\/tr>\n<tr>\n<td class=\"left\">Torby<\/td>\n<td>Kieszenie<\/td>\n<\/tr>\n<tr>\n<td class=\"left\">Verschluss<\/td>\n<td>Zamek b\u0142yskawiczny<\/td>\n<\/tr>\n<\/tbody>\n<\/table>","protected":false},"featured_media":80784,"comment_status":"open","ping_status":"closed","template":"","meta":{"_seopress_robots_primary_cat":"","_seopress_titles_title":"","_seopress_titles_desc":"","_seopress_robots_index":""},"product_brand":[],"product_cat":[1345,1363,1365,1371,1572],"product_tag":[],"class_list":{"0":"post-80655","1":"product","2":"type-product","3":"status-publish","4":"has-post-thumbnail","6":"product_cat-herrenmode","7":"product_cat-jacken-maentel-herrenmode","8":"product_cat-sportbekleidung","9":"product_cat-jacken","10":"product_cat-blousons-sommerjacken","11":"product_shipping_class-standard-versand","13":"first","14":"instock","15":"sale","16":"taxable","17":"shipping-taxable","18":"purchasable","19":"product-type-simple"},"_links":{"self":[{"href":"https:\/\/www.soanam.de\/pl\/wp-json\/wp\/v2\/product\/80655","targetHints":{"allow":["GET"]}}],"collection":[{"href":"https:\/\/www.soanam.de\/pl\/wp-json\/wp\/v2\/product"}],"about":[{"href":"https:\/\/www.soanam.de\/pl\/wp-json\/wp\/v2\/types\/product"}],"replies":[{"embeddable":true,"href":"https:\/\/www.soanam.de\/pl\/wp-json\/wp\/v2\/comments?post=80655"}],"wp:featuredmedia":[{"embeddable":true,"href":"https:\/\/www.soanam.de\/pl\/wp-json\/wp\/v2\/media\/80784"}],"wp:attachment":[{"href":"https:\/\/www.soanam.de\/pl\/wp-json\/wp\/v2\/media?parent=80655"}],"wp:term":[{"taxonomy":"product_brand","embeddable":true,"href":"https:\/\/www.soanam.de\/pl\/wp-json\/wp\/v2\/product_brand?post=80655"},{"taxonomy":"product_cat","embeddable":true,"href":"https:\/\/www.soanam.de\/pl\/wp-json\/wp\/v2\/product_cat?post=80655"},{"taxonomy":"product_tag","embeddable":true,"href":"https:\/\/www.soanam.de\/pl\/wp-json\/wp\/v2\/product_tag?post=80655"}],"curies":[{"name":"wp","href":"https:\/\/api.w.org\/{rel}","templated":true}]}}

<p>Kurtka z kapturem z podszewką od Tommy Hilfiger<br />
Prosta konstrukcja<br />
Regularny krój / normalny kształt<br />
Kaptur ze sznurkiem i sztucznym futrem<br />
Dwie boczne kieszenie ze ściągaczem<br />
Haft flagi z logo<br />
Wykonane z czystej bawełny organicznej<br />
Wykończenia rękawów, pasa, kieszeni i kaptura w typowych dla Hilfigera kolorach</p>
<p>Bluza z kapturem Tommy Hilfiger to podstawa, bez której nie powinna się obyć żadna garderoba.<br />
Szerokość kaptura można regulować za pomocą sznurka. Dzięki podszewce ze sztucznego futra utrzymuje głowę i uszy w cieple.<br />
Reszta jest również wyłożona przytulną, miękką podszewką, a rozcięte kieszenie pozwalają bezpiecznie schować smartfon lub drobne.<br />
Bawełna sprawia, że bluza jest lekka, szybkoschnąca i reguluje temperaturę.</p>
<p>Materiał: materiał zewnętrzny: bawełna 100%, sztuczne futro: poliester 100%<br />
Wskazówki dotyczące pielęgnacji: Prać w pralce</p>
<p>Kolor: pustynne niebo<br />
Wzór: bez<br />
Rozmiar: XL</p>
<p>Szerokość ramion: 53 cm<br />
Szerokość klatki piersiowej: 122 cm<br />
Długość rękawa: 66 cm<br />
Całkowita długość: 72 cm</p>

<table class="dv_characteristicsTable">
<tbody>
<tr>
<td class="left">Rozmiar</td>
<td>XL</td>
</tr>
<tr>
<td class="left">Größentyp</td>
<td>Normalgrößen</td>
</tr>
<tr>
<td class="left">Skład materiału</td>
<td>Obermaterial: 100% Baumwolle, Pelzimitat: 100% Polyester</td>
</tr>
<tr>
<td class="left">Materialart</td>
<td>Sweatware</td>
</tr>
<tr>
<td class="left">Instrukcje dotyczące pielęgnacji</td>
<td>Pranie w pralce</td>
</tr>
<tr>
<td class="left">Stil</td>
<td>casual</td>
</tr>
<tr>
<td class="left">Herstellerfarbbezeichnung</td>
<td>desert sky</td>
</tr>
<tr>
<td class="left">Kolor</td>
<td>morski</td>
</tr>
<tr>
<td class="left">Ärmel</td>
<td>Długi rękaw</td>
</tr>
<tr>
<td class="left">Dopasowanie</td>
<td>normal</td>
</tr>
<tr>
<td class="left">Kaptur</td>
<td>mit Kapuze</td>
</tr>
<tr>
<td class="left">Kapuzendetails</td>
<td>mit Kordelzug</td>
</tr>
<tr>
<td class="left">Fütterung</td>
<td>Fellimitat</td>
</tr>
<tr>
<td class="left">Torby</td>
<td>Kieszenie</td>
</tr>
<tr>
<td class="left">Verschluss</td>
<td>Zamek błyskawiczny</td>
</tr>
</tbody>
</table>
